{"id":58,"date":"2021-01-12T14:52:09","date_gmt":"2021-01-12T14:52:09","guid":{"rendered":"https:\/\/www.ifop.cl\/programa-camaron-choapa\/?page_id=58"},"modified":"2025-09-29T09:50:41","modified_gmt":"2025-09-29T12:50:41","slug":"links-de-interes","status":"publish","type":"page","link":"https:\/\/www.ifop.cl\/programa-camaron-choapa\/colaboradores\/links-de-interes\/","title":{"rendered":"Links de inter\u00e9s"},"content":{"rendered":"<div class=\"row\">\n<div class=\"col-md-2\"><a href=\"http:\/\/www.ifop.cl\/programa-camaron-choapa\/wp-content\/uploads\/sites\/24\/2021\/07\/gore_coquimbo.png\" rel=\"58\"><img decoding=\"async\" src=\"http:\/\/www.ifop.cl\/programa-camaron-choapa\/wp-content\/uploads\/sites\/24\/2021\/07\/gore_coquimbo.png\" alt=\"\" width=\"100\" class=\"alignleft size-thumbnail wp-image-336\" \/><\/a><\/div>\n<div class=\"col-md-10\">\n<h3>Gobierno Regional de Coquimbo<\/h3>\n<p><a href=\"https:\/\/www.gorecoquimbo.cl\/\" target=\"_blank\" rel=\"noopener\">gorecoquimbo.cl<\/a><\/div>\n<\/div>\n<hr>\n<div class=\"row\">\n<div class=\"col-md-2\"><img decoding=\"async\" class=\"alignleft size-thumbnail wp-image-336\" src=\"http:\/\/www.ifop.cl\/programa-camaron-choapa\/wp-content\/uploads\/sites\/24\/2021\/07\/LOGOTIPO-IFOP_vertical.png\" alt=\"\" width=\"100\" \/><\/div>\n<div class=\"col-md-10\">\n<h3>Instituto de Fomento Pesquero<\/h3>\n<p>\t\t<a href=\"https:\/\/www.ifop.cl\/\" target=\"_blank\" rel=\"noopener\">ifop.cl<\/a>\n\t<\/div>\n<\/div>\n<hr \/>\n<div class=\"row\">\n<div class=\"col-md-2\"><a href=\"https:\/\/www.ifop.cl\/programa-camaron-choapa\/wp-content\/uploads\/sites\/24\/2021\/01\/UCN.jpg\" rel=\"58\"><img decoding=\"async\" class=\"alignleft size-thumbnail wp-image-336\" src=\"https:\/\/www.ifop.cl\/programa-camaron-choapa\/wp-content\/uploads\/sites\/24\/2021\/01\/UCN-150x150.jpg\" alt=\"\" width=\"100\"  \/><\/a><\/div>\n<div class=\"col-md-10\">\n<h3>Universidad Cat\u00f3lica del Norte<\/h3>\n<p>\t\t<a href=\"https:\/\/www.ucn.cl\/\" target=\"_blank\" rel=\"noopener\">ucn.cl<\/a>\n\t<\/div>\n<\/div>\n<hr \/>\n<div class=\"row\">\n<div class=\"col-md-2\"><a href=\"https:\/\/www.ifop.cl\/programa-camaron-choapa\/wp-content\/uploads\/sites\/24\/2021\/01\/cesso.jpg\" rel=\"58\"><img decoding=\"async\" class=\"alignleft size-thumbnail wp-image-336\" src=\"https:\/\/www.ifop.cl\/programa-camaron-choapa\/wp-content\/uploads\/sites\/24\/2021\/01\/cesso-300x242.jpg\" alt=\"\" width=\"100\" \/><\/a><\/div>\n<div class=\"col-md-10\">\n<h3>Centro de Estudios de Sistemas Sociales \u2013 CESSO<\/h3>\n<p>\t\t<a href=\"http:\/\/www.cesso.net\/chile\/\" target=\"_blank\" rel=\"noopener\">cesso.net\/chile\/<\/a>\n\t<\/div>\n<\/div>\n<hr \/>\n<div class=\"row\">\n<div class=\"col-md-2\"><img decoding=\"async\" width=\"100px\" src=\"http:\/\/www.ifop.cl\/programa-camaron-choapa\/wp-content\/uploads\/sites\/24\/2021\/01\/G_choapa-150x150.jpg\" alt=\"\"><\/div>\n<div class=\"col-md-10\">\n<h3>Gobernaci\u00f3n Provincial del Choapa<\/h3>\n<p><a href=\"http:\/\/www.gobernacionchoapa.gov.cl\/\" target=\"_blank\" rel=\"noopener\">gobernacionchoapa.gov.cl<\/a><\/div>\n<\/div>\n<hr>\n<div class=\"row\">\n<div class=\"col-md-2\"><img decoding=\"async\" width=\"100px\" src=\"http:\/\/www.ifop.cl\/programa-camaron-choapa\/wp-content\/uploads\/sites\/24\/2021\/01\/muni_illapel.jpg\" alt=\"\"><\/div>\n<div class=\"col-md-10\">\n<h3>Ilustre Municipalidad de Illapel<\/h3>\n<p><a href=\"https:\/\/municipalidadillapel.cl\/pagina-de-ejemplo\/\" target=\"_blank\" rel=\"noopener\">municipalidadillapel.cl<\/a><\/div>\n<\/div>\n<hr>\n<div class=\"row\">\n<div class=\"col-md-2\"><img decoding=\"async\" width=\"100px\" src=\"http:\/\/www.ifop.cl\/programa-camaron-choapa\/wp-content\/uploads\/sites\/24\/2021\/05\/munisalamanca.jpg\" alt=\"\"><\/div>\n<div class=\"col-md-10\">\n<h3>Ilustre Municipalidad de Salamanca<\/h3>\n<p><a href=\"http:\/\/www.salamanca.cl\/\" target=\"_blank\" rel=\"noopener\">salamanca.cl<\/a><\/div>\n<\/div>\n<hr>\n<div class=\"row\">\n<div class=\"col-md-2\"><img decoding=\"async\" style=\"background-color: red;\" width=\"100px\" src=\"https:\/\/canela.cl\/nuevo\/wp-content\/uploads\/2020\/03\/logoCanelaAlternativo2.png\" alt=\"\"><\/div>\n<div class=\"col-md-10\">\n<h3>Ilustre Municipalidad de Canela<\/h3>\n<p><a href=\"https:\/\/canela.cl\/nuevo\/\" target=\"_blank\" rel=\"noopener\">canela.cl<\/a><\/div>\n<\/div>\n<hr>\n<div class=\"row\">\n<div class=\"col-md-2\"><img decoding=\"async\" width=\"100px\" src=\"http:\/\/www.ifop.cl\/programa-camaron-choapa\/wp-content\/uploads\/sites\/24\/2021\/05\/munilosvilos.png\" alt=\"\"><\/div>\n<div class=\"col-md-10\">\n<h3>Ilustre Municipalidad de Los Vilos<\/h3>\n<p><a href=\"https:\/\/www.munilosvilos.cl\/\" target=\"_blank\" rel=\"noopener\">munilosvilos.cl<\/a><\/div>\n<\/div>\n<hr>\n<div class=\"row\">\n<div class=\"col-md-2\"><img decoding=\"async\" width=\"100px\" src=\"http:\/\/www.ifop.cl\/programa-camaron-choapa\/wp-content\/uploads\/sites\/24\/2021\/05\/DGA.jpg\" alt=\"\"><\/div>\n<div class=\"col-md-10\">\n<h3>Direcci\u00f3n General de Aguas (DGA)<\/h3>\n<p><a href=\"https:\/\/dga.mop.gob.cl\/acercadeladga\/Paginas\/default.aspx\" target=\"_blank\" rel=\"noopener\">dga.mop.gob.cl<\/a><\/div>\n<\/div>\n<hr>\n<div class=\"row\">\n<div class=\"col-md-2\"><img decoding=\"async\" width=\"100px\" src=\"http:\/\/www.ifop.cl\/programa-camaron-choapa\/wp-content\/uploads\/sites\/24\/2021\/05\/DOH.png\" alt=\"\"><\/div>\n<div class=\"col-md-10\">\n<h3>Direcci\u00f3n Obras Hidr\u00e1ulicas<\/h3>\n<p><a href=\"https:\/\/www.doh.cl\/\" target=\"_blank\" rel=\"noopener\">doh.cl<\/a><\/div>\n<\/div>\n<hr>\n<div class=\"row\">\n<div class=\"col-md-2\"><img decoding=\"async\" width=\"100px\" src=\"http:\/\/www.ifop.cl\/programa-camaron-choapa\/wp-content\/uploads\/sites\/24\/2021\/05\/jvchoapa.jpg\" alt=\"\"><\/div>\n<div class=\"col-md-10\">\n<h3>Junta de Vigilancia Rio Choapa<\/h3>\n<p><a href=\"https:\/\/www.jvriochoapa.cl\/\" target=\"_blank\" rel=\"noopener\">jvriochoapa.cl<\/a><\/div>\n<\/div>\n<hr>\n<div class=\"row\">\n<div class=\"col-md-2\"><img decoding=\"async\" width=\"100px\" src=\"https:\/\/upload.wikimedia.org\/wikipedia\/commons\/c\/cb\/MmaChile.png\" alt=\"\"><\/div>\n<div class=\"col-md-10\">\n<h3>Ministerio del Medio Ambiente<\/h3>\n<p><a href=\"https:\/\/mma.gob.cl\/\" target=\"_blank\" rel=\"noopener\">mma.gob.cl<\/a><\/div>\n<\/div>\n<hr>\n<div class=\"row\">\n<div class=\"col-md-2\"><img decoding=\"async\" width=\"100px\" src=\"https:\/\/upload.wikimedia.org\/wikipedia\/commons\/8\/84\/LogoSUBPESCA.png\" alt=\"\"><\/div>\n<div class=\"col-md-10\">\n<h3>Subsecretar\u00eda de Pesca y Acuicultura <\/h3>\n<p><a href=\"https:\/\/subpesca.cl\/\" target=\"_blank\" rel=\"noopener\">subpesca.cl<\/a><\/div>\n<\/div>\n<hr>\n<div class=\"row\">\n<div class=\"col-md-2\"><img decoding=\"async\" width=\"100px\" src=\"https:\/\/upload.wikimedia.org\/wikipedia\/commons\/7\/76\/Sernapesca.png\" alt=\"\"><\/div>\n<div class=\"col-md-10\">\n<h3>Servicio Nacional de Pesca y Acuicultura<\/h3>\n<p><a href=\"https:\/\/sernapesca.cl\/\" target=\"_blank\" rel=\"noopener\">sernapesca.cl<\/a><\/div>\n<\/div>\n<hr>\n","protected":false},"excerpt":{"rendered":"<p>Gobierno Regional de Coquimbo gorecoquimbo.cl Instituto de Fomento Pesquero ifop.cl Universidad Cat\u00f3lica del Norte ucn.cl Centro de Estudios de Sistemas Sociales \u2013 CESSO cesso.net\/chile\/ Gobernaci\u00f3n Provincial del Choapa gobernacionchoapa.gov.cl Ilustre Municipalidad de Illapel municipalidadillapel.cl Ilustre Municipalidad de Salamanca salamanca.cl Ilustre Municipalidad de Canela canela.cl Ilustre Municipalidad de Los Vilos munilosvilos.cl Direcci\u00f3n General de Aguas (DGA) dga.mop.gob.cl Direcci\u00f3n Obras Hidr\u00e1ulicas doh.cl Junta de Vigilancia Rio Choapa jvriochoapa.cl Ministerio del Medio Ambiente mma.gob.cl Subsecretar\u00eda de Pesca y Acuicultura subpesca.cl Servicio Nacional de Pesca y Acuicultura sernapesca.cl<\/p>\n","protected":false},"author":1,"featured_media":0,"parent":16,"menu_order":4,"comment_status":"closed","ping_status":"closed","template":"plantilla-minisitio_contenido.php","meta":{"footnotes":""},"class_list":["post-58","page","type-page","status-publish","hentry"],"_links":{"self":[{"href":"https:\/\/www.ifop.cl\/programa-camaron-choapa\/wp-json\/wp\/v2\/pages\/58"}],"collection":[{"href":"https:\/\/www.ifop.cl\/programa-camaron-choapa\/wp-json\/wp\/v2\/pages"}],"about":[{"href":"https:\/\/www.ifop.cl\/programa-camaron-choapa\/wp-json\/wp\/v2\/types\/page"}],"author":[{"embeddable":true,"href":"https:\/\/www.ifop.cl\/programa-camaron-choapa\/wp-json\/wp\/v2\/users\/1"}],"replies":[{"embeddable":true,"href":"https:\/\/www.ifop.cl\/programa-camaron-choapa\/wp-json\/wp\/v2\/comments?post=58"}],"version-history":[{"count":40,"href":"https:\/\/www.ifop.cl\/programa-camaron-choapa\/wp-json\/wp\/v2\/pages\/58\/revisions"}],"predecessor-version":[{"id":406,"href":"https:\/\/www.ifop.cl\/programa-camaron-choapa\/wp-json\/wp\/v2\/pages\/58\/revisions\/406"}],"up":[{"embeddable":true,"href":"https:\/\/www.ifop.cl\/programa-camaron-choapa\/wp-json\/wp\/v2\/pages\/16"}],"wp:attachment":[{"href":"https:\/\/www.ifop.cl\/programa-camaron-choapa\/wp-json\/wp\/v2\/media?parent=58"}],"curies":[{"name":"wp","href":"https:\/\/api.w.org\/{rel}","templated":true}]}}