{"id":40,"date":"2021-01-12T12:51:21","date_gmt":"2021-01-12T12:51:21","guid":{"rendered":"https:\/\/www.ifop.cl\/programa-camaron-choapa\/?page_id=40"},"modified":"2025-09-29T09:47:17","modified_gmt":"2025-09-29T12:47:17","slug":"gobernanza-del-programa","status":"publish","type":"page","link":"https:\/\/www.ifop.cl\/programa-camaron-choapa\/programa\/gobernanza-del-programa\/","title":{"rendered":"Gobernanza del Programa"},"content":{"rendered":"<p>Mediante gestiones del Gobierno Provincial del Choapa, se han logrado coordinar reuniones individuales con Municipalidad de Illapel, Direcci\u00f3n de Obras Hidr\u00e1ulicas, Direcci\u00f3n General de Aguas, Junta de Vigilancia del Choapa y Oficina de Desarrollo Econ\u00f3mico Local de Salamanca, lamentablemente el escenario h\u00eddrico ha hecho que las agendas de cada entidad se haga m\u00e1s apretada e imposibilita la reuni\u00f3n grupal, pero afortunadamente se han otorgado facilidades para el desarrollo y autorizaciones de las diversas actividades propuestas, su control y seguimiento.<\/p>\n<p>Destacamos las facilidades otorgadas en tr\u00e1mites y permisos de traslado por la Subsecretar\u00eda de Pesca y Acuicultura, con su sede local, la Direcci\u00f3n Zonal de Pesca de la Macrozona Regiones III y IV, adem\u00e1s del Servicio Nacional de Pesca y Acuicultura (Regi\u00f3n de Coquimbo).<\/p>\n\t\t\t\t\t\t<div class=\"gallery_box_single\">\n\t\t\t\t\t\t\t\t\t\t\t\t\t\t\t<div class=\"gallery gllr_grid\" data-gllr-columns=\"7\" data-gllr-border-width=\"5\">\n\t\t\t\t\t\t\t\t\t\t\t\t\t\t\t\t\t\t\t\t<div class=\"gllr_image_row\">\n\t\t\t\t\t\t\t\t\t\t\t\t\t\t\t\t\t\t\t\t\t<div class=\"gllr_image_block\">\n\t\t\t\t\t\t\t\t\t\t\t\t<p style=\"\n\t\t\t\t\t\t\t\t\t\t\t\t\t\t\t\t\t\t\t\t\t\t\t\t\">\n\t\t\t\t\t\t\t\t\t\t\t\t\t\t\t\t\t\t\t\t\t\t\t\t\t\t\t\t<a data-fancybox=\"gallery_fancybox_194\" href=\"https:\/\/www.ifop.cl\/programa-camaron-choapa\/wp-content\/uploads\/sites\/24\/2021\/02\/gobernanza_05-1024x768.jpg\" title=\"\" >\n\t\t\t\t\t\t\t\t\t\t\t\t\t\t\t\t<img decoding=\"async\"   style=\"  border-width: 5px; border-color:#cccccc;border: 5px solid #cccccc\" alt=\"\" title=\"\" src=\"https:\/\/www.ifop.cl\/programa-camaron-choapa\/wp-content\/uploads\/sites\/24\/2021\/02\/gobernanza_05-100x100.jpg\" rel=\"https:\/\/www.ifop.cl\/programa-camaron-choapa\/wp-content\/uploads\/sites\/24\/2021\/02\/gobernanza_05.jpg\" \/>\t\t\t\t\t\t\t\t\t\t\t\t\t\t\t<\/a>\n\t\t\t\t\t\t\t\t\t\t\t\t\t\t\t\t\t\t\t\t\t\t\t\t\t\t<\/p>\n\t\t\t\t\t\t\t\t\t\t\t\t\t\t\t\t\t\t\t\t\t\t\t<\/div><!-- .gllr_image_block -->\n\t\t\t\t\t\t\t\t\t\t\t\t\t\t\t\t\t\t\t\t\t<div class=\"gllr_image_block\">\n\t\t\t\t\t\t\t\t\t\t\t\t<p style=\"\n\t\t\t\t\t\t\t\t\t\t\t\t\t\t\t\t\t\t\t\t\t\t\t\t\">\n\t\t\t\t\t\t\t\t\t\t\t\t\t\t\t\t\t\t\t\t\t\t\t\t\t\t\t\t<a data-fancybox=\"gallery_fancybox_194\" href=\"https:\/\/www.ifop.cl\/programa-camaron-choapa\/wp-content\/uploads\/sites\/24\/2021\/02\/gobernanza_03-e1615577772671-1024x768.jpg\" title=\"\" >\n\t\t\t\t\t\t\t\t\t\t\t\t\t\t\t\t<img decoding=\"async\"   style=\"  border-width: 5px; border-color:#cccccc;border: 5px solid #cccccc\" alt=\"\" title=\"\" src=\"https:\/\/www.ifop.cl\/programa-camaron-choapa\/wp-content\/uploads\/sites\/24\/2021\/02\/gobernanza_03-e1615577772671-100x100.jpg\" rel=\"https:\/\/www.ifop.cl\/programa-camaron-choapa\/wp-content\/uploads\/sites\/24\/2021\/02\/gobernanza_03-e1615577772671.jpg\" \/>\t\t\t\t\t\t\t\t\t\t\t\t\t\t\t<\/a>\n\t\t\t\t\t\t\t\t\t\t\t\t\t\t\t\t\t\t\t\t\t\t\t\t\t\t<\/p>\n\t\t\t\t\t\t\t\t\t\t\t\t\t\t\t\t\t\t\t\t\t\t\t<\/div><!-- .gllr_image_block -->\n\t\t\t\t\t\t\t\t\t\t\t\t\t\t\t\t\t\t\t\t\t<div class=\"gllr_image_block\">\n\t\t\t\t\t\t\t\t\t\t\t\t<p style=\"\n\t\t\t\t\t\t\t\t\t\t\t\t\t\t\t\t\t\t\t\t\t\t\t\t\">\n\t\t\t\t\t\t\t\t\t\t\t\t\t\t\t\t\t\t\t\t\t\t\t\t\t\t\t\t<a data-fancybox=\"gallery_fancybox_194\" href=\"https:\/\/www.ifop.cl\/programa-camaron-choapa\/wp-content\/uploads\/sites\/24\/2021\/02\/gobernanza_02-1024x768.jpg\" title=\"\" >\n\t\t\t\t\t\t\t\t\t\t\t\t\t\t\t\t<img decoding=\"async\"   style=\"  border-width: 5px; border-color:#cccccc;border: 5px solid #cccccc\" alt=\"\" title=\"\" src=\"https:\/\/www.ifop.cl\/programa-camaron-choapa\/wp-content\/uploads\/sites\/24\/2021\/02\/gobernanza_02-100x100.jpg\" rel=\"https:\/\/www.ifop.cl\/programa-camaron-choapa\/wp-content\/uploads\/sites\/24\/2021\/02\/gobernanza_02.jpg\" \/>\t\t\t\t\t\t\t\t\t\t\t\t\t\t\t<\/a>\n\t\t\t\t\t\t\t\t\t\t\t\t\t\t\t\t\t\t\t\t\t\t\t\t\t\t<\/p>\n\t\t\t\t\t\t\t\t\t\t\t\t\t\t\t\t\t\t\t\t\t\t\t<\/div><!-- .gllr_image_block -->\n\t\t\t\t\t\t\t\t\t\t\t\t\t\t\t\t\t\t\t\t\t<div class=\"gllr_image_block\">\n\t\t\t\t\t\t\t\t\t\t\t\t<p style=\"\n\t\t\t\t\t\t\t\t\t\t\t\t\t\t\t\t\t\t\t\t\t\t\t\t\">\n\t\t\t\t\t\t\t\t\t\t\t\t\t\t\t\t\t\t\t\t\t\t\t\t\t\t\t\t<a data-fancybox=\"gallery_fancybox_194\" href=\"https:\/\/www.ifop.cl\/programa-camaron-choapa\/wp-content\/uploads\/sites\/24\/2021\/02\/gobernanza_04-1024x768.jpg\" title=\"\" >\n\t\t\t\t\t\t\t\t\t\t\t\t\t\t\t\t<img decoding=\"async\"   style=\"  border-width: 5px; border-color:#cccccc;border: 5px solid #cccccc\" alt=\"\" title=\"\" src=\"https:\/\/www.ifop.cl\/programa-camaron-choapa\/wp-content\/uploads\/sites\/24\/2021\/02\/gobernanza_04-100x100.jpg\" rel=\"https:\/\/www.ifop.cl\/programa-camaron-choapa\/wp-content\/uploads\/sites\/24\/2021\/02\/gobernanza_04.jpg\" \/>\t\t\t\t\t\t\t\t\t\t\t\t\t\t\t<\/a>\n\t\t\t\t\t\t\t\t\t\t\t\t\t\t\t\t\t\t\t\t\t\t\t\t\t\t<\/p>\n\t\t\t\t\t\t\t\t\t\t\t\t\t\t\t\t\t\t\t\t\t\t\t<\/div><!-- .gllr_image_block -->\n\t\t\t\t\t\t\t\t\t\t\t\t\t\t\t\t\t\t\t\t\t<div class=\"gllr_image_block\">\n\t\t\t\t\t\t\t\t\t\t\t\t<p style=\"\n\t\t\t\t\t\t\t\t\t\t\t\t\t\t\t\t\t\t\t\t\t\t\t\t\">\n\t\t\t\t\t\t\t\t\t\t\t\t\t\t\t\t\t\t\t\t\t\t\t\t\t\t\t\t<a data-fancybox=\"gallery_fancybox_194\" href=\"https:\/\/www.ifop.cl\/programa-camaron-choapa\/wp-content\/uploads\/sites\/24\/2021\/02\/gobernanza_01-1024x768.jpg\" title=\"\" >\n\t\t\t\t\t\t\t\t\t\t\t\t\t\t\t\t<img decoding=\"async\"   style=\"  border-width: 5px; border-color:#cccccc;border: 5px solid #cccccc\" alt=\"\" title=\"\" src=\"https:\/\/www.ifop.cl\/programa-camaron-choapa\/wp-content\/uploads\/sites\/24\/2021\/02\/gobernanza_01-100x100.jpg\" rel=\"https:\/\/www.ifop.cl\/programa-camaron-choapa\/wp-content\/uploads\/sites\/24\/2021\/02\/gobernanza_01.jpg\" \/>\t\t\t\t\t\t\t\t\t\t\t\t\t\t\t<\/a>\n\t\t\t\t\t\t\t\t\t\t\t\t\t\t\t\t\t\t\t\t\t\t\t\t\t\t<\/p>\n\t\t\t\t\t\t\t\t\t\t\t\t\t\t\t\t\t\t\t\t\t\t\t<\/div><!-- .gllr_image_block -->\n\t\t\t\t\t\t\t\t\t\t\t\t\t\t\t\t\t\t\t\t\t<div class=\"clear\"><\/div>\n\t\t\t\t\t\t\t\t\t\t<\/div><!-- .gllr_image_row -->\n\t\t\t\t\t\t\t\t\t\t\t\t\t\t\t\t\t<\/div><!-- .gallery.clearfix -->\n\t\t\t\t\t\t\t\t\t\t\t\t\t\t<\/div><!-- .gallery_box_single -->\n\t\t\t\t\t\t<div class=\"gllr_clear\"><\/div>\n\t\t\t\t\t\t\n","protected":false},"excerpt":{"rendered":"<p>Mediante gestiones del Gobierno Provincial del Choapa, se han logrado coordinar reuniones individuales con Municipalidad de Illapel, Direcci\u00f3n de Obras Hidr\u00e1ulicas, Direcci\u00f3n General de Aguas, Junta de Vigilancia del Choapa y Oficina de Desarrollo Econ\u00f3mico Local de Salamanca, lamentablemente el escenario h\u00eddrico ha hecho que las agendas de cada entidad se haga m\u00e1s apretada e imposibilita la reuni\u00f3n grupal, pero afortunadamente se han otorgado facilidades para el desarrollo y autorizaciones de las diversas actividades propuestas, su control y seguimiento. Destacamos las facilidades otorgadas en tr\u00e1mites y permisos de traslado por la Subsecretar\u00eda de Pesca y Acuicultura, con su sede local, [&hellip;]<\/p>\n","protected":false},"author":1,"featured_media":0,"parent":43,"menu_order":4,"comment_status":"closed","ping_status":"closed","template":"plantilla-minisitio_contenido.php","meta":{"footnotes":""},"class_list":["post-40","page","type-page","status-publish","hentry"],"_links":{"self":[{"href":"https:\/\/www.ifop.cl\/programa-camaron-choapa\/wp-json\/wp\/v2\/pages\/40"}],"collection":[{"href":"https:\/\/www.ifop.cl\/programa-camaron-choapa\/wp-json\/wp\/v2\/pages"}],"about":[{"href":"https:\/\/www.ifop.cl\/programa-camaron-choapa\/wp-json\/wp\/v2\/types\/page"}],"author":[{"embeddable":true,"href":"https:\/\/www.ifop.cl\/programa-camaron-choapa\/wp-json\/wp\/v2\/users\/1"}],"replies":[{"embeddable":true,"href":"https:\/\/www.ifop.cl\/programa-camaron-choapa\/wp-json\/wp\/v2\/comments?post=40"}],"version-history":[{"count":4,"href":"https:\/\/www.ifop.cl\/programa-camaron-choapa\/wp-json\/wp\/v2\/pages\/40\/revisions"}],"predecessor-version":[{"id":252,"href":"https:\/\/www.ifop.cl\/programa-camaron-choapa\/wp-json\/wp\/v2\/pages\/40\/revisions\/252"}],"up":[{"embeddable":true,"href":"https:\/\/www.ifop.cl\/programa-camaron-choapa\/wp-json\/wp\/v2\/pages\/43"}],"wp:attachment":[{"href":"https:\/\/www.ifop.cl\/programa-camaron-choapa\/wp-json\/wp\/v2\/media?parent=40"}],"curies":[{"name":"wp","href":"https:\/\/api.w.org\/{rel}","templated":true}]}}