{"id":20,"date":"2020-12-16T13:10:23","date_gmt":"2020-12-16T13:10:23","guid":{"rendered":"https:\/\/www.ifop.cl\/programa-camaron-choapa\/?page_id=20"},"modified":"2025-09-29T09:51:06","modified_gmt":"2025-09-29T12:51:06","slug":"contacto","status":"publish","type":"page","link":"https:\/\/www.ifop.cl\/programa-camaron-choapa\/contacto\/","title":{"rendered":"Contacto"},"content":{"rendered":"<div class=\"well\">\n<div class=\"row\">\n<div class=\"col-md-6\">\n<h3><i class=\"fa fa-map-marker\" aria-hidden=\"true\"><\/i> <a href=\"https:\/\/www.google.com\/maps\/place\/Dr+Mar%C3%ADn+340,+Coquimbo\/@-29.9606991,-71.3417719,17z\/data=!3m1!4b1!4m5!3m4!1s0x9691c8fc8a54c37d:0x36588f2b7fe1cc4b!8m2!3d-29.9606991!4d-71.3395832\" rel=\"noopener\" target=\"_blank\">Calle Doctor Mar\u00edn #340, Coquimbo<\/a><\/p>\n<p><i class=\"fa fa-phone\" aria-hidden=\"true\"><\/i> Tel\u00e9fono: <a href=\"tel:+56323311237\">+56323311237<\/a><\/h3>\n<p>Su opini\u00f3n es importante para nosotros, por este motivo, habilitamos este medio de comunicaci\u00f3n.<br \/>\nEs por este medio que Usted, podr\u00e1 hacernos llegar su opini\u00f3n, consultas, reclamos y felicitaciones.<br \/>\nPara la clasificaci\u00f3n de la informaci\u00f3n le pedimos rellene este sencillo formulario.<\/p>\n\n<div class=\"wpcf7 no-js\" id=\"wpcf7-f218-o1\" lang=\"es-ES\" dir=\"ltr\">\n<div class=\"screen-reader-response\"><p role=\"status\" aria-live=\"polite\" aria-atomic=\"true\"><\/p> <ul><\/ul><\/div>\n<form action=\"\/programa-camaron-choapa\/wp-json\/wp\/v2\/pages\/20#wpcf7-f218-o1\" method=\"post\" class=\"wpcf7-form init\" aria-label=\"Contact form\" novalidate=\"novalidate\" data-status=\"init\">\n<div style=\"display: none;\">\n<input type=\"hidden\" name=\"_wpcf7\" value=\"218\" \/>\n<input type=\"hidden\" name=\"_wpcf7_version\" value=\"5.9.8\" \/>\n<input type=\"hidden\" name=\"_wpcf7_locale\" value=\"es_ES\" \/>\n<input type=\"hidden\" name=\"_wpcf7_unit_tag\" value=\"wpcf7-f218-o1\" \/>\n<input type=\"hidden\" name=\"_wpcf7_container_post\" value=\"0\" \/>\n<input type=\"hidden\" name=\"_wpcf7_posted_data_hash\" value=\"\" \/>\n<\/div>\n<p><label> Nombre (requerido)<br \/>\n<span class=\"wpcf7-form-control-wrap\" data-name=\"your-name\"><input size=\"40\" maxlength=\"400\" class=\"wpcf7-form-control wpcf7-text wpcf7-validates-as-required\" aria-required=\"true\" aria-invalid=\"false\" value=\"\" type=\"text\" name=\"your-name\" \/><\/span> <\/label>\n<\/p>\n<p><label> Tu correo electr\u00f3nico (requerido)<br \/>\n<span class=\"wpcf7-form-control-wrap\" data-name=\"your-email\"><input size=\"40\" maxlength=\"400\" class=\"wpcf7-form-control wpcf7-email wpcf7-validates-as-required wpcf7-text wpcf7-validates-as-email\" aria-required=\"true\" aria-invalid=\"false\" value=\"\" type=\"email\" name=\"your-email\" \/><\/span> <\/label>\n<\/p>\n<p><label> Clasificaci\u00f3n:<br \/>\n<span class=\"wpcf7-form-control-wrap\" data-name=\"clasificacion\"><span class=\"wpcf7-form-control wpcf7-radio\"><span class=\"wpcf7-list-item first\"><label><input type=\"radio\" name=\"clasificacion\" value=\"Consulta\" checked=\"checked\" \/><span class=\"wpcf7-list-item-label\">Consulta<\/span><\/label><\/span><span class=\"wpcf7-list-item\"><label><input type=\"radio\" name=\"clasificacion\" value=\"Reclamo\" \/><span class=\"wpcf7-list-item-label\">Reclamo<\/span><\/label><\/span><span class=\"wpcf7-list-item\"><label><input type=\"radio\" name=\"clasificacion\" value=\"Felicitaci\u00f3n\" \/><span class=\"wpcf7-list-item-label\">Felicitaci\u00f3n<\/span><\/label><\/span><span class=\"wpcf7-list-item\"><label><input type=\"radio\" name=\"clasificacion\" value=\"Sugerencia\" \/><span class=\"wpcf7-list-item-label\">Sugerencia<\/span><\/label><\/span><span class=\"wpcf7-list-item last\"><label><input type=\"radio\" name=\"clasificacion\" value=\"Otro\" \/><span class=\"wpcf7-list-item-label\">Otro<\/span><\/label><\/span><\/span><\/span><\/label>\n<\/p>\n<p><label> Mensaje<br \/>\n<span class=\"wpcf7-form-control-wrap\" data-name=\"your-message\"><textarea cols=\"40\" rows=\"10\" maxlength=\"2000\" class=\"wpcf7-form-control wpcf7-textarea\" aria-invalid=\"false\" name=\"your-message\"><\/textarea><\/span> <\/label>\n<\/p>\n<p><input class=\"wpcf7-form-control wpcf7-submit has-spinner\" type=\"submit\" value=\"Enviar\" \/>\n<\/p><div class=\"wpcf7-response-output\" aria-hidden=\"true\"><\/div>\n<\/form>\n<\/div>\n<\/div>\n<div class=\"col-md-6\"><a href=\"https:\/\/www.google.com\/maps\/place\/Dr+Mar%C3%ADn+340,+Coquimbo\/@-29.9606991,-71.3417719,17z\/data=!3m1!4b1!4m5!3m4!1s0x9691c8fc8a54c37d:0x36588f2b7fe1cc4b!8m2!3d-29.9606991!4d-71.3395832\" rel=\"noopener\" target=\"_blank\" rel=\"20\"><img decoding=\"async\" src=\"http:\/\/www.ifop.cl\/programa-camaron-choapa\/wp-content\/uploads\/sites\/24\/2021\/02\/mapa.jpg\" alt=\"\" \/><\/a><\/div>\n<\/div>\n<\/div>\n","protected":false},"excerpt":{"rendered":"<p>Calle Doctor Mar\u00edn #340, Coquimbo Tel\u00e9fono: +56323311237 Su opini\u00f3n es importante para nosotros, por este motivo, habilitamos este medio de comunicaci\u00f3n. Es por este medio que Usted, podr\u00e1 hacernos llegar su opini\u00f3n, consultas, reclamos y felicitaciones. Para la clasificaci\u00f3n de la informaci\u00f3n le pedimos rellene este sencillo formulario.<\/p>\n","protected":false},"author":1,"featured_media":0,"parent":0,"menu_order":0,"comment_status":"closed","ping_status":"closed","template":"plantilla-minisitio_contenido.php","meta":{"footnotes":""},"class_list":["post-20","page","type-page","status-publish","hentry"],"_links":{"self":[{"href":"https:\/\/www.ifop.cl\/programa-camaron-choapa\/wp-json\/wp\/v2\/pages\/20"}],"collection":[{"href":"https:\/\/www.ifop.cl\/programa-camaron-choapa\/wp-json\/wp\/v2\/pages"}],"about":[{"href":"https:\/\/www.ifop.cl\/programa-camaron-choapa\/wp-json\/wp\/v2\/types\/page"}],"author":[{"embeddable":true,"href":"https:\/\/www.ifop.cl\/programa-camaron-choapa\/wp-json\/wp\/v2\/users\/1"}],"replies":[{"embeddable":true,"href":"https:\/\/www.ifop.cl\/programa-camaron-choapa\/wp-json\/wp\/v2\/comments?post=20"}],"version-history":[{"count":11,"href":"https:\/\/www.ifop.cl\/programa-camaron-choapa\/wp-json\/wp\/v2\/pages\/20\/revisions"}],"predecessor-version":[{"id":225,"href":"https:\/\/www.ifop.cl\/programa-camaron-choapa\/wp-json\/wp\/v2\/pages\/20\/revisions\/225"}],"wp:attachment":[{"href":"https:\/\/www.ifop.cl\/programa-camaron-choapa\/wp-json\/wp\/v2\/media?parent=20"}],"curies":[{"name":"wp","href":"https:\/\/api.w.org\/{rel}","templated":true}]}}