{"id":14,"date":"2020-12-16T13:09:35","date_gmt":"2020-12-16T13:09:35","guid":{"rendered":"https:\/\/www.ifop.cl\/programa-camaron-choapa\/?page_id=14"},"modified":"2025-09-29T09:47:57","modified_gmt":"2025-09-29T12:47:57","slug":"equipo-de-trabajo","status":"publish","type":"page","link":"https:\/\/www.ifop.cl\/programa-camaron-choapa\/equipo-de-trabajo\/","title":{"rendered":"Equipo de trabajo"},"content":{"rendered":"<h3>Equipo IFOP<\/h3>\n<p>Su funci\u00f3n principal es la coordinaci\u00f3n general del Programa, y la ejecuci\u00f3n de las actividades de caracterizaci\u00f3n y monitoreo ambiental del r\u00edo Choapa, recopilaci\u00f3n del conocimiento tradicional sobre la pesquer\u00eda y ecolog\u00eda del camar\u00f3n, selecci\u00f3n de sitios aptos y monitoreo de la repoblaci\u00f3n, modelaci\u00f3n bio-econ\u00f3mica de la pesquer\u00eda y repoblaci\u00f3n, desarrollo de una propuesta de formalizaci\u00f3n de la pesquer\u00eda y de un plan de manejo pesquero e integrado para el camar\u00f3n en la cuenca del r\u00edo Choapa.<\/p>\n<p> &nbsp; <\/p>\n<div class=\"row bg-info\">\n<a href=\"http:\/\/www.ifop.cl\/programa-camaron-choapa\/wp-content\/uploads\/sites\/24\/2021\/02\/dalsanto_cid.jpg\" rel=\"14\"><img loading=\"lazy\" decoding=\"async\" class=\"alignleft wp-image-138 size-thumbnail\" src=\"http:\/\/www.ifop.cl\/programa-camaron-choapa\/wp-content\/uploads\/sites\/24\/2021\/02\/dalsanto_cid-150x150.jpg\" alt=\"\" width=\"150\" height=\"150\" srcset=\"https:\/\/www.ifop.cl\/programa-camaron-choapa\/wp-content\/uploads\/sites\/24\/2021\/02\/dalsanto_cid-150x150.jpg 150w, https:\/\/www.ifop.cl\/programa-camaron-choapa\/wp-content\/uploads\/sites\/24\/2021\/02\/dalsanto_cid-70x70.jpg 70w, https:\/\/www.ifop.cl\/programa-camaron-choapa\/wp-content\/uploads\/sites\/24\/2021\/02\/dalsanto_cid-100x100.jpg 100w\" sizes=\"(max-width: 150px) 100vw, 150px\" \/><\/a><strong>Alejandro Dal Santo Cid<\/strong><br \/>\n<a href=\"mailto:alejandro.dalsanto@ifop.cl\">alejandro.dalsanto@ifop.cl<\/a><\/p>\n<p>Bi\u00f3logo Marino de la UCN, actualmente es Jefe Administrativo de la Base Coquimbo de IFOP, adem\u00e1s de ser el Jefe de Proyecto del Programa Camar\u00f3n.<\/p>\n<\/div>\n<div class=\"row\">\n<a href=\"http:\/\/www.ifop.cl\/programa-camaron-choapa\/wp-content\/uploads\/sites\/24\/2021\/02\/carcamo_vargas.jpg\" rel=\"14\"><img loading=\"lazy\" decoding=\"async\" class=\"alignleft wp-image-137 size-full\" src=\"http:\/\/www.ifop.cl\/programa-camaron-choapa\/wp-content\/uploads\/sites\/24\/2021\/02\/carcamo_vargas.jpg\" alt=\"\" width=\"150\" height=\"150\" srcset=\"https:\/\/www.ifop.cl\/programa-camaron-choapa\/wp-content\/uploads\/sites\/24\/2021\/02\/carcamo_vargas.jpg 150w, https:\/\/www.ifop.cl\/programa-camaron-choapa\/wp-content\/uploads\/sites\/24\/2021\/02\/carcamo_vargas-70x70.jpg 70w, https:\/\/www.ifop.cl\/programa-camaron-choapa\/wp-content\/uploads\/sites\/24\/2021\/02\/carcamo_vargas-100x100.jpg 100w\" sizes=\"(max-width: 150px) 100vw, 150px\" \/><\/a><strong>Francisco C\u00e1rcamo Vargas<\/strong><br \/>\n<a href=\"mailto:francisco.carcamo@ifop.cl\">francisco.carcamo@ifop.cl<\/a><\/p>\n<p>Bi\u00f3logo Marino y Doctor en Biolog\u00eda y Ecolog\u00eda Aplicada, investigador y jefe del Departamento de Repoblaci\u00f3n y Cultivo desde el a\u00f1o 2015. Ha liderado y participado en diversas investigaciones sobre diversas tem\u00e1ticas de las ciencias marinas incluyendo desarrollo de acuicultura de especies nativas, repoblaci\u00f3n de recursos hidrobiol\u00f3gicos, impacto ambiental de la acuicultura, planificaci\u00f3n de la conservaci\u00f3n marina, sistemas socio-ecol\u00f3gicos en zonas costeras, servicios ecosist\u00e9micos, entre otros.<\/p>\n<\/div>\n<div class=\"row bg-info\">\n<strong><a href=\"http:\/\/www.ifop.cl\/programa-camaron-choapa\/wp-content\/uploads\/sites\/24\/2021\/02\/velasquez_gallardo.jpg\" rel=\"14\"><img loading=\"lazy\" decoding=\"async\" class=\"alignleft wp-image-141 size-thumbnail\" src=\"http:\/\/www.ifop.cl\/programa-camaron-choapa\/wp-content\/uploads\/sites\/24\/2021\/02\/velasquez_gallardo-150x150.jpg\" alt=\"\" width=\"150\" height=\"150\" srcset=\"https:\/\/www.ifop.cl\/programa-camaron-choapa\/wp-content\/uploads\/sites\/24\/2021\/02\/velasquez_gallardo-150x150.jpg 150w, https:\/\/www.ifop.cl\/programa-camaron-choapa\/wp-content\/uploads\/sites\/24\/2021\/02\/velasquez_gallardo-70x70.jpg 70w, https:\/\/www.ifop.cl\/programa-camaron-choapa\/wp-content\/uploads\/sites\/24\/2021\/02\/velasquez_gallardo-100x100.jpg 100w\" sizes=\"(max-width: 150px) 100vw, 150px\" \/><\/a>Carlos Vel\u00e1squez Gallardo<\/strong><br \/>\n<a href=\"mailto:carlos.velasquez@ifop.cl\">carlos.velasquez@ifop.cl<\/a><\/p>\n<p>Bi\u00f3logo Marino y Mag\u00edster en Recursos H\u00eddricos de la Universidad Austral de Chile, investigador del Departamento de Repoblaci\u00f3n y Cultivo, sede Coquimbo. Especialista en conservaci\u00f3n y gesti\u00f3n de la biodiversidad en ecosistemas acu\u00e1ticos. Actualmente encargado de la ejecuci\u00f3n t\u00e9cnica del programa.<\/p>\n<\/div>\n<div class=\"row\">\n<a href=\"http:\/\/www.ifop.cl\/programa-camaron-choapa\/wp-content\/uploads\/sites\/24\/2021\/02\/Luis-Henr\u00edquez-Antipa.jpg\" rel=\"14\"><img loading=\"lazy\" decoding=\"async\" class=\"alignleft wp-image-139 size-thumbnail\" src=\"http:\/\/www.ifop.cl\/programa-camaron-choapa\/wp-content\/uploads\/sites\/24\/2021\/02\/Luis-Henr\u00edquez-Antipa-150x150.jpg\" alt=\"\" width=\"150\" height=\"150\" srcset=\"https:\/\/www.ifop.cl\/programa-camaron-choapa\/wp-content\/uploads\/sites\/24\/2021\/02\/Luis-Henr\u00edquez-Antipa-150x150.jpg 150w, https:\/\/www.ifop.cl\/programa-camaron-choapa\/wp-content\/uploads\/sites\/24\/2021\/02\/Luis-Henr\u00edquez-Antipa-70x70.jpg 70w, https:\/\/www.ifop.cl\/programa-camaron-choapa\/wp-content\/uploads\/sites\/24\/2021\/02\/Luis-Henr\u00edquez-Antipa-100x100.jpg 100w\" sizes=\"(max-width: 150px) 100vw, 150px\" \/><\/a><strong>Luis Henr\u00edquez Antipa<\/strong><br \/>\n<a href=\"mailto:luis.henriquez@ifop.cl\">luis.henriquez@ifop.cl<\/a><\/p>\n<p>Bi\u00f3logo Marino de la Universidad de Los Lagos, Chile, PhD en Life Sciences, del Institute for Marine and Antarctic Studies (IMAS) de la Universidad de Tasmania, Australia. Experiencia en proyectos de investigaci\u00f3n sobre manejo y cultivo de recursos algales, indicadores y mitigaci\u00f3n de impacto ambiental en ecosistemas costeros.<\/p>\n<\/div>\n<div class=\"row bg-info\"><a href=\"http:\/\/www.ifop.cl\/programa-camaron-choapa\/wp-content\/uploads\/sites\/24\/2021\/02\/denise.jpg\" rel=\"14\"><img loading=\"lazy\" decoding=\"async\" class=\"alignleft size-thumbnail wp-image-226\" src=\"http:\/\/www.ifop.cl\/programa-camaron-choapa\/wp-content\/uploads\/sites\/24\/2021\/02\/denise-150x150.jpg\" alt=\"\" width=\"150\" height=\"150\" srcset=\"https:\/\/www.ifop.cl\/programa-camaron-choapa\/wp-content\/uploads\/sites\/24\/2021\/02\/denise-150x150.jpg 150w, https:\/\/www.ifop.cl\/programa-camaron-choapa\/wp-content\/uploads\/sites\/24\/2021\/02\/denise-300x300.jpg 300w, https:\/\/www.ifop.cl\/programa-camaron-choapa\/wp-content\/uploads\/sites\/24\/2021\/02\/denise-768x768.jpg 768w, https:\/\/www.ifop.cl\/programa-camaron-choapa\/wp-content\/uploads\/sites\/24\/2021\/02\/denise-70x70.jpg 70w, https:\/\/www.ifop.cl\/programa-camaron-choapa\/wp-content\/uploads\/sites\/24\/2021\/02\/denise-100x100.jpg 100w, https:\/\/www.ifop.cl\/programa-camaron-choapa\/wp-content\/uploads\/sites\/24\/2021\/02\/denise-350x350.jpg 350w, https:\/\/www.ifop.cl\/programa-camaron-choapa\/wp-content\/uploads\/sites\/24\/2021\/02\/denise.jpg 774w\" sizes=\"(max-width: 150px) 100vw, 150px\" \/><\/a><strong>Denisse Torres Avil\u00e9s<\/strong><br \/>\n<a href=\"mailto:denisse.torres@ifop.cl\">denisse.torres@ifop.cl<\/a><\/p>\n<p>Bi\u00f3loga marina egresada de la Universidad Cat\u00f3lica del Norte. Actualmente se desempa\u00f1a como investigadora del departamento de Repoblaci\u00f3n y Cultivo de la Divisi\u00f3n de Acuicultura, participando en proyectos relacionados con repoblaci\u00f3n.<\/p>\n<\/div>\n<div class=\"row\"><a href=\"http:\/\/www.ifop.cl\/programa-camaron-choapa\/wp-content\/uploads\/sites\/24\/2021\/02\/alvaro.jpg\" rel=\"14\"><img loading=\"lazy\" decoding=\"async\" class=\"alignleft size-thumbnail wp-image-229\" src=\"http:\/\/www.ifop.cl\/programa-camaron-choapa\/wp-content\/uploads\/sites\/24\/2021\/02\/alvaro-150x150.jpg\" alt=\"\" width=\"150\" height=\"150\" srcset=\"https:\/\/www.ifop.cl\/programa-camaron-choapa\/wp-content\/uploads\/sites\/24\/2021\/02\/alvaro-150x150.jpg 150w, https:\/\/www.ifop.cl\/programa-camaron-choapa\/wp-content\/uploads\/sites\/24\/2021\/02\/alvaro-70x70.jpg 70w, https:\/\/www.ifop.cl\/programa-camaron-choapa\/wp-content\/uploads\/sites\/24\/2021\/02\/alvaro-100x100.jpg 100w\" sizes=\"(max-width: 150px) 100vw, 150px\" \/><\/a><strong>\u00c1lvaro Wilson Montecino<\/strong><br \/>\n<a href=\"mailto:alvaro.wilson@ifop.cl\">alvaro.wilson@ifop.cl<\/a><\/p>\n<p>Bi\u00f3logo Marino y Licenciado en Ciencias del Mar, se desempe\u00f1a como investigador en la secci\u00f3n de \u00c1reas de Manejo; ha liderado y participado en proyectos asociados al manejo de recursos bent\u00f3nicos y de repoblaci\u00f3n de invertebrados, algas y peces, entre otros.<\/p>\n<\/div>\n<div class=\"row bg-info\"><a href=\"http:\/\/www.ifop.cl\/programa-camaron-choapa\/wp-content\/uploads\/sites\/24\/2021\/02\/yeriko.jpg\" rel=\"14\"><img loading=\"lazy\" decoding=\"async\" class=\"alignleft wp-image-144 size-thumbnail\" src=\"http:\/\/www.ifop.cl\/programa-camaron-choapa\/wp-content\/uploads\/sites\/24\/2021\/02\/yeriko-150x150.jpg\" alt=\"\" width=\"150\" height=\"150\" srcset=\"https:\/\/www.ifop.cl\/programa-camaron-choapa\/wp-content\/uploads\/sites\/24\/2021\/02\/yeriko-150x150.jpg 150w, https:\/\/www.ifop.cl\/programa-camaron-choapa\/wp-content\/uploads\/sites\/24\/2021\/02\/yeriko-70x70.jpg 70w, https:\/\/www.ifop.cl\/programa-camaron-choapa\/wp-content\/uploads\/sites\/24\/2021\/02\/yeriko-100x100.jpg 100w\" sizes=\"(max-width: 150px) 100vw, 150px\" \/><\/a><strong>Yeriko Alanis Villalobos<\/strong><br \/>\n<a href=\"mailto:yeriko.alanis@ifop.cl\">yeriko.alanis@ifop.cl<\/a><\/p>\n<p>Mag\u00edster en Liderazgo, Direcci\u00f3n y Comunicaci\u00f3n Estrat\u00e9gica \u00a9 de la Universidad de La Serena y Bi\u00f3logo Marino \u00a9 de la Universidad de Valpara\u00edso, se encuentra desempe\u00f1ando la labor de Tecn\u00f3logo Semi Senior, en el Departamento de Repoblaci\u00f3n y Cultivo de la sede Coquimbo.<\/p>\n<\/div>\n<hr \/>\n<p><a href=\"http:\/\/www.ifop.cl\/programa-camaron-choapa\/wp-content\/uploads\/sites\/24\/2021\/01\/UCN.jpg\" rel=\"14\"><img loading=\"lazy\" decoding=\"async\" class=\"wp-image-203 size-thumbnail alignright imagensinmargen\" src=\"http:\/\/www.ifop.cl\/programa-camaron-choapa\/wp-content\/uploads\/sites\/24\/2021\/01\/UCN-150x150.jpg\" alt=\"\" width=\"150\" height=\"150\" srcset=\"https:\/\/www.ifop.cl\/programa-camaron-choapa\/wp-content\/uploads\/sites\/24\/2021\/01\/UCN-150x150.jpg 150w, https:\/\/www.ifop.cl\/programa-camaron-choapa\/wp-content\/uploads\/sites\/24\/2021\/01\/UCN-300x300.jpg 300w, https:\/\/www.ifop.cl\/programa-camaron-choapa\/wp-content\/uploads\/sites\/24\/2021\/01\/UCN-768x768.jpg 768w, https:\/\/www.ifop.cl\/programa-camaron-choapa\/wp-content\/uploads\/sites\/24\/2021\/01\/UCN-70x70.jpg 70w, https:\/\/www.ifop.cl\/programa-camaron-choapa\/wp-content\/uploads\/sites\/24\/2021\/01\/UCN-100x100.jpg 100w, https:\/\/www.ifop.cl\/programa-camaron-choapa\/wp-content\/uploads\/sites\/24\/2021\/01\/UCN-350x350.jpg 350w, https:\/\/www.ifop.cl\/programa-camaron-choapa\/wp-content\/uploads\/sites\/24\/2021\/01\/UCN.jpg 885w\" sizes=\"(max-width: 150px) 100vw, 150px\" \/><\/a><\/p>\n<h3>Equipo Universidad Cat\u00f3lica del Norte (UCN)<\/h3>\n<p>Est\u00e1 a cargo del cultivo y producci\u00f3n de larvas y juveniles de camar\u00f3n de r\u00edo en laboratorio, el marcaje y siembra de juveniles, la implementaci\u00f3n de una base de datos gen\u00e9ticos del camar\u00f3n en la cuenca del Choapa, y de la transferencia tecnol\u00f3gica del cultivo y repoblaci\u00f3n a las organizaciones beneficiarias, lo que incluye capacitaci\u00f3n y la implementaci\u00f3n de m\u00f3dulos demostrativos de cultivo acuip\u00f3nicos integrados.<\/p>\n<p> &nbsp; <\/p>\n<div class=\"row bg-info\"><a href=\"https:\/\/www.ifop.cl\/programa-camaron-choapa\/wp-content\/uploads\/sites\/24\/2021\/02\/ucn_01.jpg\" rel=\"14\"><img loading=\"lazy\" decoding=\"async\" class=\"alignleft wp-image-138 size-thumbnail\" src=\"https:\/\/www.ifop.cl\/programa-camaron-choapa\/wp-content\/uploads\/sites\/24\/2021\/02\/ucn_01-150x150.jpg\" alt=\"\" width=\"150\" height=\"150\" \/><\/a><b>Mar\u00eda Cristina Morales<\/b><br \/>\n<a href=\"mailto:gmerino@ucn.cl\">gmerino@ucn.cl<\/a><\/p>\n<p>Doctora en Acuicultura, Mag\u00edster en Ciencias de Mar, Ingeniera en Acuicultura y Profesora de estado en biolog\u00eda y ciencias naturales; dedicada a la tecnolog\u00eda y producci\u00f3n acu\u00edcola y al cultivo de crust\u00e1ceos.<\/p><\/div>\n<div class=\"row\"><a href=\"http:\/\/www.ifop.cl\/programa-camaron-choapa\/wp-content\/uploads\/sites\/24\/2021\/04\/profesor_merino.jpg\" rel=\"14\"><img loading=\"lazy\" decoding=\"async\" src=\"http:\/\/www.ifop.cl\/programa-camaron-choapa\/wp-content\/uploads\/sites\/24\/2021\/04\/profesor_merino_2-150x150.jpg\" alt=\"\" width=\"150\" height=\"150\" class=\"alignleft size-thumbnail wp-image-269\" \/><\/a><b>Germ\u00e1n Merino Araneda<\/b><br \/>\n<a href=\"mailto:gmerino@ucn.cl\">gmerino@ucn.cl<\/a><\/p>\n<p>PhD en Biological and Agricultural Engineering, de la University of California at Davis, California, Estados Unidos, Ingeniero en Acuicultura, de la Universidad Cat\u00f3lica del Norte y docente de la misma casa universitaria, dedicado a la ingenier\u00eda aplicada al dise\u00f1o y operaci\u00f3n de instalaciones de producci\u00f3n biointegradas sustentables y sostenibles para zonas \u00e1ridas y semi\u00e1ridas.<\/p><\/div>\n<hr>\n<p><a href=\"http:\/\/www.ifop.cl\/programa-camaron-choapa\/wp-content\/uploads\/sites\/24\/2021\/01\/cesso.jpg\" rel=\"14\"><img loading=\"lazy\" decoding=\"async\" class=\"wp-image-208 alignright imagensinmargen\" src=\"http:\/\/www.ifop.cl\/programa-camaron-choapa\/wp-content\/uploads\/sites\/24\/2021\/01\/cesso-300x242.jpg\" alt=\"\" width=\"187\" height=\"151\" srcset=\"https:\/\/www.ifop.cl\/programa-camaron-choapa\/wp-content\/uploads\/sites\/24\/2021\/01\/cesso-300x242.jpg 300w, https:\/\/www.ifop.cl\/programa-camaron-choapa\/wp-content\/uploads\/sites\/24\/2021\/01\/cesso-350x282.jpg 350w, https:\/\/www.ifop.cl\/programa-camaron-choapa\/wp-content\/uploads\/sites\/24\/2021\/01\/cesso.jpg 527w\" sizes=\"(max-width: 187px) 100vw, 187px\" \/><\/a><\/p>\n<h3>Equipo Centro de Estudios de Estudios Sociales (CESSO)<\/h3>\n<p>Est\u00e1 a cargo del dise\u00f1o y ejecuci\u00f3n del programa de capacitaci\u00f3n y fortalecimiento organizacional de las organizaciones beneficiarias. Adem\u00e1s, facilita los procesos participativos para la propuesta de Plan de Manejo Pesquero.<\/p>\n<p> &nbsp; <\/p>\n<div class=\"row bg-info\"><a href=\"http:\/\/www.ifop.cl\/programa-camaron-choapa\/wp-content\/uploads\/sites\/24\/2021\/02\/cesso_03.jpg\" rel=\"14\"><img loading=\"lazy\" decoding=\"async\" src=\"http:\/\/www.ifop.cl\/programa-camaron-choapa\/wp-content\/uploads\/sites\/24\/2021\/02\/cesso_03-150x150.jpg\" alt=\"\" width=\"150\" height=\"150\" class=\"alignleft size-thumbnail wp-image-212\" srcset=\"https:\/\/www.ifop.cl\/programa-camaron-choapa\/wp-content\/uploads\/sites\/24\/2021\/02\/cesso_03-150x150.jpg 150w, https:\/\/www.ifop.cl\/programa-camaron-choapa\/wp-content\/uploads\/sites\/24\/2021\/02\/cesso_03-70x70.jpg 70w, https:\/\/www.ifop.cl\/programa-camaron-choapa\/wp-content\/uploads\/sites\/24\/2021\/02\/cesso_03-100x100.jpg 100w\" sizes=\"(max-width: 150px) 100vw, 150px\" \/><\/a><b>Carlos Tapia Jopia<\/b><br \/>\nBi\u00f3logo Marino, Mag\u00edster en Psicolog\u00eda Social, con formaci\u00f3n en Coaching Ontol\u00f3gico, Desarrollo Econ\u00f3mico Local y Certificado en los Sistemas de An\u00e1lisis Social &#8211; SAS2; enfocado principalmente en la facilitaci\u00f3n de procesos de di\u00e1logo colaborativo, dise\u00f1o participativo de planes de manejo de recursos naturales, enfoque ecosist\u00e9mico, gobernanza participativa, an\u00e1lisis estructural de sistemas sociales.<\/div>\n","protected":false},"excerpt":{"rendered":"<p>Equipo IFOP Su funci\u00f3n principal es la coordinaci\u00f3n general del Programa, y la ejecuci\u00f3n de las actividades de caracterizaci\u00f3n y monitoreo ambiental del r\u00edo Choapa, recopilaci\u00f3n del conocimiento tradicional sobre la pesquer\u00eda y ecolog\u00eda del camar\u00f3n, selecci\u00f3n de sitios aptos y monitoreo de la repoblaci\u00f3n, modelaci\u00f3n bio-econ\u00f3mica de la pesquer\u00eda y repoblaci\u00f3n, desarrollo de una propuesta de formalizaci\u00f3n de la pesquer\u00eda y de un plan de manejo pesquero e integrado para el camar\u00f3n en la cuenca del r\u00edo Choapa. &nbsp; Alejandro Dal Santo Cid alejandro.dalsanto@ifop.cl Bi\u00f3logo Marino de la UCN, actualmente es Jefe Administrativo de la Base Coquimbo de IFOP, [&hellip;]<\/p>\n","protected":false},"author":1,"featured_media":0,"parent":0,"menu_order":0,"comment_status":"closed","ping_status":"closed","template":"plantilla-minisitio_contenido.php","meta":{"footnotes":""},"class_list":["post-14","page","type-page","status-publish","hentry"],"_links":{"self":[{"href":"https:\/\/www.ifop.cl\/programa-camaron-choapa\/wp-json\/wp\/v2\/pages\/14"}],"collection":[{"href":"https:\/\/www.ifop.cl\/programa-camaron-choapa\/wp-json\/wp\/v2\/pages"}],"about":[{"href":"https:\/\/www.ifop.cl\/programa-camaron-choapa\/wp-json\/wp\/v2\/types\/page"}],"author":[{"embeddable":true,"href":"https:\/\/www.ifop.cl\/programa-camaron-choapa\/wp-json\/wp\/v2\/users\/1"}],"replies":[{"embeddable":true,"href":"https:\/\/www.ifop.cl\/programa-camaron-choapa\/wp-json\/wp\/v2\/comments?post=14"}],"version-history":[{"count":55,"href":"https:\/\/www.ifop.cl\/programa-camaron-choapa\/wp-json\/wp\/v2\/pages\/14\/revisions"}],"predecessor-version":[{"id":290,"href":"https:\/\/www.ifop.cl\/programa-camaron-choapa\/wp-json\/wp\/v2\/pages\/14\/revisions\/290"}],"wp:attachment":[{"href":"https:\/\/www.ifop.cl\/programa-camaron-choapa\/wp-json\/wp\/v2\/media?parent=14"}],"curies":[{"name":"wp","href":"https:\/\/api.w.org\/{rel}","templated":true}]}}