{"id":10,"date":"2020-12-16T13:09:01","date_gmt":"2020-12-16T16:09:01","guid":{"rendered":"https:\/\/www.ifop.cl\/programa-camaron-choapa\/?page_id=10"},"modified":"2025-09-29T12:28:34","modified_gmt":"2025-09-29T15:28:34","slug":"inicio","status":"publish","type":"page","link":"https:\/\/www.ifop.cl\/programa-camaron-choapa\/","title":{"rendered":"Inicio"},"content":{"rendered":"<div class=\"row\">\n<div class=\"col\">\n<div class=\"card\">\n<div class=\"card-body\">\n<h3>Programa para la consolidaci\u00f3n de la Estrategia Pesquero Acu\u00edcola (EPA) del camar\u00f3n de r\u00edo del norte (<i>Cryphiops caementarius<\/i>) en la cuenca hidrogr\u00e1fica del R\u00edo Choapa<\/h3>\n<p>Iniciativa de 24 meses liderada por el Instituto de Fomento Pesquero y financiada por el Gobierno Regional de Coquimbo. Participan como co-ejecutores, la Universidad Cat\u00f3lica del Norte y el Centro de Estudios de Sistemas Sociales, y como beneficiarios, la Asociaci\u00f3n de Productores y Extractores de Recursos Dulceacu\u00edcolas del Choapa A.G. y el Sindicato de Trabajadores Independientes Camaroneros del Choapa.<\/p>\n<\/div>\n<\/div>\n<\/div>\n<\/div>\n<div class=\"row\">\n<div class=\"col-6 col-sm-6 col-md-3 col-lg-3 g-2\" data-index=\"0\">\n<div class=\"card h-100 text-center rounded-3\">\n<div class=\"card-body d-flex flex-column align-items-center justify-content-center\">\n<p class=\"card-text\"><iframe src=\"https:\/\/www.youtube.com\/embed\/qlKdGDrA6Cw\" frameborder=\"0\" allowfullscreen=\"allowfullscreen\"><\/iframe><\/p>\n<p class=\"card-text\">Institucionalidad del Programa Camar\u00f3n de R\u00edo del Choapa<\/p>\n<\/div>\n<\/div>\n<\/div>\n<div class=\"col-6 col-sm-6 col-md-3 col-lg-3 g-2\" data-index=\"1\">\n<div class=\"card h-100 text-center rounded-3 caja-blanca\">\n<div class=\"card-body d-flex flex-column align-items-center justify-content-center\">\n<p class=\"card-text\"><iframe src=\"https:\/\/www.youtube.com\/embed\/OSo2b1_Tb2g\" frameborder=\"0\" allowfullscreen=\"allowfullscreen\"><\/iframe><\/p>\n<p class=\"card-text\">Ecolog\u00eda del Programa Camar\u00f3n de R\u00edo del Choapa<\/p>\n<\/div>\n<\/div>\n<\/div>\n<div class=\"col-6 col-sm-6 col-md-3 col-lg-3 g-2\" data-index=\"2\">\n<div class=\"card h-100 text-center rounded-3 caja-blanca \">\n<div class=\"card-body d-flex flex-column align-items-center justify-content-center\">\n<p class=\"card-text\"><iframe src=\"https:\/\/www.youtube.com\/embed\/cmLA2jE8TyM\" frameborder=\"0\" allowfullscreen=\"allowfullscreen\"><\/iframe><\/p>\n<p class=\"card-text\">Pesquer\u00eda del Programa Camar\u00f3n de R\u00edo del Choapa<\/p>\n<\/div>\n<\/div>\n<\/div>\n<div class=\"col-6 col-sm-6 col-md-3 col-lg-3 g-2\" data-index=\"3\">\n<div class=\"card h-100 text-center rounded-3 caja-blanca \">\n<div class=\"card-body d-flex flex-column align-items-center justify-content-center\">\n<p class=\"card-text\"><iframe src=\"https:\/\/www.youtube.com\/embed\/Kx7GwtEzw4o\" frameborder=\"0\" allowfullscreen=\"allowfullscreen\"><\/iframe><\/p>\n<p class=\"card-text\">Acuicultura del Programa Camar\u00f3n de R\u00edo del Choapa<\/p>\n<\/div>\n<\/div>\n<\/div>\n<\/div>\n","protected":false},"excerpt":{"rendered":"<p>Programa para la consolidaci\u00f3n de la Estrategia Pesquero Acu\u00edcola (EPA) del camar\u00f3n de r\u00edo del norte (Cryphiops caementarius) en la cuenca hidrogr\u00e1fica del R\u00edo Choapa Iniciativa de 24 meses liderada por el Instituto de Fomento Pesquero y financiada por el Gobierno Regional de Coquimbo. Participan como co-ejecutores, la Universidad Cat\u00f3lica del Norte y el Centro de Estudios de Sistemas Sociales, y como beneficiarios, la Asociaci\u00f3n de Productores y Extractores de Recursos Dulceacu\u00edcolas del Choapa A.G. y el Sindicato de Trabajadores Independientes Camaroneros del Choapa. Institucionalidad del Programa Camar\u00f3n de R\u00edo del Choapa Ecolog\u00eda del Programa Camar\u00f3n de R\u00edo del Choapa [&hellip;]<\/p>\n","protected":false},"author":1,"featured_media":0,"parent":0,"menu_order":0,"comment_status":"closed","ping_status":"closed","template":"plantilla-minisitio_contenido.php","meta":{"footnotes":""},"class_list":["post-10","page","type-page","status-publish","hentry"],"_links":{"self":[{"href":"https:\/\/www.ifop.cl\/programa-camaron-choapa\/wp-json\/wp\/v2\/pages\/10"}],"collection":[{"href":"https:\/\/www.ifop.cl\/programa-camaron-choapa\/wp-json\/wp\/v2\/pages"}],"about":[{"href":"https:\/\/www.ifop.cl\/programa-camaron-choapa\/wp-json\/wp\/v2\/types\/page"}],"author":[{"embeddable":true,"href":"https:\/\/www.ifop.cl\/programa-camaron-choapa\/wp-json\/wp\/v2\/users\/1"}],"replies":[{"embeddable":true,"href":"https:\/\/www.ifop.cl\/programa-camaron-choapa\/wp-json\/wp\/v2\/comments?post=10"}],"version-history":[{"count":19,"href":"https:\/\/www.ifop.cl\/programa-camaron-choapa\/wp-json\/wp\/v2\/pages\/10\/revisions"}],"predecessor-version":[{"id":420,"href":"https:\/\/www.ifop.cl\/programa-camaron-choapa\/wp-json\/wp\/v2\/pages\/10\/revisions\/420"}],"wp:attachment":[{"href":"https:\/\/www.ifop.cl\/programa-camaron-choapa\/wp-json\/wp\/v2\/media?parent=10"}],"curies":[{"name":"wp","href":"https:\/\/api.w.org\/{rel}","templated":true}]}}