{"id":53,"date":"2017-11-28T13:34:20","date_gmt":"2017-11-28T13:34:20","guid":{"rendered":"https:\/\/www.ifop.cl\/pafrnetwork\/?page_id=53"},"modified":"2026-03-18T19:33:44","modified_gmt":"2026-03-18T19:33:44","slug":"invemar-col","status":"publish","type":"page","link":"https:\/\/www.ifop.cl\/pafrnetwork\/instituciones\/invemar-col\/","title":{"rendered":"INVEMAR (COL)"},"content":{"rendered":"<p><\/p>\n<div class=\"div_paises\">\n<div>\n<img loading=\"lazy\" decoding=\"async\" class=\"aligncenter size-thumbnail\" src=\"http:\/\/www.ifop.cl\/pafrnetwork\/wp-content\/uploads\/sites\/13\/2024\/07\/logo-INVEMAR.png\" alt=\"\" height=\"130\" width=\"300\">\n<\/div>\n<\/div>\n<div class=\"panel-group\" id=\"accordion\" role=\"tablist\">\n<div class=\"panel panel-warning\">\n<div class=\"panel-heading\" role=\"tab\" id=\"titulo_panel_uno\">\n<h4 class=\"panel-title\">INFORMACI\u00d3N B\u00c1SICA<a role=\"button\" href=\"#panel_uno\" class=\"pull-right\"><\/a><\/h4>\n<\/div>\n<div id=\"panel_uno\" class=\"panel-collapse_ collapse_ in\" role=\"tabpanel\">\n<div class=\"panel-body\">\n<div class=\"row\">\n<div class=\"col-md-3\">\n<a href=\"http:\/\/www.ifop.cl\/pafrnetwork\/wp-content\/uploads\/sites\/13\/2024\/07\/Sede-INVEMAR.jpg\"><br \/>\n<img decoding=\"async\" class=\"alignleft size-thumbnail\" src=\"http:\/\/www.ifop.cl\/pafrnetwork\/wp-content\/uploads\/sites\/13\/2024\/07\/Sede-INVEMAR.jpg\" alt=\"\" height=\"150\" \/><br \/>\n<\/a>\n<\/div>\n<div class=\"col-md-3\">\n<strong>NOMBRE OFICIAL:<\/strong><br \/>Instituto de Investigaciones Marinas y Costeras \u201cJos\u00e9 Benito Vives de Andr\u00e9is\u201d<br \/>\n<strong>SEDE PRINCIPAL:<\/strong><br \/>Santa Marta\n<\/div>\n<div class=\"col-md-3\">\n<b>CONSTITUCI\u00d3N JURIDICA:<\/b><br \/>Corporaci\u00f3n Civil sin \u00e1nimo de lucro<br \/><b>A\u00d1O DE CREACI\u00d3N:<\/b>1994\n<\/div>\n<div class=\"col-md-3\">\n<b>PAGINA WEB:<\/b><br \/>\n<a href=\"http:\/\/www.invemar.org.co\" target=\"_blank\" rel=\"noopener\">www.invemar.org.co<\/a>\n<\/div>\n<\/div>\n<\/div>\n<\/div>\n<\/div>\n<\/div>\n<div class=\"panel panel-warning\">\n<div class=\"panel-heading\" role=\"tab\" id=\"titulo_panel_dos\">\n<h4 class=\"panel-title\">PROGRAMAS Y LINEAS DE INVESTIGACI\u00d3N<a class=\"collapsed_ pull-right\" role=\"button\" href=\"#panel_dos\"><\/a><\/h4>\n<\/div>\n<div id=\"panel_dos\" class=\"panel-collapse_ collapse_\" role=\"tabpanel\">\n<div class=\"panel-body\">\n<table class=\"table table-bordered\">\n<thead>\n<tr>\n<th bgcolor=\"#808080\" class=\"text-center\"><strong>Programa<\/strong><\/th>\n<th bgcolor=\"#808080\" class=\"text-center\"><strong>L\u00edneas de Investigaci\u00f3n<\/strong><\/th>\n<th valign=\"top\" bgcolor=\"#808080\" class=\"text-center\"><strong>\u00c1reas de trabajo<\/strong><\/th>\n<\/tr>\n<\/thead>\n<tbody>\n<tr>\n<td rowspan=\"3\" class=\"col-md-3\">Biodiversidad y Ecosistemas Marinos<\/td>\n<td class=\"col-md-3\">Inventarios, Taxonom\u00eda y Biolog\u00eda de Especies<\/td>\n<td class=\"col-md-6\">\n<ul>\n<li>Desarrollo del inventario de la biodiversidad marina y costera del pa\u00eds.<\/li>\n<li>Fortalecimiento de la capacidad Nacional\u00a0en taxonom\u00eda biol\u00f3gica y sistem\u00e1tica descriptiva.<\/li>\n<li>Implementaci\u00f3n de sistemas de almacenamiento y recuperaci\u00f3n de datos dentro del Sistema de informaci\u00f3n en Biodiversidad Marina \u2013 SiBM.<\/li>\n<\/ul>\n<\/td>\n<\/tr>\n<tr>\n<td>Organizaci\u00f3n y Din\u00e1mica de Ecosistemas<\/td>\n<td>\n<ul>\n<li>Caracterizaci\u00f3n de la estructura y funcionamiento de la biodiversidad en sus diferentes niveles de organizaci\u00f3n biol\u00f3gica.<\/li>\n<li>Identificaci\u00f3n de cambios en la biodiversidad y su relaci\u00f3n con factores naturales y antropog\u00e9nicos a trav\u00e9s del tiempo.<\/li>\n<\/ul>\n<\/td>\n<\/tr>\n<tr>\n<td>Biolog\u00eda y Estrategias de Conservaci\u00f3n<\/td>\n<td>\n<ul>\n<li>Identificaci\u00f3n del estado de especies y ecosistemas amenazados o en peligro y especies ex\u00f3ticas invasoras marinas y costeras.<\/li>\n<li>Generaci\u00f3n de insumos para establecer herramientas de conservaci\u00f3n, restauraci\u00f3n, prevenci\u00f3n y control.<\/li>\n<\/ul>\n<\/td>\n<\/tr>\n<tr>\n<td rowspan=\"3\">Calidad Ambiental Marina<\/td>\n<td>Evaluaci\u00f3n y Seguimiento de la Calidad Ambiental<\/td>\n<td>\n<ul>\n<li>Evaluaci\u00f3n espacial y temporal de las caracter\u00edsticas cualitativas y cuantitativas para la construcci\u00f3n de herramientas de gesti\u00f3n ambiental a partir de sistemas de monitoreo de orden nacional y regional.<\/li>\n<\/ul>\n<\/td>\n<\/tr>\n<tr>\n<td>Prevenci\u00f3n y Protecci\u00f3n de los Ecosistemas Marinos y Costeros<\/td>\n<td>\n<ul>\n<li>Formulaci\u00f3n de estrategias para evaluar, manejar y mitigar posibles impactos y riesgos de origen natural y antropog\u00e9nico en los ecosistemas marinos y costeros.<\/li>\n<\/ul>\n<\/td>\n<\/tr>\n<tr>\n<td>Rehabilitaci\u00f3n de Ecosistemas Marinos y Costeros<\/td>\n<td>\n<ul>\n<li>Formulaci\u00f3n e implementaci\u00f3n de estrategias para asistir en la recuperaci\u00f3n de la calidad ambiental y los servicios ecosist\u00e9micos de los ambientes marinos y costeros, que han sido degradados o alterados.<\/li>\n<\/ul>\n<\/td>\n<\/tr>\n<tr>\n<td rowspan=\"2\">Geociencias Marinas<\/td>\n<td>Geolog\u00eda Marina y Costera<\/td>\n<td>\n<ul>\n<li>Estudio de procesos f\u00edsicos relacionados con el ambiente de los suelos y el subsuelo de la zona costera tanto continental como insular emergida hasta las zonas sumergidas de los mares de Colombia.<\/li>\n<\/ul>\n<\/td>\n<\/tr>\n<tr>\n<td>Oceanograf\u00eda y Clima<\/td>\n<td>\n<ul>\n<li>Estudio del oc\u00e9ano y sus complejas conexiones con la atm\u00f3sfera, la zona costera, el hielo, fondos marinos, el componente bi\u00f3tico y qu\u00edmico; as\u00ed como su influencia sobre las actividades productivas de las zonas marinas y costeras del pa\u00eds.<\/li>\n<\/ul>\n<\/td>\n<\/tr>\n<tr>\n<td rowspan=\"3\">Valorizaci\u00f3n y Aprovechamiento de los Recursos Marinos y Costeros<\/td>\n<td>Valoraci\u00f3n Econ\u00f3mica<\/td>\n<td>\n<ul>\n<li>Valoraci\u00f3n integral de la biodiversidad y sus servicios ecosist\u00e9micos.<\/li>\n<li>Caracterizaci\u00f3n de los medios de vida de comunidades marino-costeras.<\/li>\n<li>Proposici\u00f3n de mecanismos econ\u00f3micos en el manejo.<\/li>\n<\/ul>\n<\/td>\n<\/tr>\n<tr>\n<td>Uso y Producci\u00f3n Sostenible<\/td>\n<td>\n<ul>\n<li>Ecolog\u00eda pesquera.<\/li>\n<li>Din\u00e1mica de poblaciones que son aprovechadas.<\/li>\n<li>Modelaci\u00f3n bioecon\u00f3mica y manejo de pesquer\u00edas.<\/li>\n<\/ul>\n<\/td>\n<\/tr>\n<tr>\n<td>Bioprospecci\u00f3n Marina<\/td>\n<td>\n<ul>\n<li>Obtenci\u00f3n y caracterizaci\u00f3n de extractos, fracciones y mol\u00e9culas.<\/li>\n<li>Evaluaci\u00f3n del potencial uso de las sustancias obtenidas en bioensayos.<\/li>\n<li>Aislamiento, cultivo y evaluaci\u00f3n del potencial de microalgas y microrganismos,<\/li>\n<li>Desarrollo de ensayos antimicrobianos en organismos marinos vivos y en cultivos celulares.<\/li>\n<\/ul>\n<\/td>\n<\/tr>\n<tr>\n<td rowspan=\"6\">Coordinaci\u00f3n de Investigaci\u00f3n e Informaci\u00f3n para la Gesti\u00f3n Marina y Costera<br \/>\n&nbsp;<br \/>\nAdem\u00e1s de las dependencias tiene a su cargo la Coordinaci\u00f3n del Centro Regional de entrenamiento para Latinoam\u00e9rica de la OTGA<\/td>\n<td>An\u00e1lisis de la Informaci\u00f3n para la Planificaci\u00f3n<\/td>\n<td>\n<ul>\n<li>Dise\u00f1o, formulaci\u00f3n y ejecuci\u00f3n de proyectos nacionales e internacionales y conceptos t\u00e9cnicos para el ordenamiento y planificaci\u00f3n marina y costera.<\/li>\n<li>Coordinaci\u00f3n de la red de manejo integrado de zonas costeras RedCostera.<\/li>\n<\/ul>\n<\/td>\n<\/tr>\n<tr>\n<td>Cambio Global y Pol\u00edtica Marina<\/td>\n<td>\n<ul>\n<li>Evaluaci\u00f3n del impacto de pol\u00edticas en el manejo integrado de las zonas costeras y sus recursos naturales.<\/li>\n<li>Suministro de bases t\u00e9cnicas para el establecimiento de normas, disposiciones y regulaciones para el ordenamiento, planificaci\u00f3n y manejo del territorio marino y costero.<\/li>\n<li>Colaboraci\u00f3n en estudios sobre el cambio global y aquellas actividades para la toma de decisiones en desarrollo de la pol\u00edtica marina nacional e internacional.<\/li>\n<li>Secretar\u00eda t\u00e9cnica de la red de centros de investigaci\u00f3n marina definida en la Ley 99\/1993 y Resoluci\u00f3n 2175\/2007.<\/li>\n<\/ul>\n<\/td>\n<\/tr>\n<tr>\n<td>Laboratorio de Servicios de Informaci\u00f3n<\/td>\n<td>\n<ul>\n<li>Coordinaci\u00f3n del Sistema de Informaci\u00f3n Ambiental (SIAM) en los aspectos marinos y costeros.<\/li>\n<li>Resguardo de los activos de informaci\u00f3n generados en los procesos misionales del INVEMAR.<\/li>\n<li>Investigaci\u00f3n, desarrollo y uso de nuevas tecnolog\u00edas de informaci\u00f3n para captura, procesamiento, gesti\u00f3n y publicaci\u00f3n de la informaci\u00f3n en el SIAM.<\/li>\n<ul>\n<li>Sistemas de informaci\u00f3n geogr\u00e1ficas, teledetecci\u00f3n y bases datos.<\/li>\n<li>Representar al INVEMAR como Unidad Asociada de Datos en la Comisi\u00f3n Oceanogr\u00e1fica.<\/li>\n<li>Intergubernamental de la UNESCO<\/li>\n<\/ul>\n<li>Administra el Carabean Marine Atlas y es el nodo del Ocean Info Hub para Latinoam\u00e9rica.<\/li>\n<\/ul>\n<\/td>\n<\/tr>\n<tr>\n<td>Centro de Documentaci\u00f3n<\/td>\n<td>\n<ul>\n<li>Garantizar el acceso a la informaci\u00f3n y documentaci\u00f3n necesaria que permita el desarrollo de la investigaci\u00f3n marina y costera en Colombia.<\/li>\n<li>Articular el enlace entre los usuarios y las diversas fuentes de informaci\u00f3n especializadas en el \u00e1rea de las ciencias marinas y costeras, y disciplinas afines, proporcionando el libre acceso a la informaci\u00f3n para facilitar el desarrollo investigativo.<\/li>\n<li>Encargado de representar a Colombia como nodo de informaci\u00f3n ante CCO y la Comisi\u00f3n Oceanogr\u00e1fica Intergubernamental de la UNESCO.<\/li>\n<\/ul>\n<\/td>\n<\/tr>\n<tr>\n<td>Comunicaci\u00f3n Cient\u00edfica<\/td>\n<td>\n<ul>\n<li>Proveer la informaci\u00f3n marina y costera disponible, mejorando la visibilidad nacional e internacional de los resultados producidos en las investigaciones cient\u00edficas.<\/li>\n<li>Representa al INVEMAR en el Comit\u00e9 Asesor de Comunicaciones del Decenio de Nacionales Unidas sobre las Ciencias Oce\u00e1nicas para el Desarrollo Sostenible 2021 \u2013 2030.<\/li>\n<\/ul>\n<\/td>\n<\/tr>\n<tr>\n<td>Coordinaci\u00f3n de Servicios Cient\u00edficos<\/td>\n<td>Estudios de l\u00ednea base, Diagn\u00f3sticos ambientales, Estudios de monitoreo y An\u00e1lisis de laboratorio.<\/td>\n<\/tr>\n<\/tbody>\n<\/table>\n<\/div>\n<\/div>\n<\/div>\n<div class=\"panel panel-warning\">\n<div class=\"panel-heading\" role=\"tab\" id=\"titulo_panel_tres\">\n<h4 class=\"panel-title\">NAVES Y EQUIPAMIENTO DE INVESTIGACI\u00d3N<a class=\"collapsed_ pull-right\" role=\"button\" href=\"#panel_tres\"><\/a><\/h4>\n<\/div>\n<div id=\"panel_tres\" class=\"panel-collapse_ collapse_\" role=\"tabpanel\">\n<div class=\"panel-body\">\n<table class=\"table table-bordered\" cellspacing=\"0\" cellpadding=\"6\">\n<thead>\n<tr>\n<th bgcolor=\"#c0c0c0\"><strong>Instalaciones<\/strong><\/th>\n<th bgcolor=\"#c0c0c0\"><strong>Descripci\u00f3n<\/strong><\/th>\n<\/tr>\n<\/thead>\n<tbody>\n<tr>\n<td>\n<p>Museo de Historia Natural Marina de Colombia (MHNMC) \u2013 Mukuriwa (Curadora: Catalina Arteaga-Fl\u00f3rez)<\/p>\n<p><a href=\"http:\/\/museomakuriwa.invemar.org.co\/\" target=\"_blank\" rel=\"noopener\">http:\/\/museomakuriwa.invemar.org.co\/<\/a>\n<\/td>\n<td>\n<ul>\n<li>Cuenta con dos grandes \u00e1reas para colecciones biol\u00f3gicas preservadas en seco y en h\u00famedo (espec\u00edmenes preservados en alg\u00fan tipo de soluci\u00f3n); y colecciones criopreservadas.<\/li>\n<li>Cuenta con tres laboratorios: (I) Biolog\u00eda molecular, con los equipos necesarios para extracci\u00f3n y amplificaci\u00f3n de ADN; (II) Laboratorio \u00f3ptico que cuenta con equipos (microscopios, estereoscopios) para realizaci\u00f3n de an\u00e1lisis en morfolog\u00eda y toma de im\u00e1genes; y (III) Laboratorio h\u00famedo, que cuenta con una cabina de extracci\u00f3n de gases para el trabajo con reactivos qu\u00edmicos.<\/li>\n<\/ul>\n<\/td>\n<\/tr>\n<tr>\n<td>Laboratorio de ADN ambiental<\/td>\n<td>\n<ul>\n<li>Laboratorio de extracci\u00f3n del ADN ambiental proveniente de muestras acu\u00e1ticas. Como parte de este laboratorio se cuenta con un temociclador en tiempo real para la detecci\u00f3n de especies de inter\u00e9s a partir del ADN ambiental, utilizando la PCR cuantitativa.<\/li>\n<\/ul>\n<\/td>\n<\/tr>\n<tr>\n<td>Unidad de Laboratorios de Calidad Ambiental Marina (LABCAM)<\/td>\n<td>\n<ul>\n<li>Unidad operativa institucional que da soporte a la investigaci\u00f3n en calidad ambiental marina. Laboratorio acreditado bajo los lineamientos de la norma ISO\/IEC 17025, en cerca de 400 variables ambientales en las matrices agua marina y continental, sedimento marino y continental<\/li>\n<li>Cuenta con t\u00e9cnicas para an\u00e1lisis fisicoqu\u00edmicos por cromatogr\u00e1fica de gases masas, cromatograf\u00eda l\u00edquido masas triple cuadrupolo, Espectrofotometr\u00eda, espectrofluorofotometr\u00eda, espectrometr\u00eda de detecci\u00f3n alfa, beta y gamma, Espectrometr\u00eda de absorci\u00f3n at\u00f3mica, gravim\u00e9tricas con balanzas desde 2 hasta 6 cifras decimales, volum\u00e9tricas y microbiol\u00f3gicas con tubos m\u00faltiples, filtraci\u00f3n por membrana.<\/li>\n<\/ul>\n<\/td>\n<\/tr>\n<tr>\n<td>\nLaboratorio de Instrumentaci\u00f3n Marina<br \/>\n(LabIMA)<\/td>\n<td>\n<ul>\n<li>Apoya los objetivos del Programa de Geociencias Marinas, y de los diferentes programas de investigaci\u00f3n del INVEMAR en toma de muestras y levantamiento de informaci\u00f3n oceanogr\u00e1fica, meteorol\u00f3gica, geof\u00edsica y de topograf\u00eda costera para estudios de l\u00ednea base, evaluaciones de impacto ambiental, monitoreo y seguimiento de ambientes marino costeros.<\/li>\n<li>Cuenta con sondas multiparam\u00e9tricas, perfiladores de corrientes y oleaje tipo ADCP, perfiladores de caudal, mare\u00f3grafos, boyas oceanogr\u00e1ficas, Rosetas oceanogr\u00e1ficas, sonar de barrido lateral, perfilador de subsuelo, equipos de posicionamiento global, estaci\u00f3n topogr\u00e1fica, sistema de esc\u00e1ner laser, drones con c\u00e1maras RGB y multi-espectrales, muestreadores de sedimento tipo multicorer y pist\u00f3n corer.<\/li>\n<\/ul>\n<\/td>\n<\/tr>\n<tr>\n<td>Laboratorio de Bioprospecci\u00f3n Marina (LabBIM)<\/td>\n<td>\n<ul>\n<li>Pertenece al programa de Valoraci\u00f3n y Aprovechamiento de los Recursos Marinos y Costeros (VAR) y desarrolla actividades de investigaci\u00f3n relacionadas con la b\u00fasqueda del potencial bioactivo de sustancias y mol\u00e9culas provenientes de organismos marinos, en especial microorganismos.<\/li>\n<li>Est\u00e1 equipado para realizar el aislamiento, mantenimiento, conservaci\u00f3n de cepas, caracterizaci\u00f3n fenot\u00edpica y realizaci\u00f3n de ensayos biodirigidos, y la caracterizaci\u00f3n genot\u00edpica para lo que cuenta con un \u00e1rea de biolog\u00eda molecular.<\/li>\n<li>Posee capacidades para la extracci\u00f3n y purificaci\u00f3n de sustancias y mol\u00e9culas bioactivas, y equipos para la realizaci\u00f3n de cortes histol\u00f3gicos y tinci\u00f3n de tejidos de animales y\/o plantas de origen marino.<\/li>\n<\/ul>\n<\/td>\n<\/tr>\n<\/tbody>\n<\/table>\n<table class=\"table table-bordered\">\n<thead>\n<tr>\n<th bgcolor=\"#c0c0c0\"><strong>TIPO DE VEH\u00cdCULOS<\/strong><\/th>\n<\/tr>\n<\/thead>\n<tbody>\n<tr>\n<td>\n<ul>\n<li>Autob\u00fas para 25 pasajeros<\/li>\n<li>Minibuses para 8 pasajeros c\/u<\/li>\n<li>Camionetas 4&#215;4 doble cabina tipo plat\u00f3n<\/li>\n<li>Camionetas 4&#215;4 doble cabina tipo estacas<\/li>\n<li>Camionetas tipo campero cerrada<\/li>\n<li>Tractor para remolque de lanchas<\/li>\n<li>Bote de 25 pies de eslora<\/li>\n<li>Bote de 20 pies de eslora tipo catamar\u00e1n<\/li>\n<li>Bote de 18 pies de eslora<\/li>\n<li>Equipamiento de buceo y elementos\/accesorios de seguridad para la actividad<\/li>\n<\/ul>\n<\/td>\n<\/tr>\n<\/tbody>\n<\/table>\n\t\t\t\t\t\t<div class=\"gallery_box_single\">\n\t\t\t\t\t\t\t\t\t\t\t\t\t\t\t<div class=\"gallery gllr_grid\" data-gllr-columns=\"4\" data-gllr-border-width=\"10\">\n\t\t\t\t\t\t\t\t\t\t\t\t\t\t\t\t\t\t\t\t<div class=\"gllr_image_row\">\n\t\t\t\t\t\t\t\t\t\t\t\t\t\t\t\t\t\t\t\t\t<div class=\"gllr_image_block\">\n\t\t\t\t\t\t\t\t\t\t\t\t<p style=\"\n\t\t\t\t\t\t\t\t\t\t\t\twidth:170px;height:170px;\t\t\t\t\t\t\t\t\t\t\t\t\">\n\t\t\t\t\t\t\t\t\t\t\t\t\t\t\t\t\t\t\t\t\t\t\t\t\t\t\t\t<a data-fancybox=\"gallery_fancybox_492\" href=\"https:\/\/www.ifop.cl\/pafrnetwork\/wp-content\/uploads\/sites\/13\/2024\/07\/Buceo.jpg\" title=\"\" >\n\t\t\t\t\t\t\t\t\t\t\t\t\t\t\t\t<img loading=\"lazy\" decoding=\"async\" width=\"150\" height=\"150\" style=\"width:150px; height:150px; border-width: 10px; border-color:#F1F1F1;border: 10px solid #F1F1F1\" alt=\"\" title=\"\" src=\"https:\/\/www.ifop.cl\/pafrnetwork\/wp-content\/uploads\/sites\/13\/2024\/07\/Buceo-150x150.jpg\" rel=\"https:\/\/www.ifop.cl\/pafrnetwork\/wp-content\/uploads\/sites\/13\/2024\/07\/Buceo.jpg\" \/>\t\t\t\t\t\t\t\t\t\t\t\t\t\t\t<\/a>\n\t\t\t\t\t\t\t\t\t\t\t\t\t\t\t\t\t\t\t\t\t\t\t\t\t\t<\/p>\n\t\t\t\t\t\t\t\t\t\t\t\t\t\t\t\t\t\t\t\t\t\t\t<\/div><!-- .gllr_image_block -->\n\t\t\t\t\t\t\t\t\t\t\t\t\t\t\t\t\t\t\t\t\t<div class=\"gllr_image_block\">\n\t\t\t\t\t\t\t\t\t\t\t\t<p style=\"\n\t\t\t\t\t\t\t\t\t\t\t\twidth:170px;height:170px;\t\t\t\t\t\t\t\t\t\t\t\t\">\n\t\t\t\t\t\t\t\t\t\t\t\t\t\t\t\t\t\t\t\t\t\t\t\t\t\t\t\t<a data-fancybox=\"gallery_fancybox_492\" href=\"https:\/\/www.ifop.cl\/pafrnetwork\/wp-content\/uploads\/sites\/13\/2024\/07\/Lab-instrumentos-1024x460.jpg\" title=\"\" >\n\t\t\t\t\t\t\t\t\t\t\t\t\t\t\t\t<img loading=\"lazy\" decoding=\"async\" width=\"150\" height=\"150\" style=\"width:150px; height:150px; border-width: 10px; border-color:#F1F1F1;border: 10px solid #F1F1F1\" alt=\"\" title=\"\" src=\"https:\/\/www.ifop.cl\/pafrnetwork\/wp-content\/uploads\/sites\/13\/2024\/07\/Lab-instrumentos-150x150.jpg\" rel=\"https:\/\/www.ifop.cl\/pafrnetwork\/wp-content\/uploads\/sites\/13\/2024\/07\/Lab-instrumentos.jpg\" \/>\t\t\t\t\t\t\t\t\t\t\t\t\t\t\t<\/a>\n\t\t\t\t\t\t\t\t\t\t\t\t\t\t\t\t\t\t\t\t\t\t\t\t\t\t<\/p>\n\t\t\t\t\t\t\t\t\t\t\t\t\t\t\t\t\t\t\t\t\t\t\t<\/div><!-- .gllr_image_block -->\n\t\t\t\t\t\t\t\t\t\t\t\t\t\t\t\t\t\t\t\t\t<div class=\"gllr_image_block\">\n\t\t\t\t\t\t\t\t\t\t\t\t<p style=\"\n\t\t\t\t\t\t\t\t\t\t\t\twidth:170px;height:170px;\t\t\t\t\t\t\t\t\t\t\t\t\">\n\t\t\t\t\t\t\t\t\t\t\t\t\t\t\t\t\t\t\t\t\t\t\t\t\t\t\t\t<a data-fancybox=\"gallery_fancybox_492\" href=\"https:\/\/www.ifop.cl\/pafrnetwork\/wp-content\/uploads\/sites\/13\/2024\/07\/Embarcaci\u00f3n.jpg\" title=\"\" >\n\t\t\t\t\t\t\t\t\t\t\t\t\t\t\t\t<img loading=\"lazy\" decoding=\"async\" width=\"150\" height=\"150\" style=\"width:150px; height:150px; border-width: 10px; border-color:#F1F1F1;border: 10px solid #F1F1F1\" alt=\"\" title=\"\" src=\"https:\/\/www.ifop.cl\/pafrnetwork\/wp-content\/uploads\/sites\/13\/2024\/07\/Embarcaci\u00f3n-150x150.jpg\" rel=\"https:\/\/www.ifop.cl\/pafrnetwork\/wp-content\/uploads\/sites\/13\/2024\/07\/Embarcaci\u00f3n.jpg\" \/>\t\t\t\t\t\t\t\t\t\t\t\t\t\t\t<\/a>\n\t\t\t\t\t\t\t\t\t\t\t\t\t\t\t\t\t\t\t\t\t\t\t\t\t\t<\/p>\n\t\t\t\t\t\t\t\t\t\t\t\t\t\t\t\t\t\t\t\t\t\t\t<\/div><!-- .gllr_image_block -->\n\t\t\t\t\t\t\t\t\t\t\t\t\t\t\t\t\t\t\t\t\t<div class=\"gllr_image_block\">\n\t\t\t\t\t\t\t\t\t\t\t\t<p style=\"\n\t\t\t\t\t\t\t\t\t\t\t\twidth:170px;height:170px;\t\t\t\t\t\t\t\t\t\t\t\t\">\n\t\t\t\t\t\t\t\t\t\t\t\t\t\t\t\t\t\t\t\t\t\t\t\t\t\t\t\t<a data-fancybox=\"gallery_fancybox_492\" href=\"https:\/\/www.ifop.cl\/pafrnetwork\/wp-content\/uploads\/sites\/13\/2024\/07\/LabADN-1024x583.jpg\" title=\"\" >\n\t\t\t\t\t\t\t\t\t\t\t\t\t\t\t\t<img loading=\"lazy\" decoding=\"async\" width=\"150\" height=\"150\" style=\"width:150px; height:150px; border-width: 10px; border-color:#F1F1F1;border: 10px solid #F1F1F1\" alt=\"\" title=\"\" src=\"https:\/\/www.ifop.cl\/pafrnetwork\/wp-content\/uploads\/sites\/13\/2024\/07\/LabADN-150x150.jpg\" rel=\"https:\/\/www.ifop.cl\/pafrnetwork\/wp-content\/uploads\/sites\/13\/2024\/07\/LabADN.jpg\" \/>\t\t\t\t\t\t\t\t\t\t\t\t\t\t\t<\/a>\n\t\t\t\t\t\t\t\t\t\t\t\t\t\t\t\t\t\t\t\t\t\t\t\t\t\t<\/p>\n\t\t\t\t\t\t\t\t\t\t\t\t\t\t\t\t\t\t\t\t\t\t\t<\/div><!-- .gllr_image_block -->\n\t\t\t\t\t\t\t\t\t\t\t\t\t\t\t\t\t\t\t\t\t<\/div><!-- .gllr_image_row -->\n\t\t\t\t\t\t\t\t\t\t\t\t\t\t\t\t\t\t\t<\/div><!-- .gallery.clearfix -->\n\t\t\t\t\t\t\t\t\t\t\t\t\t\t<\/div><!-- .gallery_box_single -->\n\t\t\t\t\t\t<div class=\"gllr_clear\"><\/div>\n\t\t\t\t\t\t<\/div>\n<\/div>\n<\/div>\n<p><\/p>","protected":false},"excerpt":{"rendered":"<p>INFORMACI\u00d3N B\u00c1SICA NOMBRE OFICIAL:Instituto de Investigaciones Marinas y Costeras \u201cJos\u00e9 Benito Vives de Andr\u00e9is\u201d SEDE PRINCIPAL:Santa Marta CONSTITUCI\u00d3N JURIDICA:Corporaci\u00f3n Civil sin \u00e1nimo de lucroA\u00d1O DE CREACI\u00d3N:1994 PAGINA WEB: www.invemar.org.co PROGRAMAS Y LINEAS DE INVESTIGACI\u00d3N Programa L\u00edneas de Investigaci\u00f3n \u00c1reas de trabajo Biodiversidad y Ecosistemas Marinos Inventarios, Taxonom\u00eda y Biolog\u00eda de Especies Desarrollo del inventario de la biodiversidad marina y costera del pa\u00eds. Fortalecimiento de la capacidad Nacional\u00a0en taxonom\u00eda biol\u00f3gica y sistem\u00e1tica descriptiva. Implementaci\u00f3n de sistemas de almacenamiento y recuperaci\u00f3n de datos dentro del Sistema de informaci\u00f3n en Biodiversidad Marina \u2013 SiBM. Organizaci\u00f3n y Din\u00e1mica de Ecosistemas Caracterizaci\u00f3n de la estructura [&hellip;]<\/p>\n","protected":false},"author":1,"featured_media":0,"parent":23,"menu_order":2,"comment_status":"closed","ping_status":"closed","template":"plantilla_fichas_instituciones.php","meta":{"footnotes":""},"class_list":["post-53","page","type-page","status-publish","hentry"],"_links":{"self":[{"href":"https:\/\/www.ifop.cl\/pafrnetwork\/wp-json\/wp\/v2\/pages\/53"}],"collection":[{"href":"https:\/\/www.ifop.cl\/pafrnetwork\/wp-json\/wp\/v2\/pages"}],"about":[{"href":"https:\/\/www.ifop.cl\/pafrnetwork\/wp-json\/wp\/v2\/types\/page"}],"author":[{"embeddable":true,"href":"https:\/\/www.ifop.cl\/pafrnetwork\/wp-json\/wp\/v2\/users\/1"}],"replies":[{"embeddable":true,"href":"https:\/\/www.ifop.cl\/pafrnetwork\/wp-json\/wp\/v2\/comments?post=53"}],"version-history":[{"count":67,"href":"https:\/\/www.ifop.cl\/pafrnetwork\/wp-json\/wp\/v2\/pages\/53\/revisions"}],"predecessor-version":[{"id":690,"href":"https:\/\/www.ifop.cl\/pafrnetwork\/wp-json\/wp\/v2\/pages\/53\/revisions\/690"}],"up":[{"embeddable":true,"href":"https:\/\/www.ifop.cl\/pafrnetwork\/wp-json\/wp\/v2\/pages\/23"}],"wp:attachment":[{"href":"https:\/\/www.ifop.cl\/pafrnetwork\/wp-json\/wp\/v2\/media?parent=53"}],"curies":[{"name":"wp","href":"https:\/\/api.w.org\/{rel}","templated":true}]}}