{"id":91,"date":"2017-11-23T15:19:31","date_gmt":"2017-11-23T15:19:31","guid":{"rendered":"https:\/\/www.ifop.cl\/macrofauna\/?page_id=91"},"modified":"2025-06-03T16:22:45","modified_gmt":"2025-06-03T16:22:45","slug":"glosario-crustaceos","status":"publish","type":"page","link":"https:\/\/www.ifop.cl\/macrofauna\/coleccion-de-especies\/glosario-crustaceos\/","title":{"rendered":"Glosario Crust\u00e1ceos"},"content":{"rendered":"<p><b>Abanico caudal:<\/b>\u00a0estructura para nadar o impulsarse. Formada por ur\u00f3podos y telson.<\/p>\n<p><b>Abdomen:<\/b>\u00a0m\u00e1s correctamente pleon. Comprende los somitos o tagmata del cuerpo de un crust\u00e1ceo Decapada ubicados entre el perei\u00f3n o t\u00f3rax y el telson.<\/p>\n<p><b>Acron:<\/b>\u00a0parte anterior del cuerpo que lleva los ojos. No es considerado un verdadero somito cef\u00e1lico.<\/p>\n<p><b>Antena:<\/b>\u00a0segundo par de ap\u00e9ndices de la cabeza. Corresponde al segundo segmento cef\u00e1lico. Tambi\u00e9n denominadas primer par de antenas.<\/p>\n<p><b>Ant\u00e9nula:<\/b>\u00a0primer par de ap\u00e9ndices de la cabeza. Corresponde al primer segmento cef\u00e1lico. Tambi\u00e9n denominadas primer par de antenas.<\/p>\n<p><b>Appendix interna:<\/b>\u00a0elemento accesorio ubicado en el margen medio interno del endopodito del segundo a quinto par de ple\u00f3podos de machos y hembras de los Caridea.<\/p>\n<p><b>Appendix masculina:<\/b>\u00a0estilambis. Ubicado en el endopodito del segundo par de ple\u00f3podos del macho. Es una pieza suplementaria contigua al appendix interna en los carideos. En los pendidos est\u00e1 inserto sobre el basipodito.<\/p>\n<p><b>Artejo:<\/b>\u00a0segmento de un ap\u00e9ndice<\/p>\n<p><b>Artrobranquia:<\/b>\u00a0est\u00e1 ubicada sobre la membrana articular precoxal que sirve de uni\u00f3n entre el esternito y el coxopodito. Pueden existir hasta dos por lado de cada somito del pereion.<\/p>\n<p><b>Artr\u00f3podos:<\/b>\u00a0grupos de animales que se caracterizan, al menos en sus primeros estadios, por poseer ap\u00e9ndices articulados.<\/p>\n<p><b>Basipodito:<\/b>\u00a0basis, bas\u00edpodo. Segmento de la regi\u00f3n basal de los ap\u00e9ndices de los Decapada que constituye el protopodito conjuntamente con el precoxopodito y el coxopodito. Corresponde al segundo segmento de los peri\u00f3podos.<\/p>\n<p><b>Branquiosteguito:<\/b>\u00a0paredes laterales del caparaz\u00f3n.<\/p>\n<p><b>C\u00e1mara branquial:<\/b>\u00a0\u00e1rea entre el cuerpo y el caparaz\u00f3n donde est\u00e1n ubicadas las branquias.<\/p>\n<p><b>Caparaz\u00f3n:<\/b>\u00a0exoesqueleto, tegumento o estructura cuticular, calcificada y quitinizada que cubre el c\u00e9falon, el pereion y los ap\u00e9ndices de los crust\u00e1ceos.<\/p>\n<p><b>Carena:<\/b>\u00a0fina estructura en forma de cresta que cruza el caparaz\u00f3n con distinta ubicaci\u00f3n, adoptando el nombre de la regi\u00f3n donde est\u00e1 ubicada.<\/p>\n<p><b>Carpopodito:<\/b>\u00a0carpo. Antepen\u00faltimo segmento del perei\u00f3podo. Corresponde al quinto segmento de los peri\u00f3podos.<\/p>\n<p><b>C\u00e9falon:<\/b>\u00a0cabeza. Tagma del cuerpo. Lleva los ojos, las antenas, las piezas bucales y las maxilas.<\/p>\n<p><b>Cefaloperei\u00f3n:<\/b>\u00a0parte anterior del cuerpo de un dec\u00e1podo, compuesto por la fusi\u00f3n de los somitos del c\u00e9falon y el pereion y cubierto por el caparaz\u00f3n. Tambi\u00e9n se lo conoce como cefalot\u00f3rax.<\/p>\n<p><b>Cefalot\u00f3rax:<\/b>\u00a0parte anterior del cuerpo de un dec\u00e1podo, compuesto por los somitos fusionados de la cabeza y el t\u00f3rax, y cubiertos por el caparaz\u00f3n. M\u00e1s correctamente cefalopereion. Corresponde a la fusi\u00f3n de la cabeza y el t\u00f3rax.<\/p>\n<p><b>C\u00f3rnea:<\/b>\u00a0cut\u00edcula transparente que cubre los ojos compuestos.<\/p>\n<p><b>Coxopodito:<\/b>\u00a0coxa. Segmento de la regi\u00f3n basal de los ap\u00e9ndices de los crust\u00e1ceos, formando con el precoxopodito y el basipodito, el propodito. Generalmente une el ap\u00e9ndice con el cuerpo, excepto cuando el precoxopodito est\u00e1 presente.<\/p>\n<p><b>Cresta:<\/b>\u00a0carena<\/p>\n<p><b>Crust\u00e1ceos:<\/b>\u00a0artr\u00f3podos de respiraci\u00f3n branquial provistos de dos pares de antenas, habitantes de ambientes marinos principalmente, aunque tambi\u00e9n gran n\u00famero de especies son habitantes de aguas dulces y salobres, los menos son terrestres.<\/p>\n<p><b>Dactilopodito:<\/b>\u00a0dactilo. S\u00e9ptimo y \u00faltimo segmento de los perei\u00f3podos o ap\u00e9ndices tor\u00e1cicos de los malacostracos.<\/p>\n<p><b>Dedo:<\/b>\u00a0denominaci\u00f3n que se suele dar al dactilopodito y a la parte extrema del propodito que forman la pinza de la quela.<\/p>\n<p><b>Dendrobranquia:<\/b>\u00a0branquia constituida por un eje que lleva una serie de ramas arborescentes, t\u00edpicas en los Dendrobranchiata.<\/p>\n<p><b>Dientes del caparaz\u00f3n:<\/b>\u00a0proyecciones del caparaz\u00f3n o abdomen, m\u00e1s anchas y fuertes que las espinas; pueden ser r\u00edgidas o flexibles.<\/p>\n<p><b>Di\u00e9resis:<\/b>\u00a0(diacresis). Surco transversal que se halla en la parte posterior de los exopoditos de los ur\u00f3podos, que permite dividirlos en dos partes movibles. Poco frecuente en los endopoditos.<\/p>\n<p><b>Distal:<\/b>\u00a0se denomina a la regi\u00f3n m\u00e1s alejada de la cabeza.<\/p>\n<p><b>Ecdisis:<\/b>\u00a0cambio o muda del tegumento o exoesqueleto.<\/p>\n<p><b>Endito:<\/b>\u00a0l\u00f3bulo o proyecci\u00f3n que surge del margen interno del protopodito de un ap\u00e9ndice.<\/p>\n<p><b>Endopodito:<\/b>\u00a0rama interna del ap\u00e9ndice birramoso. Constituye el ap\u00e9ndice en s\u00ed mismo, compuesto de cinco segmentos.<\/p>\n<p><b>Epipodito:<\/b>\u00a0ver mastigobranquia.<\/p>\n<p><b>Epistoma:<\/b>\u00a0placa que var\u00eda en forma y est\u00e1 ubicada centralmente entre el labro y la base de la antena.<\/p>\n<p><b>Escafocerito:<\/b>\u00a0exopodito de la antena. Tambi\u00e9n denominado escama.<\/p>\n<p><b>Escafognatito:<\/b>\u00a0exopodito de la maxila. Empleado por los crust\u00e1ceos para producir corrientes de agua en la c\u00e1mara branquial y facilitar la respiraci\u00f3n.<\/p>\n<p><b>Escama antenal:<\/b>\u00a0escafocerito.<\/p>\n<p><b>Escama antenular:<\/b>\u00a0estilocerito.<\/p>\n<p><b>Espermat\u00f3foro:<\/b>\u00a0estructura quitinosa que el macho transfiere a la hembra en la c\u00f3pula, conteniendo los espermatozoides para la fecundaci\u00f3n de las c\u00e9lulas germinales femeninas. Muy evidente y externo en los peneidos de thelycum abierto como el langostino. M\u00e1s dif\u00edcil de observar en las especies de thelycum cerrado como el camar\u00f3n.<\/p>\n<p><b>Espinas:<\/b>\u00a0elementos de la cut\u00edcula r\u00edgidos y agudos, sin vellosidades debajo de la \u00f3rbita.<\/p>\n<p><b>Espina antenal:<\/b>\u00a0ubicada en el margen anterior, ligeramente debajo de la \u00f3rbita.<\/p>\n<p><b>Espina branquiostegal:<\/b>\u00a0ubicada sobre el margen anterior del caparaz\u00f3n entre las espinas antenal y terigost\u00f3mica.<\/p>\n<p><b>Espina hep\u00e1tica:<\/b>\u00a0ubicada en la regi\u00f3n media lateral del caparaz\u00f3n y debajo del surco cervical.<\/p>\n<p><b>Espina postorbital:<\/b>\u00a0ubicada a cierta distancia del margen medio orbital.<\/p>\n<p><b>Espina suborbital:<\/b>\u00a0ubicada levemente debajo de la mitad anterior de la \u00f3rbita,<\/p>\n<p><b>Espina supraorbital:<\/b>\u00a0(espinas supraoculares). Ubicada algo atr\u00e1s del margen orbital.<\/p>\n<p><b>Espina terigost\u00f3mica:<\/b>\u00a0ubicada sobre el \u00e1ngulo anterolateral del caparaz\u00f3n.<\/p>\n<p><b>Estatocisto:<\/b>\u00a0\u00f3rgano de equilibrio de los crust\u00e1ceos. En los Decapada est\u00e1n ubicados en la base de las ant\u00e9nulas. Se denomina estatolitos a las part\u00edculas ubicadas dentro del estatocisto.<\/p>\n<p><b>Estatolitos:<\/b>\u00a0part\u00edculas contenidas en los estatocistos, generalmente son granitos de arena.<\/p>\n<p><b>Esternito:<\/b>\u00a0superficie ventral del somito.<\/p>\n<p><b>Estetascos:<\/b>\u00a0quetas sensoriales ubicadas generalmente en la cara inferior del flagelo de la antena y ant\u00e9nula. En su interior lleva un filete nervioso sensible a los est\u00edmulos qu\u00edmicos.<\/p>\n<p><b>Estilocerito:<\/b>\u00a0proceso redondeado o espiciforme de la parte basal de la ant\u00e9nula. Escama antenular.<\/p>\n<p><b>\u00c9xito:<\/b>\u00a0l\u00f3bulo o proyecci\u00f3n que surge del margen externo del protopodito de un ap\u00e9ndice.<\/p>\n<p><b>Exoesqueleto:<\/b>\u00a0estructura calc\u00e1rea y quitinosa que recubre el cuerpo de los crust\u00e1ceos. Tegumento, cut\u00edcula.<\/p>\n<p><b>Exopodito:<\/b>\u00a0rama externa del ap\u00e9ndice birramoso. Bien manifiesto en los estadios larvales o primeras postlarvas. En el adulto puede desaparecer o quedar muy reducido.<\/p>\n<p><b>Familia:<\/b>\u00a0incluye g\u00e9neros diferentes con cierta afinidad morfol\u00f3gica<\/p>\n<p><b>Filobranquia:<\/b>\u00a0branquia con filamentos en forma de hoja.<\/p>\n<p><b>G\u00e9nero:<\/b>\u00a0que incluye una o m\u00e1s especies con caracteres comunes.<\/p>\n<p><b>Gl\u00e1ndula verde:<\/b>\u00a0gl\u00e1ndula antenal.<\/p>\n<p><b>Gnat\u00f3podo:\u00a0<\/b>dos primeros ap\u00e9ndices tor\u00e1cicos de anf\u00edpodos, generalmente adaptados para apretar.<\/p>\n<p><b>H\u00e1bitat:<\/b>\u00a0lugar en cual vive una especie<\/p>\n<p><b>Intermareal:<\/b>\u00a0regi\u00f3n comprendida entre las bajas y altas mareas normales<\/p>\n<p><b>Isquiopodito:<\/b>\u00a0tercer segmento del perei\u00f3podo o primer segmento del endopodito del ap\u00e9ndice que se articula con el basipodito.<\/p>\n<p><b>Labro:<\/b>\u00a0borde bucal superior situado ante o sobre las mand\u00edbulas.<\/p>\n<p><b>L\u00e1mina tergo-lateral:<\/b>\u00a0tambi\u00e9n denominada pleura o ep\u00edmero. Corresponde a la prolongaci\u00f3n del caparaz\u00f3n de cada somito del abdomen.<\/p>\n<p><b>Largo del caparaz\u00f3n:<\/b>\u00a0(LC). Se mide desde la \u00f3rbita ocular hasta la parte distal medio del caparaz\u00f3n.<\/p>\n<p><b>Largo total:<\/b>\u00a0(LT). Se mide desde la punta del rostro al extremo del telson.<\/p>\n<p><b>L\u00ednea tal\u00e1sica:<\/b>\u00a0surco longitudinal o l\u00ednea no calcificada que se extiende a lo largo del caparaz\u00f3n, en la parte dorsal de la mayor\u00eda de los crust\u00e1ceos talas\u00ednidos y callan\u00e1sidos.<\/p>\n<p><b>Litoral:<\/b>\u00a0zona del oc\u00e9ano que comprende la plataforma continental hasta una profundidad promedio de hasta 200 m.<\/p>\n<p><b>Malacostraco:<\/b>\u00a0clase de crust\u00e1ceos que engloba a los que generalmente se conocen como crust\u00e1ceos superiores: anf\u00edpodos, is\u00f3podos, dec\u00e1podos, cum\u00e1ceos, etc.<\/p>\n<p><b>Mand\u00edbula:<\/b>\u00a0corresponde al tercer par de ap\u00e9ndices cef\u00e1licos, adaptadas para moler o triturar..<\/p>\n<p><b>Mastigobranquia:<\/b>\u00a0proceso presente en la regi\u00f3n basal del ap\u00e9ndice tor\u00e1cico de algunos crust\u00e1ceos dec\u00e1podos y que aparentemente tiene una funci\u00f3n mec\u00e1nica en el movimiento del agua en la c\u00e1mara branquial. M\u00e1s conocido como epipodito.<\/p>\n<p><b>Maxila:<\/b>\u00a0ap\u00e9ndice del quinto somito cef\u00e1lico, que coadyuva en la alimentaci\u00f3n. Segunda maxila.<\/p>\n<p><b>Maxil\u00edpodo:<\/b>\u00a0ap\u00e9ndice tor\u00e1cico que, por fusi\u00f3n de segmentos en los crust\u00e1ceos m\u00e1s evolucionados, se sit\u00faa sobre los ap\u00e9ndices bucales.<\/p>\n<p><b>Max\u00edlula:<\/b>\u00a0ap\u00e9ndice del cuarto somito cef\u00e1lico, que coadyuva en la alimentaci\u00f3n. Primera maxila.<\/p>\n<p><b>Megalopa:<\/b>\u00a0corresponde al estadio de postlarva en los Brachyura.<\/p>\n<p><b>Meropodito:<\/b>\u00a0cuarto segmento del perei\u00f3podo de un dec\u00e1podo.<\/p>\n<p><b>Muesca card\u00edaca:<\/b>\u00a0hendidura posterior del caparaz\u00f3n.<\/p>\n<p><b>Mysis:<\/b>\u00a0estadio larval de los pendidos que sigue al de protozoo, y finaliza en la postlarva. Equivalente a la zoea.<\/p>\n<p><b>Nauplius:<\/b>\u00a0(pl. nauplii). Primer estadio larval de los Penaeoidea y otros crust\u00e1ceos interiores. De organizaci\u00f3n muy simple y constituido por 3 pares de ap\u00e9ndices (ant\u00e9nulas, antenas y mand\u00edbulas) que le sirven para la nataci\u00f3n.<\/p>\n<p><b>\u00d3rbita:<\/b>\u00a0cavidad en el caparaz\u00f3n para acomodaci\u00f3n de los ojos.<\/p>\n<p><b>Palma:<\/b>\u00a0parte ancha del propodito de los quel\u00edpedos. Mano.<\/p>\n<p><b>Palpo mandibular:<\/b>\u00a0estructura de la mand\u00edbula presente en algunas especies de malacostracos, que puede ser articulado.<\/p>\n<p><b>Patas ambulatorias:<\/b>\u00a0perei\u00f3podos.<\/p>\n<p><b>Ped\u00fanculo ocular:<\/b>\u00a0ped\u00fanculo m\u00f3vil que se articula con el c\u00e9falon, a veces formado por varios segmentos. Lleva los ojos compuestos en la parte distal.<\/p>\n<p><b>Pereion:<\/b>\u00a0t\u00f3rax. Tagma del cuerpo de los crust\u00e1ceos superiores ubicado entre el c\u00e9falon (cabeza) y el pleon (abdomen). El c\u00e9falon y el pereion se fusionan para formar el cefalopereion.<\/p>\n<p><b>Perei\u00f3podos:<\/b>\u00a0ap\u00e9ndices tor\u00e1cicos de los dec\u00e1podos que se utilizan para la locomoci\u00f3n.<\/p>\n<p><b>Petasma:<\/b>\u00a0estructura ubicada en el primer par de ple\u00f3podos de los peneidos machos. Surge de la modificaci\u00f3n de los endopoditos y tiene funci\u00f3n secundaria en la copulaci\u00f3n. En los adultos se unen estas estructuras mediante los retin\u00e1culos o cincinuli.<\/p>\n<p><b>Placa esternal:<\/b>\u00a0estructura ventral formada por todos los somitos del cuerpo.<\/p>\n<p><b>Placa rostral:<\/b>\u00a0proyecci\u00f3n cef\u00e1lica anterior.<\/p>\n<p><b>Ple\u00f3n:<\/b>\u00a0denominaci\u00f3n correcta del abdomen en los crust\u00e1ceos dec\u00e1podos.<\/p>\n<p><b>Ple\u00f3podos:<\/b>\u00a0pares de ap\u00e9ndices de los primeros cinco somitos abdominales, encargados del transporte de los huevos en las hembras y de los espermat\u00f3foros en los machos durante la c\u00f3pula, entre otras funciones.<\/p>\n<p>Pleotelson:<\/p>\n<p><b>Pleuras:<\/b>\u00a0son las porciones laterales de los segmentos abdominales.<\/p>\n<p><b>Pleurobranquia:<\/b>\u00a0est\u00e1 ubicada directamente sobre la pared del cuerpo, cerca de la articulaci\u00f3n de los ap\u00e9ndices.<\/p>\n<p><b>Podobranquia:<\/b>\u00a0se halla insertada en el coxopodito de alg\u00fan ap\u00e9ndice tor\u00e1cico. En general menos numerosas que los otros tipos de branquias.<\/p>\n<p><b>Postlarva:<\/b>\u00a0estadio postlarval de los Decapoda.<\/p>\n<p><b>Precoxopodito:<\/b>\u00a0primer segmento del protopodito de los ap\u00e9ndices de los malacostracos. Raramente distinguible y observable en hembras de Caridea que llevan los huevos sujetos a los ple\u00f3podos.<\/p>\n<p><b>Prensil:<\/b>\u00a0ap\u00e9ndice que tiene la capacidad de sujetar.<\/p>\n<p><b>Proceso incisor:<\/b>\u00a0proceso cortante de la mand\u00edbula.<\/p>\n<p><b>Proceso masticador:<\/b>\u00a0parte de la mand\u00edbula que tiene funci\u00f3n de masticaci\u00f3n en la alimentaci\u00f3n.<\/p>\n<p><b>Procesos laterales:<\/b>\u00a0proyecciones laterales.<\/p>\n<p><b>Propodito:<\/b>\u00a0sexto segmento del perei\u00f3podo de un Decapoda.<\/p>\n<p><b>Protopodito:<\/b>\u00a0regi\u00f3n basal del ap\u00e9ndice constituida por el precoxopodito, basipodito y coxopodito. M\u00e1s dif\u00edcil de distinguir es el primero porque generalmente est\u00e1 fusionado al somito. Al protopodito tambi\u00e9n se lo denomina simpodito.<\/p>\n<p><b>Protozoea:<\/b>\u00a0estadio larval de los pendidos que sigue al de nauplius y contin\u00faa con el de Mysis. Emplea los ap\u00e9ndices cef\u00e1licos para nadar.<\/p>\n<p><b>Quela:<\/b>\u00a0parte distal de los ap\u00e9ndices tor\u00e1cicos de los crust\u00e1ceos superiores en forma de pinza, formada por el propodito y el dactilopodito. Generalmente con un dedo fijo y otro m\u00f3vil.<\/p>\n<p><b>Quel\u00edpedo:<\/b>\u00a0primer par de perei\u00f3podos, provistos de quelas o pinzas.<\/p>\n<p><b>Regi\u00f3n antenal:<\/b>\u00a0corresponde al \u00e1rea del caparaz\u00f3n posterior a la antena.<\/p>\n<p><b>Regi\u00f3n anterolateral:<\/b>\u00a0parte lateral del caparaz\u00f3n que bordea la regi\u00f3n hep\u00e1tica.<\/p>\n<p><b>Regi\u00f3n branquial:<\/b>\u00a0se extiende posteriormente desde el margen infero-anterior del caparaz\u00f3n hasta el margen posterior cubriendo toda la zona de las branquias.<\/p>\n<p><b>Regi\u00f3n card\u00edaca:<\/b>\u00a0comprende el \u00e1rea p\u00f3stero-dorsal del caparaz\u00f3n, donde est\u00e1 ubicado el est\u00f3mago.<\/p>\n<p><b>Regi\u00f3n frontal:<\/b>\u00a0regi\u00f3n de ubicaci\u00f3n dorsal, continuando en el rostro.<\/p>\n<p><b>Regi\u00f3n g\u00e1strica:<\/b>\u00a0regi\u00f3n dorsal media del caparaz\u00f3n, donde est\u00e1 ubicado el est\u00f3mago.<\/p>\n<p><b>Regi\u00f3n hep\u00e1tica:<\/b>\u00a0\u00e1rea lateral del caparaz\u00f3n, lindante con las regiones g\u00e1strica, branquial y antenal.<\/p>\n<p><b>Regi\u00f3n orbital:<\/b>\u00a0corresponde al \u00e1rea del caparaz\u00f3n posterior al ojo.<\/p>\n<p><b>Regi\u00f3n terigost\u00f3mica:<\/b>\u00a0\u00e1rea \u00e1ntero-lateral de la superficie ventral del caparaz\u00f3n, ubicada a los costados de la boca.<\/p>\n<p><b>Rostro:<\/b>\u00a0proyecci\u00f3n anterior del cuerpo, r\u00edgida y ubicada entre los ojos. Generalmente con dientes en el margen inferior y superior.<\/p>\n<p><b>quetas:<\/b>\u00a0elementos de la cut\u00edcula originados por secreci\u00f3n de las c\u00e9lulas epid\u00e9rmicas. Tambi\u00e9n denominadas quetas o cerdas.<\/p>\n<p><b>quetas espinosas:<\/b>\u00a0r\u00edgidas y fuertemente calcificadas. En los primeros ap\u00e9ndices cumplen una funci\u00f3n importante en la filtraci\u00f3n de alimento.<\/p>\n<p><b>quetas ov\u00edgeras:<\/b>\u00a0largas, lisas y flexibles, caracter\u00edsticas de la hembra ov\u00edgera. Encargadas de mantener los huevos sujetos a los ple\u00f3podos mediante la producci\u00f3n de una sustancia adhesiva.<\/p>\n<p><b>quetas plumosas:<\/b>\u00a0delgadas, flexibles, poco calcificadas, rodeadas por una fina vellosidad. Ubicadas especialmente en los ap\u00e9ndices.<\/p>\n<p><b>quetas sensoriales:<\/b>\u00a0ubicadas en la cara inferior del flagelo de la antena. Existen dos por cada segmento y son cil\u00edndricas, huecas y de terminaci\u00f3n roma. En su interior llevan un filete nervioso.<\/p>\n<p><b>Segmento:<\/b>\u00a0corresponde a cada una de las articulaciones de los ap\u00e9ndices. Tambi\u00e9n se suele denominar de este modo a los somitos del cuerpo de un crust\u00e1ceo, pero no es la designaci\u00f3n m\u00e1s apropiada.<\/p>\n<p><b>Simpodito:<\/b>\u00a0ver protopodito.<\/p>\n<p><b>Somito:<\/b>\u00a0la divisi\u00f3n metam\u00e9rica del cuerpo de un crust\u00e1ceo est\u00e1 constituida por somitos. Cada somito normalmente lleva un par de ap\u00e9ndices bifurcados. En el cefalopereion estos somitos est\u00e1n fusionados y recubiertos por el caparaz\u00f3n, s\u00f3lo se reconocen por la presencia de los ap\u00e9ndices. En el abdomen o pleon, y especialmente en los camarones y langostinos, la divisi\u00f3n metam\u00e9rica es evidente, pudi\u00e9ndose distinguir los somitos.<\/p>\n<p><b>Subquela:<\/b>\u00a0estructura prensil presente en algunos ap\u00e9ndices tor\u00e1cicos de los crust\u00e1ceos superiores, formada por el dactilopodito y el propodito, pero que no tiene la funcionalidad de una quela normal.<\/p>\n<p><b>Surcos del caparaz\u00f3n:<\/b>\u00a0acanaladura de distinta profundidad y ubicaci\u00f3n que se observa en el caparaz\u00f3n y abdomen de los crust\u00e1ceos. Toma el nombre de la regi\u00f3n del cuerpo donde est\u00e1 ubicada.<\/p>\n<p><b>Tagma:<\/b>\u00a0(pl. tagmata). Corresponde a las divisiones mayores del cuerpo de un crust\u00e1ceo: c\u00e9falon, pereion y pleon.<\/p>\n<p><b>Telson:<\/b>\u00a0estructura terminal del cuerpo de los crust\u00e1ceos superiores, no es considerado un verdadero somito. \u00daltimo segmento abdominal.<\/p>\n<p><b>Thelycum:<\/b>\u00a0(t\u00e9lico). Es la superficie rugosa, con varias protuberancias que se extienden sobre las placas esternales de los somitos XI-XIII de las hembras de los peneidos. (Hay especies de t\u00e9lico abierto como\u00a0<em>Pleoticus muelleri<\/em>\u00a0en las que se observa perfectamente el espermat\u00f3foro externo, y especies de t\u00e9lido cerrado, como\u00a0<em>Artemisia longinaris<\/em>, en las que el espermat\u00f3foro queda oculto).<\/p>\n<p><b>Tricobranquia:<\/b>\u00a0branquia con un eje constituido por proyecciones filamentosas, en langostas, Caridea y Brachyura.<\/p>\n<p><b>Tub\u00e9rculo:<\/b>\u00a0gr\u00e1nulo. Proyecciones de distinto tama\u00f1o y forma, en la superficie del caparaz\u00f3n y abdomen de los Decapoda.<\/p>\n<p><b>Unirremo:<\/b>\u00a0con s\u00f3lo una rama.<\/p>\n<p><b>Ur\u00f3podos:<\/b>\u00a0ap\u00e9ndices abdominales que corresponden al sexto segmento.<\/p>\n<p><b>Zoea:<\/b>\u00a0primer estadio larval de los Caridea, Anomura y Brachyura. Se caracteriza por tener exopoditos en los ap\u00e9ndices tor\u00e1cicos que le sirven para nadar.<\/p>\n","protected":false},"excerpt":{"rendered":"<p>Abanico caudal:\u00a0estructura para nadar o impulsarse. Formada por ur\u00f3podos y telson. Abdomen:\u00a0m\u00e1s correctamente pleon. Comprende los somitos o tagmata del cuerpo de un crust\u00e1ceo Decapada ubicados entre el perei\u00f3n o t\u00f3rax y el telson. Acron:\u00a0parte anterior del cuerpo que lleva los ojos. No es considerado un verdadero somito cef\u00e1lico. Antena:\u00a0segundo par de ap\u00e9ndices de la cabeza. Corresponde al segundo segmento cef\u00e1lico. Tambi\u00e9n denominadas primer par de antenas. Ant\u00e9nula:\u00a0primer par de ap\u00e9ndices de la cabeza. Corresponde al primer segmento cef\u00e1lico. Tambi\u00e9n denominadas primer par de antenas. Appendix interna:\u00a0elemento accesorio ubicado en el margen medio interno del endopodito del segundo a quinto [&hellip;]<\/p>\n","protected":false},"author":1,"featured_media":0,"parent":39,"menu_order":5,"comment_status":"closed","ping_status":"closed","template":"plantilla-minisitio_contenido.php","meta":{"footnotes":""},"class_list":["post-91","page","type-page","status-publish","hentry"],"_links":{"self":[{"href":"https:\/\/www.ifop.cl\/macrofauna\/wp-json\/wp\/v2\/pages\/91"}],"collection":[{"href":"https:\/\/www.ifop.cl\/macrofauna\/wp-json\/wp\/v2\/pages"}],"about":[{"href":"https:\/\/www.ifop.cl\/macrofauna\/wp-json\/wp\/v2\/types\/page"}],"author":[{"embeddable":true,"href":"https:\/\/www.ifop.cl\/macrofauna\/wp-json\/wp\/v2\/users\/1"}],"replies":[{"embeddable":true,"href":"https:\/\/www.ifop.cl\/macrofauna\/wp-json\/wp\/v2\/comments?post=91"}],"version-history":[{"count":2,"href":"https:\/\/www.ifop.cl\/macrofauna\/wp-json\/wp\/v2\/pages\/91\/revisions"}],"predecessor-version":[{"id":524,"href":"https:\/\/www.ifop.cl\/macrofauna\/wp-json\/wp\/v2\/pages\/91\/revisions\/524"}],"up":[{"embeddable":true,"href":"https:\/\/www.ifop.cl\/macrofauna\/wp-json\/wp\/v2\/pages\/39"}],"wp:attachment":[{"href":"https:\/\/www.ifop.cl\/macrofauna\/wp-json\/wp\/v2\/media?parent=91"}],"curies":[{"name":"wp","href":"https:\/\/api.w.org\/{rel}","templated":true}]}}