{"id":75,"date":"2017-11-23T14:23:02","date_gmt":"2017-11-23T14:23:02","guid":{"rendered":"https:\/\/www.ifop.cl\/macrofauna\/?page_id=75"},"modified":"2025-06-03T16:22:26","modified_gmt":"2025-06-03T16:22:26","slug":"coleccion-de-crustaceos","status":"publish","type":"page","link":"https:\/\/www.ifop.cl\/macrofauna\/coleccion-de-especies\/coleccion-de-crustaceos\/","title":{"rendered":"Colecci\u00f3n de Crust\u00e1ceos"},"content":{"rendered":"<p><b>Artrophoda<\/b><\/p>\n<p>Crustacea es un subfilum de Artrophoda, el grupo incluye langostas, cangrejos, camarones, krill, picorocos, pulgas de mar, cop\u00e9podos, ostr\u00e1codos, lepas, entre otros. Los crust\u00e1ceos son principalmente acu\u00e1ticos y habitan diferentes ambientes: agua dulce, salobre y en el medio marino, desde la l\u00ednea de marea hasta la regi\u00f3n abisal (6.000 m.) (Retamal, 2000); unos pocos han colonizado el medio terrestre, como el chanchito de tierra (is\u00f3podo). La forma del cuerpo var\u00eda de acuerdo al grupo de crust\u00e1ceos que se trate, la \u00fanica caracter\u00edstica que comparten es la posesi\u00f3n de dos pares de antenas en alguna etapa de su ciclo de vida. Respiran por medio de branquias y presentan un exoesqueleto de quitina y carbonato de calcio, a medida que crecen deben desprenderse de \u00e9l y producir uno m\u00e1s grande, lo que se llama muda. Los crust\u00e1ceos mudan a medida que crecen durante toda su vida. El cuerpo est\u00e1 formado por un n\u00famero variable de met\u00e1meros o segmentos, el cuerpo est\u00e1 dividido normalmente en tres regiones: cefal\u00f3n (cabeza), t\u00f3rax (pereion) y pleon (abdomen), aunque normalmente los primeros segmentos del t\u00f3rax se unen a la cabeza formando el cefalot\u00f3rax.<\/p>\n<p>Retamal (2000) reconoce la presencia de aproximadamente 254 especies publicadas y CONAMA (2006) menciona 606 especies de crust\u00e1ceos para Chile.<\/p>\n","protected":false},"excerpt":{"rendered":"<p>Artrophoda Crustacea es un subfilum de Artrophoda, el grupo incluye langostas, cangrejos, camarones, krill, picorocos, pulgas de mar, cop\u00e9podos, ostr\u00e1codos, lepas, entre otros. Los crust\u00e1ceos son principalmente acu\u00e1ticos y habitan diferentes ambientes: agua dulce, salobre y en el medio marino, desde la l\u00ednea de marea hasta la regi\u00f3n abisal (6.000 m.) (Retamal, 2000); unos pocos han colonizado el medio terrestre, como el chanchito de tierra (is\u00f3podo). La forma del cuerpo var\u00eda de acuerdo al grupo de crust\u00e1ceos que se trate, la \u00fanica caracter\u00edstica que comparten es la posesi\u00f3n de dos pares de antenas en alguna etapa de su ciclo de [&hellip;]<\/p>\n","protected":false},"author":1,"featured_media":0,"parent":39,"menu_order":2,"comment_status":"closed","ping_status":"closed","template":"plantilla_dendograma_crustaceos_2025.php","meta":{"footnotes":""},"class_list":["post-75","page","type-page","status-publish","hentry"],"_links":{"self":[{"href":"https:\/\/www.ifop.cl\/macrofauna\/wp-json\/wp\/v2\/pages\/75"}],"collection":[{"href":"https:\/\/www.ifop.cl\/macrofauna\/wp-json\/wp\/v2\/pages"}],"about":[{"href":"https:\/\/www.ifop.cl\/macrofauna\/wp-json\/wp\/v2\/types\/page"}],"author":[{"embeddable":true,"href":"https:\/\/www.ifop.cl\/macrofauna\/wp-json\/wp\/v2\/users\/1"}],"replies":[{"embeddable":true,"href":"https:\/\/www.ifop.cl\/macrofauna\/wp-json\/wp\/v2\/comments?post=75"}],"version-history":[{"count":5,"href":"https:\/\/www.ifop.cl\/macrofauna\/wp-json\/wp\/v2\/pages\/75\/revisions"}],"predecessor-version":[{"id":765,"href":"https:\/\/www.ifop.cl\/macrofauna\/wp-json\/wp\/v2\/pages\/75\/revisions\/765"}],"up":[{"embeddable":true,"href":"https:\/\/www.ifop.cl\/macrofauna\/wp-json\/wp\/v2\/pages\/39"}],"wp:attachment":[{"href":"https:\/\/www.ifop.cl\/macrofauna\/wp-json\/wp\/v2\/media?parent=75"}],"curies":[{"name":"wp","href":"https:\/\/api.w.org\/{rel}","templated":true}]}}