{"id":216,"date":"2019-09-11T10:53:57","date_gmt":"2019-09-11T10:53:57","guid":{"rendered":"https:\/\/www.ifop.cl\/macrofauna\/?page_id=216"},"modified":"2025-06-03T16:24:57","modified_gmt":"2025-06-03T16:24:57","slug":"links-de-interes-2","status":"publish","type":"page","link":"https:\/\/www.ifop.cl\/macrofauna\/links-de-interes-2\/","title":{"rendered":"Links de inter\u00e9s"},"content":{"rendered":"<p><b>Normativa Ambiental<\/b><\/p>\n<p><b>Ley General de Pesca y Acuicultura (texto actualizado incorpora modificaci\u00f3n Ley N\u00b0 21.134)<\/b><\/p>\n<ul>\n<li><a href=\"http:\/\/www.subpesca.cl\/portal\/615\/w3-article-88020.html\" target=\"_blank\" rel=\"noopener\" data-saferedirecturl=\"https:\/\/www.google.com\/url?q=http:\/\/www.subpesca.cl\/portal\/615\/w3-article-88020.html&amp;source=gmail&amp;ust=1568227417103000&amp;usg=AFQjCNFrkUsHakA7HtpGNHOUx4JAT9zPyA\">http:\/\/www.subpesca.cl\/portal\/615\/w3-article-88020.html<\/a><\/li>\n<li><a href=\"http:\/\/www.macrofauna.cl\/documentos\/19300-ley%20bases%20grles%20medio%20ambte.pdf\" target=\"_blank\" rel=\"noopener\" data-saferedirecturl=\"https:\/\/www.google.com\/url?q=http:\/\/www.macrofauna.cl\/documentos\/19300-ley%2520bases%2520grles%2520medio%2520ambte.pdf&amp;source=gmail&amp;ust=1568227417103000&amp;usg=AFQjCNFq1wMtQbqXjpPsu6hu5GCL7Q1w_g\">Ley sobre Bases Generales del Medio Ambiente<\/a><\/li>\n<li><a href=\"https:\/\/www.leychile.cl\/Navegar?idNorma=30667\" target=\"_blank\" rel=\"noopener\" data-saferedirecturl=\"https:\/\/www.google.com\/url?q=https:\/\/www.leychile.cl\/Navegar?idNorma%3D30667&amp;source=gmail&amp;ust=1568227417104000&amp;usg=AFQjCNHaQwYm5282vLsn65zQkaUhLzA-IA\">https:\/\/www.leychile.cl\/Navegar?idNorma=30667<\/a><\/li>\n<li><a href=\"http:\/\/www.macrofauna.cl\/documentos\/320-01%5b1%5d.con%20sus%20modificaciones.pdf\" target=\"_blank\" rel=\"noopener\" data-saferedirecturl=\"https:\/\/www.google.com\/url?q=http:\/\/www.macrofauna.cl\/documentos\/320-01%255b1%255d.con%2520sus%2520modificaciones.pdf&amp;source=gmail&amp;ust=1568227417104000&amp;usg=AFQjCNHt7Yr3bHijHQupZvSGHJ-YAE6imA\">Reglamento ambiental para la Acuicultura 320-01<\/a>\u00a0(actualizado)<\/li>\n<li><a href=\"http:\/\/www.subpesca.cl\/portal\/615\/w3-article-7194.html\" target=\"_blank\" rel=\"noopener\" data-saferedirecturl=\"https:\/\/www.google.com\/url?q=http:\/\/www.subpesca.cl\/portal\/615\/w3-article-7194.html&amp;source=gmail&amp;ust=1568227417104000&amp;usg=AFQjCNF7t8xy0Psp1-iBvhXEdXnucqKGbg\">http:\/\/www.subpesca.cl\/portal\/615\/w3-article-7194.html<\/a><\/li>\n<\/ul>\n<p><b> EX. N\u00b0 3612-2009 Aprueba Resoluci\u00f3n que Fija las Metodolog\u00edas para Elaborar la Caracterizaci\u00f3n Preliminar de Sitio (CPS) y la Informaci\u00f3n Ambiental (INFA). (F.D.O. 06-11-2009). (Con Modificaciones. Res. Ex. N\u00ba 3002-2018).<\/b><\/p>\n<ul>\n<li><a href=\"http:\/\/www.subpesca.cl\/portal\/615\/w3-article-10517.html\" target=\"_blank\" rel=\"noopener\" data-saferedirecturl=\"https:\/\/www.google.com\/url?q=http:\/\/www.subpesca.cl\/portal\/615\/w3-article-10517.html&amp;source=gmail&amp;ust=1568227417104000&amp;usg=AFQjCNFGtqKteXGeCSNiy10mdGlC1WNs0g\">http:\/\/www.subpesca.cl\/portal\/615\/w3-article-10517.html<\/a><\/li>\n<\/ul>\n<p><b>Pol\u00edtica Nacional de Acuicultura (PNA)<\/b><\/p>\n<ul>\n<li><a href=\"http:\/\/www.subpesca.cl\/portal\/616\/w3-article-60019.html\" target=\"_blank\" rel=\"noopener\" data-saferedirecturl=\"https:\/\/www.google.com\/url?q=http:\/\/www.subpesca.cl\/portal\/616\/w3-article-60019.html&amp;source=gmail&amp;ust=1568227417104000&amp;usg=AFQjCNGHJl72hpCNnYPBNHdydYG13-7fAg\">http:\/\/www.subpesca.cl\/portal\/616\/w3-article-60019.html<\/a><\/li>\n<\/ul>\n<p>&nbsp;<\/p>\n<p><b>Reglamento del sistema de evaluaci\u00f3n de impacto ambiental<\/b><\/p>\n<ul>\n<li><a href=\"http:\/\/www.leychile.cl\/Navegar?idNorma=205385\" target=\"_blank\" rel=\"noopener\" data-saferedirecturl=\"https:\/\/www.google.com\/url?q=http:\/\/www.leychile.cl\/Navegar?idNorma%3D205385&amp;source=gmail&amp;ust=1568227417104000&amp;usg=AFQjCNEzX8R1zjaYWiPhh8nxexfsvg1P4g\">D.S. N\u00ba 95, de 2001, de MINSEGPRES, Reglamento del Sistema de Evaluaci\u00f3n de Impacto Ambiental<\/a><\/li>\n<li><a href=\"https:\/\/www.sea.gob.cl\/sites\/default\/files\/migration_files\/dto-40_12-ago-2013.pdf\" target=\"_blank\" rel=\"noopener\" data-saferedirecturl=\"https:\/\/www.google.com\/url?q=https:\/\/www.sea.gob.cl\/sites\/default\/files\/migration_files\/dto-40_12-ago-2013.pdf&amp;source=gmail&amp;ust=1568227417104000&amp;usg=AFQjCNGODpSd44ASNorssNCW8n27J__4pA\">D.S. N\u00ba 40, de 2012, del Ministerio del Medio Ambiente, Reglamento del Sistema de Evaluaci\u00f3n de Impacto Ambiental<\/a><\/li>\n<li><a href=\"https:\/\/www.sea.gob.cl\/documentacion\/permisos-autorizaciones-ambientales\/normativa-ambiental-aplicable\" target=\"_blank\" rel=\"noopener\" data-saferedirecturl=\"https:\/\/www.google.com\/url?q=https:\/\/www.sea.gob.cl\/documentacion\/permisos-autorizaciones-ambientales\/normativa-ambiental-aplicable&amp;source=gmail&amp;ust=1568227417104000&amp;usg=AFQjCNE4CIjJVHsewFwKPLnwP41SdbIu_A\">https:\/\/www.sea.gob.cl\/documentacion\/permisos-autorizaciones-ambientales\/normativa-ambiental-aplicable<\/a><\/li>\n<\/ul>\n","protected":false},"excerpt":{"rendered":"<p>Normativa Ambiental Ley General de Pesca y Acuicultura (texto actualizado incorpora modificaci\u00f3n Ley N\u00b0 21.134) http:\/\/www.subpesca.cl\/portal\/615\/w3-article-88020.html Ley sobre Bases Generales del Medio Ambiente https:\/\/www.leychile.cl\/Navegar?idNorma=30667 Reglamento ambiental para la Acuicultura 320-01\u00a0(actualizado) http:\/\/www.subpesca.cl\/portal\/615\/w3-article-7194.html EX. N\u00b0 3612-2009 Aprueba Resoluci\u00f3n que Fija las Metodolog\u00edas para Elaborar la Caracterizaci\u00f3n Preliminar de Sitio (CPS) y la Informaci\u00f3n Ambiental (INFA). (F.D.O. 06-11-2009). (Con Modificaciones. Res. Ex. N\u00ba 3002-2018). http:\/\/www.subpesca.cl\/portal\/615\/w3-article-10517.html Pol\u00edtica Nacional de Acuicultura (PNA) http:\/\/www.subpesca.cl\/portal\/616\/w3-article-60019.html &nbsp; Reglamento del sistema de evaluaci\u00f3n de impacto ambiental D.S. N\u00ba 95, de 2001, de MINSEGPRES, Reglamento del Sistema de Evaluaci\u00f3n de Impacto Ambiental D.S. N\u00ba 40, de 2012, del Ministerio del [&hellip;]<\/p>\n","protected":false},"author":1,"featured_media":0,"parent":0,"menu_order":0,"comment_status":"closed","ping_status":"closed","template":"plantilla-minisitio_contenido.php","meta":{"footnotes":""},"class_list":["post-216","page","type-page","status-publish","hentry"],"_links":{"self":[{"href":"https:\/\/www.ifop.cl\/macrofauna\/wp-json\/wp\/v2\/pages\/216"}],"collection":[{"href":"https:\/\/www.ifop.cl\/macrofauna\/wp-json\/wp\/v2\/pages"}],"about":[{"href":"https:\/\/www.ifop.cl\/macrofauna\/wp-json\/wp\/v2\/types\/page"}],"author":[{"embeddable":true,"href":"https:\/\/www.ifop.cl\/macrofauna\/wp-json\/wp\/v2\/users\/1"}],"replies":[{"embeddable":true,"href":"https:\/\/www.ifop.cl\/macrofauna\/wp-json\/wp\/v2\/comments?post=216"}],"version-history":[{"count":5,"href":"https:\/\/www.ifop.cl\/macrofauna\/wp-json\/wp\/v2\/pages\/216\/revisions"}],"predecessor-version":[{"id":222,"href":"https:\/\/www.ifop.cl\/macrofauna\/wp-json\/wp\/v2\/pages\/216\/revisions\/222"}],"wp:attachment":[{"href":"https:\/\/www.ifop.cl\/macrofauna\/wp-json\/wp\/v2\/media?parent=216"}],"curies":[{"name":"wp","href":"https:\/\/api.w.org\/{rel}","templated":true}]}}