{"id":7,"date":"2016-01-26T12:56:18","date_gmt":"2016-01-26T12:56:18","guid":{"rendered":"http:\/\/192.168.168.168\/~mmasesorias\/laboratorioedadycrecimiento\/?page_id=7"},"modified":"2025-06-09T10:20:24","modified_gmt":"2025-06-09T14:20:24","slug":"historia","status":"publish","type":"page","link":"https:\/\/www.ifop.cl\/laboratorioedadycrecimiento\/acerca-de-la-seccion\/historia\/","title":{"rendered":"Historia"},"content":{"rendered":"La informaci\u00f3n de la edad de los recursos hidrobiol\u00f3gicos, es una de las variables de mayor relevancia en los modelos de evaluaci\u00f3n del stock para el c\u00e1lculo de las CTP, lo que posibilita el desarrollo de una econom\u00eda sustentable.<\/p>\n<p>En ese marco de acci\u00f3n, la Secci\u00f3n de Edad y Crecimiento de IFOP, desde el a\u00f1o 1965, es la unidad de investigaci\u00f3n cient\u00edfica aplicada que a nivel nacional, en forma sistem\u00e1tica y sostenida, viene realizando las estimaciones de edad en peces con fines regulatorios, basada en la identificaci\u00f3n de anillos de crecimiento, principalmente en otolitos.<\/p>\n<p>En un comienzo, la Secci\u00f3n realizaba sus funciones en la ciudad de Santiago, lugar en el que se ubicaba el edificio institucional de IFOP. Con la regionalizaci\u00f3n que experiment\u00f3 el Instituto en el a\u00f1o 1992, la Secci\u00f3n se traslada a Talcahuano, para luego en 1996 ubicarse en forma definitiva en Valpara\u00edso.<\/p>\n<p>El estudio de las estructuras duras comprend\u00eda inicialmente otolitos y escamas, sin embargo, nuevos requerimientos de an\u00e1lisis de diversas especies, han permitido incorporar estudios sobre otras estructuras duras como v\u00e9rtebras y espinas.<\/p>\n<p>Para tales efectos cuenta con un laboratorio especializado en Valpara\u00edso, y en el que se desempe\u00f1an 16 profesionales y t\u00e9cnicos, que en la actualidad analizan no menos de 30.000 otolitos al a\u00f1o.","protected":false},"excerpt":{"rendered":"<p>La informaci\u00f3n de la edad de los recursos hidrobiol\u00f3gicos, es una de las variables de mayor relevancia en los modelos de evaluaci\u00f3n del stock para el c\u00e1lculo de las CTP, lo que posibilita el desarrollo de una econom\u00eda sustentable. En ese marco de acci\u00f3n, la Secci\u00f3n de Edad y Crecimiento de IFOP, desde el a\u00f1o 1965, es la unidad de investigaci\u00f3n cient\u00edfica aplicada que a nivel nacional, en forma sistem\u00e1tica y sostenida, viene realizando las estimaciones de edad en peces con fines regulatorios, basada en la identificaci\u00f3n de anillos de crecimiento, principalmente en otolitos. En un comienzo, la Secci\u00f3n realizaba [&hellip;]<\/p>\n","protected":false},"author":1,"featured_media":0,"parent":251,"menu_order":0,"comment_status":"closed","ping_status":"closed","template":"plantilla-minisitio_contenido.php","meta":{"footnotes":""},"class_list":["post-7","page","type-page","status-publish","hentry"],"_links":{"self":[{"href":"https:\/\/www.ifop.cl\/laboratorioedadycrecimiento\/wp-json\/wp\/v2\/pages\/7"}],"collection":[{"href":"https:\/\/www.ifop.cl\/laboratorioedadycrecimiento\/wp-json\/wp\/v2\/pages"}],"about":[{"href":"https:\/\/www.ifop.cl\/laboratorioedadycrecimiento\/wp-json\/wp\/v2\/types\/page"}],"author":[{"embeddable":true,"href":"https:\/\/www.ifop.cl\/laboratorioedadycrecimiento\/wp-json\/wp\/v2\/users\/1"}],"replies":[{"embeddable":true,"href":"https:\/\/www.ifop.cl\/laboratorioedadycrecimiento\/wp-json\/wp\/v2\/comments?post=7"}],"version-history":[{"count":1,"href":"https:\/\/www.ifop.cl\/laboratorioedadycrecimiento\/wp-json\/wp\/v2\/pages\/7\/revisions"}],"predecessor-version":[{"id":8,"href":"https:\/\/www.ifop.cl\/laboratorioedadycrecimiento\/wp-json\/wp\/v2\/pages\/7\/revisions\/8"}],"up":[{"embeddable":true,"href":"https:\/\/www.ifop.cl\/laboratorioedadycrecimiento\/wp-json\/wp\/v2\/pages\/251"}],"wp:attachment":[{"href":"https:\/\/www.ifop.cl\/laboratorioedadycrecimiento\/wp-json\/wp\/v2\/media?parent=7"}],"curies":[{"name":"wp","href":"https:\/\/api.w.org\/{rel}","templated":true}]}}