{"id":57,"date":"2016-01-26T13:17:41","date_gmt":"2016-01-26T13:17:41","guid":{"rendered":"http:\/\/192.168.168.168\/~mmasesorias\/laboratorioedadycrecimiento\/?page_id=57"},"modified":"2025-06-09T10:20:31","modified_gmt":"2025-06-09T14:20:31","slug":"informes-y-publicaciones","status":"publish","type":"page","link":"https:\/\/www.ifop.cl\/laboratorioedadycrecimiento\/informes-y-publicaciones\/","title":{"rendered":"Informes y Publicaciones"},"content":{"rendered":"<p>La Secci\u00f3n de Edad y Crecimiento del Instituto de Fomento Pesquero, realiza una importante transferencia de conocimiento de valor p\u00fablico, a trav\u00e9s de diversos informes y publicaciones, contenidas en <a href=\"https:\/\/www.ifop.cl\/laboratorioedadycrecimiento\/revistas-especializadas\/\">revistas especializadas<\/a>, <a href=\"https:\/\/www.ifop.cl\/laboratorioedadycrecimiento\/congresos\/\">presentaciones a congresos<\/a> e <a href=\"https:\/\/www.ifop.cl\/laboratorioedadycrecimiento\/informes-tecnicos\/\">informes t\u00e9cnicos<\/a>.<\/p>\n<p>Acceso listado de informes de:<br \/>\n<a class=\"btn btn-info btn-lg\" href=\"https:\/\/www.ifop.cl\/laboratorioedadycrecimiento\/revistas-especializadas\/\">revistas especializadas<\/a>  <a class=\"btn btn-info btn-lg\" href=\"https:\/\/www.ifop.cl\/laboratorioedadycrecimiento\/congresos\/\">presentaciones a congresos<\/a>  <a class=\"btn btn-info btn-lg\" href=\"https:\/\/www.ifop.cl\/laboratorioedadycrecimiento\/informes-tecnicos\/\">informes t\u00e9cnicos<\/a>","protected":false},"excerpt":{"rendered":"<p>La Secci\u00f3n de Edad y Crecimiento del Instituto de Fomento Pesquero, realiza una importante transferencia de conocimiento de valor p\u00fablico, a trav\u00e9s de diversos informes y publicaciones, contenidas en revistas especializadas, presentaciones a congresos e informes t\u00e9cnicos. Acceso listado de informes de: revistas especializadas presentaciones a congresos informes t\u00e9cnicos<\/p>\n","protected":false},"author":1,"featured_media":0,"parent":0,"menu_order":0,"comment_status":"open","ping_status":"open","template":"plantilla-minisitio_contenido.php","meta":{"footnotes":""},"class_list":["post-57","page","type-page","status-publish","hentry"],"_links":{"self":[{"href":"https:\/\/www.ifop.cl\/laboratorioedadycrecimiento\/wp-json\/wp\/v2\/pages\/57"}],"collection":[{"href":"https:\/\/www.ifop.cl\/laboratorioedadycrecimiento\/wp-json\/wp\/v2\/pages"}],"about":[{"href":"https:\/\/www.ifop.cl\/laboratorioedadycrecimiento\/wp-json\/wp\/v2\/types\/page"}],"author":[{"embeddable":true,"href":"https:\/\/www.ifop.cl\/laboratorioedadycrecimiento\/wp-json\/wp\/v2\/users\/1"}],"replies":[{"embeddable":true,"href":"https:\/\/www.ifop.cl\/laboratorioedadycrecimiento\/wp-json\/wp\/v2\/comments?post=57"}],"version-history":[{"count":16,"href":"https:\/\/www.ifop.cl\/laboratorioedadycrecimiento\/wp-json\/wp\/v2\/pages\/57\/revisions"}],"predecessor-version":[{"id":413,"href":"https:\/\/www.ifop.cl\/laboratorioedadycrecimiento\/wp-json\/wp\/v2\/pages\/57\/revisions\/413"}],"wp:attachment":[{"href":"https:\/\/www.ifop.cl\/laboratorioedadycrecimiento\/wp-json\/wp\/v2\/media?parent=57"}],"curies":[{"name":"wp","href":"https:\/\/api.w.org\/{rel}","templated":true}]}}