{"id":43,"date":"2016-01-26T13:14:11","date_gmt":"2016-01-26T13:14:11","guid":{"rendered":"http:\/\/192.168.168.168\/~mmasesorias\/laboratorioedadycrecimiento\/?page_id=43"},"modified":"2016-09-20T15:53:58","modified_gmt":"2016-09-20T15:53:58","slug":"software","status":"publish","type":"page","link":"https:\/\/www.ifop.cl\/laboratorioedadycrecimiento\/software\/","title":{"rendered":"Software"},"content":{"rendered":"Software que desarrolla el procesamiento digital de im\u00e1genes que contiene herramientas que permiten incrementar la precisi\u00f3n en el an\u00e1lisis de estructuras duras, desarrollando la investigaci\u00f3n y asegurando la calidad de la informaci\u00f3n.<\/p>\n<p><strong>Ficha T\u00e9cnica:<\/strong><\/p>\n<p>Equipo\u00a0: Software IMAGE PRO PLUS F\u00e1brica: Media Cibernetic Caracter\u00edsticas:<br \/>\nAdquiere Im\u00e1genes, analiza, mide, procesa y realza a trav\u00e9s de:<\/p>\n<ul>\n<li>Captura de Im\u00e1genes<\/li>\n<li>Maneja Memoria<\/li>\n<li>Procesa Im\u00e1genes<\/li>\n<li>Realza Im\u00e1genes<\/li>\n<li>Filtra Im\u00e1genes<\/li>\n<li>Transformaci\u00f3n R\u00e1pida de Fourier (FFT)<\/li>\n<li>Operaciones de Fluorescencia Tablas and Overlays<\/li>\n<li>Herramientas 3D<\/li>\n<li>Calibraci\u00f3n Espacial e Intensidad<\/li>\n<li>Clasifica Objetos<\/li>\n<li>Seguimiento de Objetos<\/li>\n<li>Medidas Espaciales<\/li>\n<li>An\u00e1lisis de Im\u00e1genes<\/li>\n<li>Anotaciones en Im\u00e1genes<\/li>\n<li>Database de Im\u00e1genes<\/li>\n<li>Generador de Reportes<\/li>\n<li>Publicaciones e Impresiones<\/li>\n<li>Soporta Internet<\/li>\n<li>Arreglo para casos particulares y Programaci\u00f3n Macro<\/li>\n<li>Soporta Formatos de Datos de Im\u00e1genes y Archivos<\/li>\n<\/ul>\n<p><strong>Sistema de An\u00e1lisis de Im\u00e1genes:<\/strong><\/p>\n<p><a href=\"http:\/\/192.168.168.168\/~mmasesorias\/laboratorioedadycrecimiento\/wp-content\/uploads\/sites\/3\/2016\/01\/Sistema_Analisis_Imagenes.jpg\" rel=\"43\"><img loading=\"lazy\" decoding=\"async\" class=\" size-medium wp-image-122 aligncenter\" src=\"http:\/\/192.168.168.168\/~mmasesorias\/laboratorioedadycrecimiento\/wp-content\/uploads\/sites\/3\/2016\/01\/Sistema_Analisis_Imagenes-300x225.jpg\" alt=\"Sistema_Analisis_Imagenes\" width=\"300\" height=\"225\" srcset=\"https:\/\/www.ifop.cl\/laboratorioedadycrecimiento\/wp-content\/uploads\/sites\/3\/2016\/01\/Sistema_Analisis_Imagenes-300x225.jpg 300w, https:\/\/www.ifop.cl\/laboratorioedadycrecimiento\/wp-content\/uploads\/sites\/3\/2016\/01\/Sistema_Analisis_Imagenes-160x120.jpg 160w, https:\/\/www.ifop.cl\/laboratorioedadycrecimiento\/wp-content\/uploads\/sites\/3\/2016\/01\/Sistema_Analisis_Imagenes.jpg 400w\" sizes=\"(max-width: 300px) 100vw, 300px\" \/><\/a>","protected":false},"excerpt":{"rendered":"<p>Software que desarrolla el procesamiento digital de im\u00e1genes que contiene herramientas que permiten incrementar la precisi\u00f3n en el an\u00e1lisis de estructuras duras, desarrollando la investigaci\u00f3n y asegurando la calidad de la informaci\u00f3n. Ficha T\u00e9cnica: Equipo\u00a0: Software IMAGE PRO PLUS F\u00e1brica: Media Cibernetic Caracter\u00edsticas: Adquiere Im\u00e1genes, analiza, mide, procesa y realza a trav\u00e9s de: Captura de Im\u00e1genes Maneja Memoria Procesa Im\u00e1genes Realza Im\u00e1genes Filtra Im\u00e1genes Transformaci\u00f3n R\u00e1pida de Fourier (FFT) Operaciones de Fluorescencia Tablas and Overlays Herramientas 3D Calibraci\u00f3n Espacial e Intensidad Clasifica Objetos Seguimiento de Objetos Medidas Espaciales An\u00e1lisis de Im\u00e1genes Anotaciones en Im\u00e1genes Database de Im\u00e1genes Generador de Reportes [&hellip;]<\/p>\n","protected":false},"author":1,"featured_media":0,"parent":0,"menu_order":0,"comment_status":"closed","ping_status":"closed","template":"","meta":{"footnotes":""},"class_list":["post-43","page","type-page","status-publish","hentry"],"_links":{"self":[{"href":"https:\/\/www.ifop.cl\/laboratorioedadycrecimiento\/wp-json\/wp\/v2\/pages\/43"}],"collection":[{"href":"https:\/\/www.ifop.cl\/laboratorioedadycrecimiento\/wp-json\/wp\/v2\/pages"}],"about":[{"href":"https:\/\/www.ifop.cl\/laboratorioedadycrecimiento\/wp-json\/wp\/v2\/types\/page"}],"author":[{"embeddable":true,"href":"https:\/\/www.ifop.cl\/laboratorioedadycrecimiento\/wp-json\/wp\/v2\/users\/1"}],"replies":[{"embeddable":true,"href":"https:\/\/www.ifop.cl\/laboratorioedadycrecimiento\/wp-json\/wp\/v2\/comments?post=43"}],"version-history":[{"count":2,"href":"https:\/\/www.ifop.cl\/laboratorioedadycrecimiento\/wp-json\/wp\/v2\/pages\/43\/revisions"}],"predecessor-version":[{"id":128,"href":"https:\/\/www.ifop.cl\/laboratorioedadycrecimiento\/wp-json\/wp\/v2\/pages\/43\/revisions\/128"}],"wp:attachment":[{"href":"https:\/\/www.ifop.cl\/laboratorioedadycrecimiento\/wp-json\/wp\/v2\/media?parent=43"}],"curies":[{"name":"wp","href":"https:\/\/api.w.org\/{rel}","templated":true}]}}