{"id":178,"date":"2016-02-23T15:29:33","date_gmt":"2016-02-23T15:29:33","guid":{"rendered":"http:\/\/192.168.168.168\/~mmasesorias\/laboratorioedadycrecimiento\/?page_id=178"},"modified":"2025-06-09T10:20:28","modified_gmt":"2025-06-09T14:20:28","slug":"videos","status":"publish","type":"page","link":"https:\/\/www.ifop.cl\/laboratorioedadycrecimiento\/videos\/","title":{"rendered":"Galeria de videos"},"content":{"rendered":"<div class=\"row\">\n<div class=\"col-md-4\">\n<p>An\u00e1lisis escama hidratada limpia<\/p>\n<p><video controls=\"controls\" width=\"320\"><source src=\"https:\/\/www.ifop.cl\/wp-content\/contenidos\/uploads\/video\/edadCrecimiento\/ehl.mp4\" type=\"video\/mp4\" \/>Su navegador no reproduce video en HTML5.<\/video><\/div>\n<div class=\"col-md-4\">\n<p>An\u00e1lisis imagen v\u00e9rtebra entera<\/p>\n<p><video controls=\"controls\" width=\"320\"><source src=\"https:\/\/www.ifop.cl\/wp-content\/contenidos\/uploads\/video\/edadCrecimiento\/ive.mp4\" type=\"video\/mp4\" \/>Su navegador no reproduce video en HTML5.<\/video><\/div>\n<div class=\"col-md-4\">\n<p>An\u00e1lisis l\u00e1mina fina longitudinal<\/p>\n<p><video controls=\"controls\" width=\"320\"><source src=\"https:\/\/www.ifop.cl\/wp-content\/contenidos\/uploads\/video\/edadCrecimiento\/lfl.mp4\" type=\"video\/mp4\" \/>Su navegador no reproduce video en HTML5.<\/video><\/div>\n<\/div>\n<div class=\"row\">\n<div class=\"col-md-4\">\n<p>An\u00e1lisis l\u00e1mina fina transversal<\/p>\n<p><video controls=\"controls\" width=\"320\"><source src=\"https:\/\/www.ifop.cl\/wp-content\/contenidos\/uploads\/video\/edadCrecimiento\/lft.mp4\" type=\"video\/mp4\" \/>Su navegador no reproduce video en HTML5.<\/video><\/div>\n<div class=\"col-md-4\">\n<p>An\u00e1lisis otolito entero<\/p>\n<p><video controls=\"controls\" width=\"320\"><source src=\"https:\/\/www.ifop.cl\/wp-content\/contenidos\/uploads\/video\/edadCrecimiento\/oe.mp4\" type=\"video\/mp4\" \/>Su navegador no reproduce video en HTML5.<\/video><\/div>\n<div class=\"col-md-4\">\n<p>An\u00e1lisis otolito entero hidratado<\/p>\n<p><video controls=\"controls\" width=\"320\"><source src=\"https:\/\/www.ifop.cl\/wp-content\/contenidos\/uploads\/video\/edadCrecimiento\/oeh.mp4\" type=\"video\/mp4\" \/>Su navegador no reproduce video en HTML5.<\/video><\/div>\n<\/div>\n<div class=\"row\">\n<div class=\"col-md-4\">\n<p>Otolito en molde de resina y seccionado longitudinal<\/p>\n<p><video controls=\"controls\" width=\"320\"><source src=\"https:\/\/www.ifop.cl\/wp-content\/contenidos\/uploads\/video\/edadCrecimiento\/omrsl.mp4\" type=\"video\/mp4\" \/>Su navegador no reproduce video en HTML5.<\/video><\/div>\n<div class=\"col-md-4\">\n<p>Otolito tostado inmerso en molde de resina y seccionado transversal<\/p>\n<p><video controls=\"controls\" width=\"320\"><source src=\"https:\/\/www.ifop.cl\/wp-content\/contenidos\/uploads\/video\/edadCrecimiento\/otmrst.mp4\" type=\"video\/mp4\" \/>Su navegador no reproduce video en HTML5.<\/video><\/div>\n<div class=\"col-md-4\">\n<p>An\u00e1lisis otolito seccionado pulido y tostado<\/p>\n<p><video controls=\"controls\" width=\"320\"><source src=\"https:\/\/www.ifop.cl\/wp-content\/contenidos\/uploads\/video\/edadCrecimiento\/spt.mp4\" type=\"video\/mp4\" \/>Su navegador no reproduce video en HTML5.<\/video><\/div>\n<\/div>","protected":false},"excerpt":{"rendered":"<p>An\u00e1lisis escama hidratada limpia Su navegador no reproduce video en HTML5. An\u00e1lisis imagen v\u00e9rtebra entera Su navegador no reproduce video en HTML5. An\u00e1lisis l\u00e1mina fina longitudinal Su navegador no reproduce video en HTML5. An\u00e1lisis l\u00e1mina fina transversal Su navegador no reproduce video en HTML5. An\u00e1lisis otolito entero Su navegador no reproduce video en HTML5. An\u00e1lisis otolito entero hidratado Su navegador no reproduce video en HTML5. Otolito en molde de resina y seccionado longitudinal Su navegador no reproduce video en HTML5. Otolito tostado inmerso en molde de resina y seccionado transversal Su navegador no reproduce video en HTML5. An\u00e1lisis otolito seccionado [&hellip;]<\/p>\n","protected":false},"author":1,"featured_media":0,"parent":0,"menu_order":0,"comment_status":"open","ping_status":"closed","template":"plantilla-minisitio_contenido.php","meta":{"footnotes":""},"class_list":["post-178","page","type-page","status-publish","hentry"],"_links":{"self":[{"href":"https:\/\/www.ifop.cl\/laboratorioedadycrecimiento\/wp-json\/wp\/v2\/pages\/178"}],"collection":[{"href":"https:\/\/www.ifop.cl\/laboratorioedadycrecimiento\/wp-json\/wp\/v2\/pages"}],"about":[{"href":"https:\/\/www.ifop.cl\/laboratorioedadycrecimiento\/wp-json\/wp\/v2\/types\/page"}],"author":[{"embeddable":true,"href":"https:\/\/www.ifop.cl\/laboratorioedadycrecimiento\/wp-json\/wp\/v2\/users\/1"}],"replies":[{"embeddable":true,"href":"https:\/\/www.ifop.cl\/laboratorioedadycrecimiento\/wp-json\/wp\/v2\/comments?post=178"}],"version-history":[{"count":14,"href":"https:\/\/www.ifop.cl\/laboratorioedadycrecimiento\/wp-json\/wp\/v2\/pages\/178\/revisions"}],"predecessor-version":[{"id":411,"href":"https:\/\/www.ifop.cl\/laboratorioedadycrecimiento\/wp-json\/wp\/v2\/pages\/178\/revisions\/411"}],"wp:attachment":[{"href":"https:\/\/www.ifop.cl\/laboratorioedadycrecimiento\/wp-json\/wp\/v2\/media?parent=178"}],"curies":[{"name":"wp","href":"https:\/\/api.w.org\/{rel}","templated":true}]}}