{"id":12,"date":"2018-10-05T02:56:59","date_gmt":"2018-10-05T02:56:59","guid":{"rendered":"https:\/\/www.ifop.cl\/enfoque-ecosistemico\/?page_id=12"},"modified":"2019-06-05T04:38:21","modified_gmt":"2019-06-05T04:38:21","slug":"documentacion-relacionada","status":"publish","type":"page","link":"https:\/\/www.ifop.cl\/enfoque-ecosistemico\/documentacion-relacionada\/","title":{"rendered":"Referencias bibliogr\u00e1ficas"},"content":{"rendered":"<p align=\"justify\"><span style=\"font-family: Calibri, sans-serif;\"><span style=\"font-size: medium;\"><span lang=\"en-US\">De Young, C.; Charles, A. &amp; Hjort, A. (2008). <\/span><\/span><\/span><span style=\"font-family: Calibri, sans-serif;\"><span style=\"font-size: medium;\"><span lang=\"en-US\"><em>Human dimensions of the ecosystem approach to fisheries: an overview of context, concepts, tools and methods<\/em><\/span><\/span><\/span><span style=\"font-family: Calibri, sans-serif;\"><span style=\"font-size: medium;\"><span lang=\"en-US\">. FAO Fisheries Technical Paper. No. 489. Rome, FAO. 2008. <\/span><\/span><\/span><span style=\"font-family: Calibri, sans-serif;\"><span style=\"font-size: medium;\">152p.<\/span><\/span> <span style=\"font-family: Calibri, sans-serif;\"><span style=\"font-size: medium;\">Recuperado de <\/span><\/span><span style=\"color: #0000ff;\"><u><a target=\"_Blank\" href=\"http:\/\/www.fao.org\/docrep\/pdf\/010\/i0163e\/i0163e.pdf\"><span style=\"font-family: Calibri, sans-serif;\"><span style=\"font-size: medium;\">http:\/\/www.fao.org\/docrep\/pdf\/010\/i0163e\/i0163e.pdf<\/span><\/span><\/a><\/u><\/span><\/p>\n<p align=\"justify\">&nbsp;<\/p>\n<p align=\"justify\"><span style=\"font-family: Calibri, sans-serif;\"><span style=\"font-size: medium;\">FAO. (2003). <\/span><\/span><span style=\"font-family: Calibri, sans-serif;\"><span style=\"font-size: medium;\"><span lang=\"en-US\">Fisheries Department. <\/span><\/span><\/span><span style=\"font-family: Calibri, sans-serif;\"><span style=\"font-size: medium;\"><span lang=\"en-US\"><em>The ecosystem approach to fisheries<\/em><\/span><\/span><\/span><span style=\"font-family: Calibri, sans-serif;\"><span style=\"font-size: medium;\"><span lang=\"en-US\">. FAO Technical Guidelines for Responsible Fisheries. No. 4, Suppl. <\/span><\/span><\/span><span style=\"font-family: Calibri, sans-serif;\"><span style=\"font-size: medium;\">2. Rome, FAO. 112 p. <\/span><\/span><span style=\"font-family: Calibri, sans-serif;\"><span style=\"font-size: medium;\">Recuperado de <\/span><\/span><span style=\"color: #0000ff;\"><u><a target=\"_Blank\" href=\"http:\/\/www.fao.org\/fishery\/publications\/technical-guidelines\/es\"><span style=\"font-family: Calibri, sans-serif;\"><span style=\"font-size: medium;\">http:\/\/www.fao.org\/fishery\/publications\/technical-guidelines\/es<\/span><\/span><\/a><\/u><\/span><\/p>\n<p align=\"justify\">&nbsp;<\/p>\n<p align=\"justify\"><span style=\"font-family: Calibri, sans-serif;\"><span style=\"font-size: medium;\">FAO. (2010). <\/span><\/span><span style=\"font-family: Calibri, sans-serif;\"><span style=\"font-size: medium;\"><em>La ordenaci&oacute;n pesquera. 2. El enfoque ecosist&eacute;mico de la pesca2.2 Dimensiones humanas del enfoque ecosist&eacute;mico de la pesca<\/em><\/span><\/span><span style=\"font-family: Calibri, sans-serif;\"><span style=\"font-size: medium;\">. FAO Orientaciones T&eacute;cnicas para la Pesca Responsable. No 4, Supl. 2,Add. 2. Roma, FAO. 2010. 94p.<\/span><\/span> <span style=\"color: #0000ff;\"><u><a target=\"_Blank\" href=\"http:\/\/www.fao.org\/3\/a-i1146s.html\"><span style=\"font-family: Calibri, sans-serif;\"><span style=\"font-size: medium;\"><span lang=\"en-US\">http:\/\/www.fao.org\/3\/a-i1146s.html<\/span><\/span><\/span><\/a><\/u><\/span><\/p>\n<p align=\"justify\">&nbsp;<\/p>\n<p align=\"justify\"><span style=\"font-family: Calibri, sans-serif;\"><span style=\"font-size: medium;\"><span lang=\"en-US\">FAO. (2015). <\/span><\/span><\/span><span style=\"font-family: Calibri, sans-serif;\"><span style=\"font-size: medium;\"><em>Enfoque ecosist&eacute;mico pesquero: Conceptos fundamentales y su aplicaci&oacute;n en pesquer&iacute;as de peque&ntilde;a escala de Am&eacute;rica Latina<\/em><\/span><\/span><span style=\"font-family: Calibri, sans-serif;\"><span style=\"font-size: medium;\">, por Omar Defeo. FAO Documento T&eacute;cnico de Pesca y Acuicultura No. 592. Roma, Italia. <\/span><\/span><span style=\"font-family: Calibri, sans-serif;\"><span style=\"font-size: medium;\">Recuperado de <\/span><\/span><span style=\"color: #0000ff;\"><u><a target=\"_Blank\" href=\"http:\/\/www.fao.org\/3\/a-i4775s.pdf\"><span style=\"font-family: Calibri, sans-serif;\"><span style=\"font-size: medium;\">http:\/\/www.fao.org\/3\/a-i4775s.pdf<\/span><\/span><\/a><\/u><\/span><\/p>\n<p align=\"justify\">&nbsp;<\/p>\n<p align=\"justify\"><span style=\"font-family: Calibri, sans-serif;\"><span style=\"font-size: medium;\"><span lang=\"en-US\">Fulton, E. A. (2010). Approaches to end-to-end ecosystem models. <\/span><\/span><\/span><span style=\"font-family: Calibri, sans-serif;\"><span style=\"font-size: medium;\"><span lang=\"en-US\"><em>Journal of Marine Systems<\/em><\/span><\/span><\/span><span style=\"font-family: Calibri, sans-serif;\"><span style=\"font-size: medium;\"><span lang=\"en-US\">, 81(1&ndash;2), 171&ndash;183.<\/span><\/span><\/span><span style=\"font-family: Calibri, sans-serif;\"><span style=\"font-size: medium;\"><span lang=\"en-US\"> Recuperado de<\/span><\/span><\/span> <span style=\"color: #0000ff;\"><u><a target=\"_Blank\" href=\"https:\/\/doi.org\/10.1016\/j.jmarsys.2009.12.012\"><span style=\"font-family: Calibri, sans-serif;\"><span style=\"font-size: medium;\"><span lang=\"en-US\">https:\/\/doi.org\/10.1016\/j.jmarsys.2009.12.012<\/span><\/span><\/span><\/a><\/u><\/span><u> <\/u><\/p>\n<p lang=\"en-US\" align=\"justify\">&nbsp;<\/p>\n<p align=\"justify\"><span style=\"font-family: Calibri, sans-serif;\"><span style=\"font-size: medium;\"><span lang=\"en-US\">Fulton, E. A., Link, J. S., Kaplan, I. C., Savina-Rolland, M., Johnson, P., Ainsworth, C. &amp; Smith, D. C. (2011). Lessons in modelling and management of marine ecosystems: The Atlantis experience. <\/span><\/span><\/span><span style=\"font-family: Calibri, sans-serif;\"><span style=\"font-size: medium;\"><span lang=\"en-US\"><em>Fish and Fisheries<\/em><\/span><\/span><\/span><span style=\"font-family: Calibri, sans-serif;\"><span style=\"font-size: medium;\"><span lang=\"en-US\">, 12(2), 171&ndash;188.<\/span><\/span><\/span><span style=\"font-family: Calibri, sans-serif;\"><span style=\"font-size: medium;\"><span lang=\"en-US\"> Recuperado de<\/span><\/span><\/span> <span style=\"color: #0000ff;\"><u><a target=\"_Blank\" href=\"https:\/\/doi.org\/10.1111\/j.1467-2979.2011.00412.x\"><span style=\"color: #005274;\"><span style=\"font-family: Calibri, sans-serif;\"><span style=\"font-size: medium;\"><span lang=\"en-US\">https:\/\/doi.org\/10.1111\/j.1467-2979.2011.00412.x<\/span><\/span><\/span><\/span><\/a><\/u><\/span><\/p>\n<p lang=\"en-US\" align=\"justify\">&nbsp;<\/p>\n<p align=\"justify\"><span style=\"font-family: Calibri, sans-serif;\"><span style=\"font-size: medium;\">Garcia, S.M., Zerbi, A., Aliaume, C., Do Chi, T. &amp; Lasserre, G. (2003). <\/span><\/span><span style=\"font-family: Calibri, sans-serif;\"><span style=\"font-size: medium;\"><span lang=\"en-US\"><em>The ecosystem approach to fisheries. Issues, terminology, principles, institutional foundations, implementation and outlook.<\/em><\/span><\/span><\/span><span style=\"font-family: Calibri, sans-serif;\"><span style=\"font-size: medium;\"><span lang=\"en-US\"> FAO Fisheries Technical Paper. No. 443. <\/span><\/span><\/span><span style=\"font-family: Calibri, sans-serif;\"><span style=\"font-size: medium;\">Rome, FAO. 71 p. <\/span><\/span><span style=\"font-family: Calibri, sans-serif;\"><span style=\"font-size: medium;\">Recuperado de <\/span><\/span><span style=\"color: #0000ff;\"><u><a target=\"_Blank\" href=\"http:\/\/www.fao.org\/3\/a-y4773e.pdf\"><span style=\"font-family: Calibri, sans-serif;\"><span style=\"font-size: medium;\">http:\/\/www.fao.org\/3\/a-y4773e.pdf<\/span><\/span><\/a><\/u><\/span><\/p>\n<p align=\"justify\">&nbsp;<\/p>\n<p align=\"justify\"><span style=\"font-family: Calibri, sans-serif;\"><span style=\"font-size: medium;\"><span lang=\"en-US\">Hollowed, A. B., Bax, N., Beamish, R. J., Collie, J., Fogarty, M., Livingston,P., &hellip; Rice, J. C. (2000). Are multispecies models an improvement on single-species models for measuring fishing impacts on marine ecosystems? ICES. <\/span><\/span><\/span><span style=\"font-family: Calibri, sans-serif;\"><span style=\"font-size: medium;\"><span lang=\"en-US\"><em>Journal of Marine Science<\/em><\/span><\/span><\/span><span style=\"font-family: Calibri, sans-serif;\"><span style=\"font-size: medium;\"><span lang=\"en-US\">, 57(3), 707&ndash;719. Recuperado de <\/span><\/span><\/span><span style=\"color: #0000ff;\"><u><a target=\"_Blank\" href=\"http:\/\/www.fao.org\/docrep\/010\/i0163e\/i0163e00.htm\"><span style=\"font-family: Calibri, sans-serif;\"><span style=\"font-size: medium;\"><span lang=\"en-US\">http:\/\/www.fao.org\/docrep\/010\/i0163e\/i0163e00.htm<\/span><\/span><\/span><\/a><\/u><\/span><\/p>\n<p lang=\"en-US\" align=\"justify\">&nbsp;<\/p>\n<p align=\"justify\"><span style=\"font-family: Calibri, sans-serif;\"><span style=\"font-size: medium;\">LEY N&ordm; 18.892, de 1989 y sus modificaciones, Ley General de Pesca y Acuicultura. Recuperado de <\/span><\/span><span style=\"color: #0000ff;\"><u><a target=\"_Blank\" href=\"http:\/\/www.subpesca.cl\/portal\/615\/articles-88020_documento.pdf\"><span style=\"font-family: Calibri, sans-serif;\"><span style=\"font-size: medium;\">http:\/\/www.subpesca.cl\/portal\/615\/articles-88020_documento.pdf<\/span><\/span><\/a><\/u><\/span><\/p>\n<p align=\"justify\">&nbsp;<\/p>\n<p align=\"justify\"><span style=\"font-family: Calibri, sans-serif;\"><span style=\"font-size: medium;\">Maunder, M. &amp; Piner,K. (2015). <\/span><\/span><span style=\"font-family: Calibri, sans-serif;\"><span style=\"font-size: medium;\"><span lang=\"en-US\">Contemporary fisheries stock assessment: many issues still remain. ICES Journal of Marine Science, 72(1), 7&ndash;18. Recuperado de <\/span><\/span><\/span><u><a target=\"_Blank\" href=\"https:\/\/doi.org\/10.1093\/icesjms\/fsu015\"><span style=\"color: #006fb7;\"><span style=\"font-family: Calibri, sans-serif;\"><span style=\"font-size: medium;\"><span lang=\"en-US\"><span style=\"color: #0000ff;\">https:\/\/doi.org\/10.1093\/icesjms\/fsu015<\/span><\/span><\/span><\/span><\/span><\/a><\/u><\/p>\n<p lang=\"en-US\" align=\"justify\">&nbsp;<\/p>\n<p align=\"justify\"><span style=\"font-family: Calibri, sans-serif;\"><span style=\"font-size: medium;\">Ortega Uribe, T., et al. 2014. Estudios transdisciplinarios en socio-ecosistemas: reflexiones te&oacute;ricas y su aplicaci&oacute;n en <\/span><\/span><span style=\"font-family: Calibri, sans-serif;\"><span style=\"font-size: medium;\">contextos latinoamericanos. <\/span><\/span><em><span style=\"color: #111111;\"><span style=\"font-family: Calibri, sans-serif;\"><span style=\"font-size: medium;\">Investigaci&oacute;n ambiental Ciencia y pol&iacute;tica p&uacute;blica.&nbsp;<\/span><\/span><\/span><\/em><span style=\"font-family: Calibri, sans-serif;\"><span style=\"font-size: medium;\"> 6 (2): 151-164. Secci&oacute;n:<\/span><\/span><span style=\"font-family: Calibri, sans-serif;\"><span style=\"font-size: medium;\"> Ensayo. Recuperado de <\/span><\/span><span style=\"color: #0000ff;\"><u><a target=\"_Blank\" href=\"http:\/\/www.revista.inecc.gob.mx\/article\/view\/257\/270#.W6qad2gzbIU\"><span style=\"font-family: Calibri, sans-serif;\"><span style=\"font-size: medium;\">http:\/\/www.revista.inecc.gob.mx\/article\/view\/257\/270#.W6qad2gzbIU<\/span><\/span><\/a><\/u><\/span><\/p>\n<p align=\"justify\">&nbsp;<\/p>\n<p align=\"justify\"><span style=\"font-family: Calibri, sans-serif;\"><span style=\"font-size: medium;\">Plag&aacute;nyi, &Eacute;.E. (2007). <\/span><\/span><span style=\"font-family: Calibri, sans-serif;\"><span style=\"font-size: medium;\"><span lang=\"en-US\">Models for an ecosystem approach to fisheries. FAO Fisheries Technical Paper. No. 477. Rome, FAO. 108p. <\/span><\/span><\/span><span style=\"font-family: Calibri, sans-serif;\"><span style=\"font-size: medium;\">Recuperado de <\/span><\/span><span style=\"color: #0000ff;\"><u><a target=\"_Blank\" href=\"http:\/\/www.fao.org\/docrep\/pdf\/010\/a1149e\/a1149e.pdf\"><span style=\"font-family: Calibri, sans-serif;\"><span style=\"font-size: medium;\">http:\/\/www.fao.org\/docrep\/pdf\/010\/a1149e\/a1149e.pdf<\/span><\/span><\/a><\/u><\/span><\/p>\n<p align=\"justify\">&nbsp;<\/p>\n<p align=\"justify\"><span style=\"font-family: Calibri, sans-serif;\"><span style=\"font-size: medium;\"><span lang=\"en-US\">Staples, D.,Brainard, R., Capezzuoli, S., Funge-Smith, S., Grose, C., Heenan, A., Hermes, R., Maurin, P., Moews, M., O&rsquo;Brien, C. &amp; Pomeroy, R. (2014). <\/span><\/span><\/span><span style=\"font-family: Calibri, sans-serif;\"><span style=\"font-size: medium;\"><span lang=\"en-US\"><em>Essential EAFM. Ecosystem Approach to Fisheries Management Training Course. Volume 1 &ndash; For Trainees.<\/em><\/span><\/span><\/span><span style=\"font-family: Calibri, sans-serif;\"><span style=\"font-size: medium;\"><span lang=\"en-US\"> FAO Regional Office for Asia and the Pacific, Bangkok, Thailand, RAP Publication 2014\/13, 318pp. <\/span><\/span><\/span><span style=\"font-family: Calibri, sans-serif;\"><span style=\"font-size: medium;\"><span lang=\"en-US\">Recuperado de <\/span><\/span><\/span><span style=\"color: #0000ff;\"><u><a target=\"_Blank\" href=\"http:\/\/www.fao.org\/3\/a-i3780e.pdf\"><span style=\"font-family: Calibri, sans-serif;\"><span style=\"font-size: medium;\"><span lang=\"en-US\">http:\/\/www.fao.org\/3\/a-i3780e.pdf<\/span><\/span><\/span><\/a><\/u><\/span><\/p>\n<ul>\n<li>Defeo, O. (2015). <em>Enfoque ecosist\u00e9mico pesquero: Conceptos fundamentales y su aplicaci\u00f3n en pesquer\u00edas de peque\u00f1a escala de Am\u00e9rica Latina <\/em>(Documento t\u00e9cnico de pesca y acuicultura N\u00b0 592) Roma: Organizaci\u00f3n de las Naciones Unidas para la Alimentaci\u00f3n y la Agricultura, FAO. Recuperado de <u><u><a href=\"http:\/\/www.fao.org\/3\/a-i4775s.pdf\" target=\"_Blank\">http:\/\/www.fao.org\/3\/a-i4775s.pdf<\/a><\/u><\/u><\/li>\n<li>FAO. (2008), Orientaciones T\u00e9cnicas para la Pesca Responsable. No. 4, Supl. 2, Add. 1. FAO. <em>La ordenaci\u00f3n pesquera. 2. El enfoque de ecosistemas en la pesca. 2.1 Mejores pr\u00e1cticas en la modelaci\u00f3n de ecosistemas para contribuir a un enfoque ecosist\u00e9mico en la pesca<\/em>. Roma, 88p. Recuperado de <u><u><a href=\"http:\/\/www.fao.org\/3\/a-i0151s.html\" target=\"_Blank\">http:\/\/www.fao.org\/3\/a-i0151s.html<\/a><\/u><\/u><\/li>\n<li>Fulton, E. A. (2010). Approaches to end-to-end ecosystem models. <em>Journal of Marine Systems<\/em>, <em>81<\/em>(1\u20132), 171\u2013183.<u><u><a href=\"https:\/\/doi.org\/10.1016\/j.jmarsys.2009.12.012\" target=\"_Blank\">https:\/\/doi.org\/10.1016\/j.jmarsys.2009.12.012\u00a0<\/a><\/u><\/u><\/li>\n<li>Fulton, E. A., Link, J. S., Kaplan, I. C., Savina-Rolland, M., Johnson, P., Ainsworth, C., &amp; Smith, D. C. (2011). Lessons in modelling and management of marine ecosystems: The Atlantis experience. <em>Fish and Fisheries<\/em>, <em>12<\/em>(2), 171\u2013188. <u><u><a href=\"https:\/\/doi.org\/10.1111\/j.1467-2979.2011.00412.x\" target=\"_Blank\">https:\/\/doi.org\/10.1111\/j.1467-2979.2011.00412.x\u00a0<\/a><\/u><\/u><\/li>\n<li>Garcia, S. M., Zerbi, A., Aliaume, C., Do Chi, T., &amp; Lasserre, G. (2003).<em> The ecosystem approach to fisheries. Issues, terminology, principles, institutional foundations, implementation and outlook <\/em>(Fisheries Technical Paper, N\u00b0 443). Roma: Organizaci\u00f3n de las Naciones Unidas para la Alimentaci\u00f3n y la Agricultura, FAO. Recuperado de <u><u><a href=\"http:\/\/www.fao.org\/3\/a-y4773e.pdf\" target=\"_Blank\">http:\/\/www.fao.org\/3\/a-y4773e.pdf<\/a><\/u><\/u><\/li>\n<li>Gari, S.R., Newton, A., &amp; Icely, J.D. (2015). A review of the application and evolution of the DPSIR framework with an emphasis on coastal social-ecological systems. <em>Ocean &amp; Coastal Management<\/em>, 103, 63\u201377. <u><u><a href=\"https:\/\/doi.org\/10.1016\/j.ocecoaman.2014.11.013\" target=\"_Blank\">https:\/\/doi.org\/10.1016\/j.ocecoaman.2014.11.013<\/a><\/u><\/u><\/li>\n<li>Hollowed, A. B., Bax, N., Beamish, R. J., Collie, J., Fogarty, M., Livingston, P., &amp; Rice, J. C. (2000). Are multispecies models an improvement on single-species models for measuring fishing impacts on marine ecosystems? <em>ICES Journal of Marine Science<\/em>, <em>57<\/em>(3), 707\u2013719. <u><u><a href=\"https:\/\/doi.org\/10.1006\/jmsc.2000.0734\" target=\"_Blank\">https:\/\/doi.org\/10.1006\/jmsc.2000.0734\u00a0<\/a><\/u><\/u><\/li>\n<li>Maunder, M. &amp; Piner, K. (2015). Contemporary fisheries stock assessment: Many issues still remain. <em>ICES Journal of Marine Science<\/em>, <em>72<\/em>(1), 7\u201318. <u><u><a href=\"https:\/\/doi.org\/10.1093\/icesjms\/fsu015\" target=\"_Blank\">https:\/\/doi.org\/10.1093\/icesjms\/fsu015\u00a0<\/a><\/u><\/u><\/li>\n<li>Organizaci\u00f3n de las Naciones Unidas para la Alimentaci\u00f3n y la Agricultura, FAO. (2010). <em>Orientaciones t\u00e9cnicas para la pesca responsable<\/em>. Roma: Autor. Recuperado de <u><u><a href=\"http:\/\/www.fao.org\/3\/a-i1146s.html\" target=\"_Blank\">http:\/\/www.fao.org\/3\/a-i1146s.html<\/a><\/u><\/u><\/li>\n<li>Organizaci\u00f3n de las Naciones Unidas para el Medio Ambiente (mayo, 2000). <em>Convention on biological diversity (CBD). Conference of the Parties 5, decision V\/6<\/em>. Nairobi, Kenya. Recuperado de <u><u><a href=\"http:\/\/www.cbd.int\/decision\/cop\/?id=7148\" target=\"_Blank\">http:\/\/www.cbd.int\/decision\/cop\/?id=7148<\/a><\/u><\/u><\/li>\n<li>Ortega, T., Mastrangelo, M, Villarroel, D., Piaz, A., Vallejos, M., Saenz, J., &amp; Maas, M. (2014). <em>Estudios transdisciplinarios en socio-ecosistemas: reflexiones te\u00f3ricas y su aplicaci\u00f3n en contextos latinoamericanos. <\/em>Recuperado de <u><u><a href=\"https:\/\/www.researchgate.net\/publication\/274696332_Estudios_transdisciplinarios_en_socio-ecosistemas_Reflexiones_teoricas_y_su_aplicacion_en_contextos_latinoamericanos\" target=\"_Blank\">https:\/\/www.researchgate.net\/publication\/274696332_Estudios_transdisciplinarios_en_socio-ecosistemas_Reflexiones_teoricas_y_su_aplicacion_en_contextos_latinoamericanos<\/a><\/u><\/u><\/li>\n<li>Plag\u00e1nyi, \u00c9. (2007). <em>Models for an ecosystem approach to fisheries<\/em> (Fisheries Technical Paper N\u00b0 477). Roma: Organizaci\u00f3n de las Naciones Unidas para la Alimentaci\u00f3n y la Agricultura, FAO. Recuperado de <u><u><a href=\"http:\/\/www.fao.org\/docrep\/010\/a1149e\/a1149e00.htm\" target=\"_Blank\">http:\/\/www.fao.org\/docrep\/010\/a1149e\/a1149e00.htm<\/a><\/u><\/u><\/li>\n<li>Secretariat of the Pacific Community, SPC (Comp.) (2010). <em>A community-based ecosystem approach to fisheries management: Guidelines for Pacific Island Countries<\/em>. Recuperado de <u><u><a href=\"http:\/\/www.fao.org\/3\/b-bo081e.pdf\" target=\"_Blank\">http:\/\/www.fao.org\/3\/b-bo081e.pdf<\/a><\/u><\/u><\/li>\n<li>Staples, D., Brainard, R., Capezzuoli, S., Funge-Smith, S., Grose, C., Heenan, A., &amp; Pomeroy, R. (2014). <em>Essential EAFM. Ecosystem Approach to Fisheries Management Training Course. Volume 1 \u2013 For Trainees<\/em>. Bangkok: Oficina Regional para el Asia y el Pac\u00edfico, FAO. Recuperado de <u><a href=\"http:\/\/www.fao.org\/3\/a-i3778e.pdf\" target=\"_Blank\">http:\/\/www.fao.org\/3\/a-i3778e.pdf<\/a><\/u><\/li>\n<\/ul>\n","protected":false},"excerpt":{"rendered":"<p>De Young, C.; Charles, A. &amp; Hjort, A. (2008). Human dimensions of the ecosystem approach to fisheries: an overview of context, concepts, tools and methods. FAO Fisheries Technical Paper. No. 489. Rome, FAO. 2008. 152p. Recuperado de http:\/\/www.fao.org\/docrep\/pdf\/010\/i0163e\/i0163e.pdf &nbsp; FAO. (2003). Fisheries Department. The ecosystem approach to fisheries. FAO Technical Guidelines for Responsible Fisheries. No. [&hellip;]<\/p>\n","protected":false},"author":1,"featured_media":0,"parent":0,"menu_order":0,"comment_status":"closed","ping_status":"closed","template":"plantilla_pagina_full_with.php","meta":{"footnotes":""},"class_list":["post-12","page","type-page","status-publish","hentry"],"_links":{"self":[{"href":"https:\/\/www.ifop.cl\/enfoque-ecosistemico\/wp-json\/wp\/v2\/pages\/12"}],"collection":[{"href":"https:\/\/www.ifop.cl\/enfoque-ecosistemico\/wp-json\/wp\/v2\/pages"}],"about":[{"href":"https:\/\/www.ifop.cl\/enfoque-ecosistemico\/wp-json\/wp\/v2\/types\/page"}],"author":[{"embeddable":true,"href":"https:\/\/www.ifop.cl\/enfoque-ecosistemico\/wp-json\/wp\/v2\/users\/1"}],"replies":[{"embeddable":true,"href":"https:\/\/www.ifop.cl\/enfoque-ecosistemico\/wp-json\/wp\/v2\/comments?post=12"}],"version-history":[{"count":6,"href":"https:\/\/www.ifop.cl\/enfoque-ecosistemico\/wp-json\/wp\/v2\/pages\/12\/revisions"}],"predecessor-version":[{"id":183,"href":"https:\/\/www.ifop.cl\/enfoque-ecosistemico\/wp-json\/wp\/v2\/pages\/12\/revisions\/183"}],"wp:attachment":[{"href":"https:\/\/www.ifop.cl\/enfoque-ecosistemico\/wp-json\/wp\/v2\/media?parent=12"}],"curies":[{"name":"wp","href":"https:\/\/api.w.org\/{rel}","templated":true}]}}