{"id":73,"date":"2025-01-15T19:22:04","date_gmt":"2025-01-15T19:22:04","guid":{"rendered":"https:\/\/www.ifop.cl\/eem\/?page_id=73"},"modified":"2025-02-11T13:47:50","modified_gmt":"2025-02-11T13:47:50","slug":"evaluacion-de-estrategias-de-manejo","status":"publish","type":"page","link":"https:\/\/www.ifop.cl\/eem\/evaluacion-de-estrategias-de-manejo\/","title":{"rendered":"Evaluaci\u00f3n de Estrategias de Manejo"},"content":{"rendered":"<p>La Evaluaci\u00f3n de Estrategias de Manejo (EEM) es el uso de simulaci\u00f3n para evaluar el desempe\u00f1o de combinaciones de m\u00e9todos de evaluaci\u00f3n de stock y reglas de control de captura (estrategias de manejo) en presencia de incertidumbre, dados los objetivos de manejo que se han adoptado (<a href=\"https:\/\/academic.oup.com\/icesjms\/article\/56\/6\/967\/658156\" rel=\"noopener\" target=\"_blank\"><i class=\"fa-solid fa-arrow-up-right-from-square pe-2\"><\/i>Smith et al. 1999<\/a>). La EEM involucra el desarrollo de modelos que describen el sistema de manejo completo, incluidas la din\u00e1mica subyacente de la poblaci\u00f3n, el esquema de recopilaci\u00f3n de datos, el m\u00e9todo de evaluaci\u00f3n de stock empleado para prestar asesor\u00eda al manejo y la(s) regla(s) de control de captura. El enfoque de la administraci\u00f3n pesquera mediante la EEM es completamente coherente con el <a href=\"https:\/\/www.fao.org\/4\/V8045E\/V8045E00.htm\" rel=\"noopener\" target=\"_blank\">enfoque precautorio<\/a> del manejo pesquero recomendado por FAO (<a href=\"https:\/\/www.researchgate.net\/publication\/277664704_Refocusing_Stock_Assessment_in_Support_of_Policy_Evaluation\" rel=\"noopener\" target=\"_blank\">Punt 2008<\/a>).<\/p>\n<p><a href=\"https:\/\/www.ifop.cl\/eem\/wp-content\/uploads\/sites\/25\/2025\/02\/figura_1-1.jpg\" rel=\"eem\" class=\"fancybox image\" aria-controls=\"fancybox-wrap\" aria-haspopup=\"dialog\"><br \/>\n\t<img loading=\"lazy\" decoding=\"async\" class=\"mx-auto d-block\" src=\"https:\/\/www.ifop.cl\/eem\/wp-content\/uploads\/sites\/25\/2025\/02\/figura_1-1.jpg\" alt=\"\" width=\"800\" height=\"515\" class=\"alignnone size-large wp-image-83\" \/><br \/>\n<\/a><br \/>\nFigura 1. Esquema conceptual del proceso de modelaci\u00f3n de la evaluaci\u00f3n de estrategias de manejo (<a href=\"https:\/\/onlinelibrary.wiley.com\/doi\/abs\/10.1111\/faf.12104\" rel=\"noopener\" target=\"_blank\">Punt et al. 2014<\/a>).<br \/>\n<\/p>\n<h4>Componentes de la EEM<\/h4>\n<h5>Modelos operativos (MO)<\/h5>\n<p>Los modelos operativos contienen una descripci\u00f3n matem\u00e1tica del sistema pesquero, incluida la biolog\u00eda de la poblaci\u00f3n de peces, el patr\u00f3n hist\u00f3rico de explotaci\u00f3n de la(s) flota(s) pesquera(s) y los procesos de monitoreo empleados para recopilar los datos pesqueros. Los MO tambi\u00e9n incluyen los supuestos para el proceso de monitoreo de datos futuros empleados en las proyecciones y cualquier error de implementaci\u00f3n de las decisiones de manejo.<\/p>\n<p>Un proceso de EEM generalmente incluye un conjunto de MO diferentes, cada uno de los cuales representa una hip\u00f3tesis diferente sobre la posible din\u00e1mica de la pesquer\u00eda. Los MO deben representar las principales fuentes de incertidumbres del sistema pesquero. De este modo la EEM permite identificar una estrategia de manejo que sea robusta a este rango de incertidumbre.<\/p>\n<h5>Estrategia de manejo (EM)<\/h5>\n<p>Las <a href=\"https:\/\/harveststrategies.org\/\" rel=\"noopener\" target=\"_blank\">estrategias de manejo<\/a> (tambi\u00e9n denominadas procedimientos de manejo PM; <a href=\"https:\/\/academic.oup.com\/icesjms\/article\/64\/4\/618\/642589\" rel=\"noopener\" target=\"_blank\">Rademeyer 2007<\/a>) son un conjunto de reglas que convierten los datos pesqueros en recomendaciones de manejo (e.g., una captura total permisible (CTP), una talla m\u00ednima de extracci\u00f3n o alguna combinaci\u00f3n de reglas de control). El objetivo principal de la EEM es evaluar el desempe\u00f1o de diferentes EM a fin de identificar una EM que sea robusta a la incertidumbre del sistema pesquero.<\/p>\n<h5>M\u00e9tricas de desempe\u00f1o (MD)<\/h5>\n<p>Las MD son expresiones cuantitativas de un objetivo de manejo que se utilizan como indicadores de la proximidad del valor actual de un indicador al objetivo, que suele ser un punto de referencia. Las MD pueden ser calculadas dentro del contexto de una EEM y de este modo se emplean para evaluar y comparar el desempe\u00f1o de un conjunto de EM candidatas.<\/p>\n<p><a id=\"software\"><\/a><\/p>\n<h5>Software <\/h5>\n<p>En el presente existe una escasez de cient\u00edficos calificados en evaluaci\u00f3n de poblaciones de peces, al mismo tiempo que la EEM se ha transformando en un tema dominante en este campo que requiere de la habilidad de realizar simulaciones de manera r\u00e1pida y eficiente. Una mayor demanda para este tipo de an\u00e1lisis no puede cubrirse con una oferta limitada de analistas sin un aumento de la eficiencia. Esto necesariamente requiere de una plataforma estandarizada, accesible y bien documentada para la implementaci\u00f3n de EEM que permita realizar sistem\u00e1ticamente estas pruebas permitiendo de este modo avanzar con mayor rapidez en este campo (<a href=\"https:\/\/academic.oup.com\/icesjms\/article\/64\/6\/1077\/616074\" rel=\"noopener\" target=\"_blank\">Schnute et al. 2007<\/a>). <\/p>\n<p>Esta conclusi\u00f3n confluye con las gu\u00edas t\u00e9cnicas de buenas pr\u00e1cticas para la conducci\u00f3n de EEM que est\u00e1n soportadas en una s\u00edntesis de la experiencia acumulada de la implementaci\u00f3n de este tipo de estudios en los \u00faltimos 30 a\u00f1os, las que recomiendan construir los modelos operativos e implementar los procedimientos de manejo usando software que haya sido desarrollado para ser aplicado en una amplia variedad de situaciones, haya sido probado extensamente y que, idealmente, haya sido desarrollado espec\u00edficamente para evaluar estrategias de manejo (Punt et al. 2014).<\/p>\n<p>Con este fin, la SUBPESCA ha adoptado el uso de openMSE (<a href=\"https:\/\/besjournals.onlinelibrary.wiley.com\/doi\/full\/10.1111\/2041-210X.13081\" rel=\"noopener\" target=\"_blank\">Carruthers y Hordyk 2018<\/a>), una plataforma de software que ofrece numerosas ventajas para extender la implementaci\u00f3n de estudios de EEM, expeditando de este modo el proceso de formalizaci\u00f3n de los procedimientos de manejo en los planes de manejo pesqueros mandatados por la LGPA.<\/p>\n<p><a href=\"https:\/\/openmse.com\" rel=\"noopener\" target=\"_blank\">OpenMSE<\/a> es un paquete de software desarrollado en la plataforma R (<a href=\"https:\/\/cran.r-project.org\" rel=\"noopener\" target=\"_blank\">R Core Team 2023<\/a>) que se compone de tres librer\u00edas: para construir modelos operativos y simular la din\u00e1mica de una pesquer\u00eda (<a href=\"https:\/\/cran.r-project.org\/web\/packages\/MSEtool\/index.html\" rel=\"noopener\" target=\"_blank\">MSEtool<\/a>; Hordyk et al. 2023), condicionar modelos operativos con datos y aplicar m\u00e9todos de evaluaci\u00f3n de stock intensivos en datos (<a href=\"https:\/\/cran.r-project.org\/web\/packages\/SAMtool\/index.html\" rel=\"noopener\" target=\"_blank\">SAMtool<\/a>; Huynh et al. 2023) o aplicar estrategias de manejo en situaciones limitadas en datos (<a href=\"https:\/\/cran.r-project.org\/web\/packages\/DLMtool\/index.html\" rel=\"noopener\" target=\"_blank\">DLMtool<\/a>; Carruthers y Hordyk 2018). Estas librer\u00edas de software han sido aplicadas en un amplio rango de tipos diferentes de pesquer\u00edas, incluidas las pesquer\u00edas chilenas de merluza com\u00fan (<a href=\"https:\/\/institutofomentop-my.sharepoint.com\/personal\/renzo_tascheri_ifop_cl\/_layouts\/15\/onedrive.aspx?id=%2Fpersonal%2Frenzo%5Ftascheri%5Fifop%5Fcl%2FDocuments%2FGrupo%5FDER%5FmerluzaC%5FCongrioD%2FDocs%2FInformes%2FEEM%2FChile%5FHake%5FRebuilding%5FFinal%2Epdf&#038;parent=%2Fpersonal%2Frenzo%5Ftascheri%5Fifop%5Fcl%2FDocuments%2FGrupo%5FDER%5FmerluzaC%5FCongrioD%2FDocs%2FInformes%2FEEM&#038;ga=1\" rel=\"noopener\" target=\"_blank\">Hordyk y Newman 2019<\/a>), anchoveta norte, camar\u00f3n nailon, merluza del sur y sardina austral.<\/p>\n<p>Los paquetes del software est\u00e1n dise\u00f1ados para implementar la simulaci\u00f3n de la din\u00e1mica de una pesquer\u00eda y el estudio del desempe\u00f1o de estrategias de manejo alternativas en un ciclo cerrado, simplemente interactuando con nueve objetos (Figura 2). El software incluye tambi\u00e9n un conjunto de res\u00famenes gr\u00e1ficos muy efectivos para visualizar los resultados.<\/p>\n<p><a href=\"https:\/\/www.ifop.cl\/eem\/wp-content\/uploads\/sites\/25\/2025\/01\/figura2.jpg\" rel=\"eem\" class=\"fancybox image\" aria-controls=\"fancybox-wrap\" aria-haspopup=\"dialog\"><br \/>\n\t<img loading=\"lazy\" decoding=\"async\" class=\"mx-auto d-block\" src=\"https:\/\/www.ifop.cl\/eem\/wp-content\/uploads\/sites\/25\/2025\/01\/figura2-1024x530.jpg\" alt=\"\" width=\"800\" height=\"414\" class=\"alignnone size-large wp-image-90\" srcset=\"https:\/\/www.ifop.cl\/eem\/wp-content\/uploads\/sites\/25\/2025\/01\/figura2-1024x530.jpg 1024w, https:\/\/www.ifop.cl\/eem\/wp-content\/uploads\/sites\/25\/2025\/01\/figura2-300x155.jpg 300w, https:\/\/www.ifop.cl\/eem\/wp-content\/uploads\/sites\/25\/2025\/01\/figura2-768x397.jpg 768w, https:\/\/www.ifop.cl\/eem\/wp-content\/uploads\/sites\/25\/2025\/01\/figura2.jpg 1440w\" sizes=\"(max-width: 800px) 100vw, 800px\" \/><br \/>\n<\/a><\/p>\n<p>Figura 2. Dise\u00f1o de openMSE, flujo de trabajo y proceso de EEM (MSE). El texto en rojo representa clases de objetos openMSE que contienen los par\u00e1metros necesarios para especificar la din\u00e1mica relacionada. El texto en azul representa los 6 pasos de las buenas pr\u00e1cticas de EEM seg\u00fan Punt et al. (2014) y est\u00e1n numerados en el orden en que se presentan en ese art\u00edculo. Modificado de <a href=\"https:\/\/besjournals.onlinelibrary.wiley.com\/doi\/full\/10.1111\/2041-210X.13081\" rel=\"noopener\" target=\"_blank\">Carruthers y Hordyk 2018<\/a>.<\/p>\n<p><a id=\"slick\"><\/a><\/p>\n<p>Los resultados se pueden visualizar en <a href=\"https:\/\/github.com\/Blue-Matter\/Slick\" rel=\"noopener\" target=\"_blank\">Slick<\/a>, una aplicaci\u00f3n para la presentaci\u00f3n de resultados de EEM y an\u00e1lisis de decisiones. Esta aplicaci\u00f3n est\u00e1 implementada como una plataforma en l\u00ednea (disponible gratuitamente y dirigida a un p\u00fablico general) para resumir los resultados de cualquier EEM a trav\u00e9s de 4 ejes principales:<\/p>\n<ul>\n<li>Estados de la naturaleza (modelos operativos)<\/li>\n<li>Incertidumbre dentro de los estados de la naturaleza (simulaciones)<\/li>\n<li>Estrategias de manejo<\/li>\n<li>M\u00e9tricas de desempe\u00f1o<\/li>\n<\/ul>\n<p>A partir de los resultados de una EEM, los analistas pueden crear un \u201cobjeto slick\u201d y cargarlo en la aplicaci\u00f3n  <a href=\"https:\/\/harveststrategies.org\/management-strategy-evaluation\/shiny-app\/\" rel=\"noopener\" target=\"_blank\">slick<\/a> mantenida en l\u00ednea.<\/p>\n","protected":false},"excerpt":{"rendered":"<p>La Evaluaci\u00f3n de Estrategias de Manejo (EEM) es el uso de simulaci\u00f3n para evaluar el desempe\u00f1o de combinaciones de m\u00e9todos de evaluaci\u00f3n de stock y reglas de control de captura (estrategias de manejo) en presencia de incertidumbre, dados los objetivos de manejo que se han adoptado (Smith et al. 1999). La EEM involucra el desarrollo de modelos que describen el sistema de manejo completo, incluidas la din\u00e1mica subyacente de la poblaci\u00f3n, el esquema de recopilaci\u00f3n de datos, el m\u00e9todo de evaluaci\u00f3n de stock empleado para prestar asesor\u00eda al manejo y la(s) regla(s) de control de captura. El enfoque de la [&hellip;]<\/p>\n","protected":false},"author":27,"featured_media":0,"parent":0,"menu_order":0,"comment_status":"closed","ping_status":"closed","template":"plantilla-minisitio_contenido.php","meta":{"footnotes":""},"class_list":["post-73","page","type-page","status-publish","hentry"],"_links":{"self":[{"href":"https:\/\/www.ifop.cl\/eem\/wp-json\/wp\/v2\/pages\/73"}],"collection":[{"href":"https:\/\/www.ifop.cl\/eem\/wp-json\/wp\/v2\/pages"}],"about":[{"href":"https:\/\/www.ifop.cl\/eem\/wp-json\/wp\/v2\/types\/page"}],"author":[{"embeddable":true,"href":"https:\/\/www.ifop.cl\/eem\/wp-json\/wp\/v2\/users\/27"}],"replies":[{"embeddable":true,"href":"https:\/\/www.ifop.cl\/eem\/wp-json\/wp\/v2\/comments?post=73"}],"version-history":[{"count":40,"href":"https:\/\/www.ifop.cl\/eem\/wp-json\/wp\/v2\/pages\/73\/revisions"}],"predecessor-version":[{"id":407,"href":"https:\/\/www.ifop.cl\/eem\/wp-json\/wp\/v2\/pages\/73\/revisions\/407"}],"wp:attachment":[{"href":"https:\/\/www.ifop.cl\/eem\/wp-json\/wp\/v2\/media?parent=73"}],"curies":[{"name":"wp","href":"https:\/\/api.w.org\/{rel}","templated":true}]}}