{"id":462,"date":"2025-11-18T15:27:15","date_gmt":"2025-11-18T15:27:15","guid":{"rendered":"https:\/\/www.ifop.cl\/eem\/?page_id=462"},"modified":"2026-03-31T13:27:30","modified_gmt":"2026-03-31T13:27:30","slug":"merluza-de-cola","status":"publish","type":"page","link":"https:\/\/www.ifop.cl\/eem\/proyectos\/merluza-de-cola\/","title":{"rendered":"Merluza de Cola"},"content":{"rendered":"<div class=\"card mb-3 border-0 pt-2\">\n<div class=\"row g-0\">\n<div class=\"d-flex align-items-center col-md-6\">\n<div style=\"z-index: 2; margin-left: 150px;\"><\/div>\n<div style=\"background-color: #64c2c6;margin-left: -90px;color: white;flex-grow: 1;\">\n<h5 class=\"text-light m-0 text-center\">Merluza de Cola<br \/>(<i class='nomcientifico'>Macruronus magellanicus<\/i>, L\u00f6nnberg, 1907).<\/h5>\n<\/p><\/div>\n<\/p><\/div>\n<div class=\"col-md-6\">\n<div class=\"card-body\">\n<h5>Desarrollo de una Nueva Evaluaci\u00f3n de Stock y Evaluaci\u00f3n de Estrategias de Manejo para la implementaci\u00f3n del enfoque precautorio en el contexto de la Ley General de Pesca y Acuicultura de Chile para la Merluza de Cola Chilena<\/h5>\n<\/div>\n<\/div><\/div>\n<\/div>\n<p>La merluza de cola (<i><i class='nomcientifico'>Macruronus magellanicus<\/i><\/i>) se distribuye por todo el cono sur, con capturas significativas tanto por buques chilenos por el lado del Pac\u00edfico como por flotas argentinas en aguas del Atl\u00e1ntico. En ambas regiones las capturas m\u00e1s altas datan de la d\u00e9cada de los 1990, con niveles superiores a las 300 mil t en total y reducciones significativas a partir del a\u00f1o 2000 e inferiores a las 20 mil t recientemente.<\/p>\n<p>La productividad y la resiliencia de la merluza de cola en la regi\u00f3n patag\u00f3nica han sido foco de continua discusi\u00f3n en las instancias t\u00e9cnico-cient\u00edficas y de manejo del recurso. Eso porque que sus caracter\u00edsticas biol\u00f3gicas indican un buen nivel de capacidad de recuperaci\u00f3n, evidenciado por estudios emp\u00edricos, pero en la pr\u00e1ctica dicho comportamiento no se ha observado. A\u00fan con las capturas reducidas de los \u00faltimos 8 a\u00f1os no se han identificado evidencias de recuperaci\u00f3n del recurso. Desarrollar, testear y recomendar procedimientos de manejo que sean robustos a dichas incertezas y atiendan las demandas socio-ambientales de la actividad es el principal objetivo de los estudios de Evaluaci\u00f3n de Estrategias de Manejo (EEM).<\/p>\n<p>La EEM para la merluza de cola ha sido requerida a IFOP en los T\u00e9rminos T\u00e9cnicos de Referencia (TTR) del Estudio 44-2025 &#8211; Estatus y Posibilidades de Explotaci\u00f3n Biol\u00f3gicamente Sustentables de los Principales Recursos Pesqueros Nacionales, a\u00f1o 2026. Contemplando un periodo total de 2 a\u00f1os para su desarrollo (2025-26), el estudio cuenta con la asesor\u00eda de los consultores de <a haref=\"https:\/\/www.bluematterscience.com\/\" rel=\"noopener\" target=\"_blank\">Blue Matter Science Ltd<\/a>, quienes desarrollan y mantienen el software <a haref=\"https:\/\/openmse.com\/\" rel=\"noopener\" target=\"_blank\">openMSE<\/a>, herramienta computacional de simulaci\u00f3n de sistemas pesqueros usada para evaluar el desempe\u00f1o de diferentes procedimientos\/estrategias de manejo.<\/p>\n<p>El mismo Estudio 44-2025 adem\u00e1s contempl\u00f3 un cambio metodol\u00f3gico en la evaluaci\u00f3n de stock de merluza de cola, adopt\u00e1ndose la plataforma <a haref=\"https:\/\/vlab.noaa.gov\/web\/stock-synthesis\" rel=\"noopener\" target=\"_blank\">Stock Synthesis<\/a> (SS3; <a haref=\"https:\/\/www.sciencedirect.com\/science\/article\/abs\/pii\/S0165783612003293?via%3Dihub\" rel=\"noopener\" target=\"_blank\">Methot &#038; Wetzel, 2013<\/a>). El proceso de transici\u00f3n tambi\u00e9n fue asesorado por los consultores de Blue Matter, ya vislumbrando el uso de las herramientas de interacci\u00f3n entre las plataformas SS3 y openMSE para el desarrollo de los modelos operativos. En ese sentido, el reciente Informe T\u00e9cnico de Asesor\u00eda Cient\u00edfica de septiembre de 2025 entrega los primeros resultados de esta nueva evaluaci\u00f3n. Por otro lado, el estudio de EEM ha tenido su primer taller de modelaci\u00f3n en enero de 2026, con enfoque en el desarrollo de modelos operativos basados en el modelo SS3 y procedimientos de manejo espec\u00edficos para esta pesquer\u00eda. Se considera tener resultados preliminares de dicho estudio a mayo de 2026 y finales a mayo de 2027.<\/p>\n<div class=\"row mb-3\">\n<div class=\"card \" style=\"background-color: #e3e3e3;color:#828282;\">\n<div class=\"card-body\">\n<h5 class=\"card-title\">Equipo de trabajo<\/h5>\n<div class=\"row\">\n<div class=\"col-2 text-center\">\n          <img decoding=\"async\" src=\"https:\/\/www.ifop.cl\/wp-content\/contenidos\/uploads\/imagenes\/equipos_de_trabajo\/marcelo_feltrim.png\" class=\"img-fluid rounded-circle\" style=\"width: 50%;\">\n        <\/div>\n<div class=\"col\">\n<p class=\"card-text\"><b>Marcelo Feltrim.<\/b><br \/>Departamento de Evaluacion de Recursos, IFOP<br \/><a href=\"mailto:marcelo.feltrim@ifop.cl\">marcelo.feltrim@ifop.cl<\/a><\/p>\n<\/p><\/div>\n<\/p><\/div>\n<\/p><\/div>\n<\/p><\/div>\n<\/div>\n<p class=\"pt-3\">\n<div class=\"row mb-3\">\n<div class=\"card \" style=\"background-color: #e3e3e3;color:#828282;\">\n<div class=\"card-body\">\n<h5 class=\"card-title\">Documentos<\/h5>\n<div class=\"row\">\n<div class=\"col text-center\">\n          <img loading=\"lazy\" decoding=\"async\" src=\"https:\/\/www.ifop.cl\/eem\/wp-content\/uploads\/sites\/25\/2025\/01\/camaron-nailon.png\" alt=\"\" width=\"129\" height=\"129\" class=\"alignnone size-full wp-image-184 d-none\" \/>\n        <\/div>\n<div class=\"col\">\n          <img loading=\"lazy\" decoding=\"async\" src=\"https:\/\/www.ifop.cl\/eem\/wp-content\/uploads\/sites\/25\/2025\/01\/pez_doc.jpg\" alt=\"\" width=\"88\" height=\"99\" class=\"alignnone size-full wp-image-180\" \/><br \/>\n        Documento de especificaciones<\/div>\n<div class=\"col\">\n          <img loading=\"lazy\" decoding=\"async\" src=\"https:\/\/www.ifop.cl\/eem\/wp-content\/uploads\/sites\/25\/2025\/01\/pez_doc.jpg\" alt=\"\" width=\"88\" height=\"99\" class=\"alignnone size-full wp-image-180\" \/><br \/>\n        Informe Final<\/div>\n<\/p><\/div>\n<\/p><\/div>\n<\/p><\/div>\n<\/div>\n","protected":false},"excerpt":{"rendered":"<p>Merluza de Cola(Macruronus magellanicus, L\u00f6nnberg, 1907). Desarrollo de una Nueva Evaluaci\u00f3n de Stock y Evaluaci\u00f3n de Estrategias de Manejo para la implementaci\u00f3n del enfoque precautorio en el contexto de la Ley General de Pesca y Acuicultura de Chile para la Merluza de Cola Chilena La merluza de cola (Macruronus magellanicus) se distribuye por todo el cono sur, con capturas significativas tanto por buques chilenos por el lado del Pac\u00edfico como por flotas argentinas en aguas del Atl\u00e1ntico. En ambas regiones las capturas m\u00e1s altas datan de la d\u00e9cada de los 1990, con niveles superiores a las 300 mil t en [&hellip;]<\/p>\n","protected":false},"author":27,"featured_media":0,"parent":93,"menu_order":0,"comment_status":"closed","ping_status":"closed","template":"plantilla-minisitio_contenido.php","meta":{"footnotes":""},"class_list":["post-462","page","type-page","status-publish","hentry"],"_links":{"self":[{"href":"https:\/\/www.ifop.cl\/eem\/wp-json\/wp\/v2\/pages\/462"}],"collection":[{"href":"https:\/\/www.ifop.cl\/eem\/wp-json\/wp\/v2\/pages"}],"about":[{"href":"https:\/\/www.ifop.cl\/eem\/wp-json\/wp\/v2\/types\/page"}],"author":[{"embeddable":true,"href":"https:\/\/www.ifop.cl\/eem\/wp-json\/wp\/v2\/users\/27"}],"replies":[{"embeddable":true,"href":"https:\/\/www.ifop.cl\/eem\/wp-json\/wp\/v2\/comments?post=462"}],"version-history":[{"count":16,"href":"https:\/\/www.ifop.cl\/eem\/wp-json\/wp\/v2\/pages\/462\/revisions"}],"predecessor-version":[{"id":504,"href":"https:\/\/www.ifop.cl\/eem\/wp-json\/wp\/v2\/pages\/462\/revisions\/504"}],"up":[{"embeddable":true,"href":"https:\/\/www.ifop.cl\/eem\/wp-json\/wp\/v2\/pages\/93"}],"wp:attachment":[{"href":"https:\/\/www.ifop.cl\/eem\/wp-json\/wp\/v2\/media?parent=462"}],"curies":[{"name":"wp","href":"https:\/\/api.w.org\/{rel}","templated":true}]}}