{"id":12,"date":"2016-01-26T15:03:16","date_gmt":"2016-01-26T15:03:16","guid":{"rendered":"http:\/\/192.168.168.168\/~mmasesorias\/cepfa\/?page_id=12"},"modified":"2025-09-24T14:05:17","modified_gmt":"2025-09-24T14:05:17","slug":"infraestructura","status":"publish","type":"page","link":"https:\/\/www.ifop.cl\/cepfa\/infraestructura\/","title":{"rendered":"Infraestructura"},"content":{"rendered":"<p><\/p>\n<div class=\"p-3\">\n<a href=\"https:\/\/www.ifop.cl\/cepfa\/wp-content\/uploads\/sites\/6\/2016\/07\/cepfa_2.jpg\" rel=\"12\"><img loading=\"lazy\" decoding=\"async\" class=\"alignleft wp-image-86 size-thumbnail\" src=\"https:\/\/www.ifop.cl\/cepfa\/wp-content\/uploads\/sites\/6\/2016\/07\/cepfa_2-150x150.jpg\" alt=\"\" width=\"150\" height=\"150\" \/><\/a>El Centro se constituye de tres tipos de infraestructura en general: Wetlabs, laboratorios de apoyo y oficinas.<\/p>\n<p>Los wetlabs est\u00e1n compuestos por tres m\u00f3dulos, que indistintamente pueden ser utilizados con agua de mar o agua dulce. En total posee 68 unidades de estanques de diversos vol\u00famenes para efectuar estudios con organismos hidrobiol\u00f3gicos.<\/p>\n<p>Estos wetlabs est\u00e1n alimentados por sistemas de agua que poseen tratamientos tanto de los afluentes como de efluentes, de forma de alcanzar los m\u00e1s altos est\u00e1ndares de bioseguridad, pudi\u00e9ndose establecer estudios con organismos pat\u00f3genos, si fuese necesario.<\/p>\n<p>Los tratamientos de agua se aplican a trav\u00e9s de equipos de filtraci\u00f3n mec\u00e1nica, UV y por aplicaci\u00f3n de ozono, dependiendo del m\u00f3dulo y tipo de estudio a ejecutar.<\/p>\n<p>Por su parte, los laboratorios de apoyo corresponden a unidades destinados a bacteriolog\u00eda, multiprop\u00f3sito y a unidades para efectuar autoclavado, lavado y secado de material.<\/p>\n<p>Finalmente, el Centro cuenta con oficinas y \u00e1reas libres para albergar investigadores y estudiantes, as\u00ed como una sala de reuniones.<\/p>\n<p>Todas las dependencias poseen un dise\u00f1o basado en flujos de personas, muestras y materiales, que permiten reguardar la bioseguridad de la unidad en su conjunto.<br \/>\n\t\t\t\t\t\t<div class=\"gallery_box_single\">\n\t\t\t\t\t\t\t\t\t\t\t\t\t\t\t<div class=\"gallery gllr_grid\" data-gllr-columns=\"6\" data-gllr-border-width=\"5\">\n\t\t\t\t\t\t\t\t\t\t\t\t\t\t\t\t\t\t\t\t<div class=\"gllr_image_row\">\n\t\t\t\t\t\t\t\t\t\t\t\t\t\t\t\t\t\t\t\t\t<div class=\"gllr_image_block\">\n\t\t\t\t\t\t\t\t\t\t\t\t<p style=\"\n\t\t\t\t\t\t\t\t\t\t\t\twidth:170px;height:130px;\t\t\t\t\t\t\t\t\t\t\t\t\">\n\t\t\t\t\t\t\t\t\t\t\t\t\t\t\t\t\t\t\t\t\t\t\t\t\t\t\t\t<a data-fancybox=\"gallery_fancybox_70\" href=\"https:\/\/www.ifop.cl\/cepfa\/wp-content\/uploads\/sites\/6\/2016\/07\/cepfa_1.jpg\" title=\"\u00c1rea sucia o de recambio de vestimenta\" >\n\t\t\t\t\t\t\t\t\t\t\t\t\t\t\t\t<img loading=\"lazy\" decoding=\"async\" width=\"160\" height=\"120\" style=\"width:160px; height:120px; border-width: 5px; border-color:#F1F1F1;border: 5px solid #F1F1F1\" alt=\"\" title=\"\u00c1rea sucia o de recambio de vestimenta\" src=\"https:\/\/www.ifop.cl\/cepfa\/wp-content\/uploads\/sites\/6\/2016\/07\/cepfa_1-160x120.jpg\" rel=\"https:\/\/www.ifop.cl\/cepfa\/wp-content\/uploads\/sites\/6\/2016\/07\/cepfa_1.jpg\" \/>\t\t\t\t\t\t\t\t\t\t\t\t\t\t\t<\/a>\n\t\t\t\t\t\t\t\t\t\t\t\t\t\t\t\t\t\t\t\t\t\t\t\t\t\t<\/p>\n\t\t\t\t\t\t\t\t\t\t\t\t\t\t\t\t\t\t\t\t\t\t\t<\/div><!-- .gllr_image_block -->\n\t\t\t\t\t\t\t\t\t\t\t\t\t\t\t\t\t\t\t\t\t<div class=\"gllr_image_block\">\n\t\t\t\t\t\t\t\t\t\t\t\t<p style=\"\n\t\t\t\t\t\t\t\t\t\t\t\twidth:170px;height:130px;\t\t\t\t\t\t\t\t\t\t\t\t\">\n\t\t\t\t\t\t\t\t\t\t\t\t\t\t\t\t\t\t\t\t\t\t\t\t\t\t\t\t<a data-fancybox=\"gallery_fancybox_70\" href=\"https:\/\/www.ifop.cl\/cepfa\/wp-content\/uploads\/sites\/6\/2016\/07\/cepfa_2.jpg\" title=\"Sala de Bioensayos 1\" >\n\t\t\t\t\t\t\t\t\t\t\t\t\t\t\t\t<img loading=\"lazy\" decoding=\"async\" width=\"160\" height=\"120\" style=\"width:160px; height:120px; border-width: 5px; border-color:#F1F1F1;border: 5px solid #F1F1F1\" alt=\"\" title=\"Sala de Bioensayos 1\" src=\"https:\/\/www.ifop.cl\/cepfa\/wp-content\/uploads\/sites\/6\/2016\/07\/cepfa_2-160x120.jpg\" rel=\"https:\/\/www.ifop.cl\/cepfa\/wp-content\/uploads\/sites\/6\/2016\/07\/cepfa_2.jpg\" \/>\t\t\t\t\t\t\t\t\t\t\t\t\t\t\t<\/a>\n\t\t\t\t\t\t\t\t\t\t\t\t\t\t\t\t\t\t\t\t\t\t\t\t\t\t<\/p>\n\t\t\t\t\t\t\t\t\t\t\t\t\t\t\t\t\t\t\t\t\t\t\t<\/div><!-- .gllr_image_block -->\n\t\t\t\t\t\t\t\t\t\t\t\t\t\t\t\t\t\t\t\t\t<div class=\"gllr_image_block\">\n\t\t\t\t\t\t\t\t\t\t\t\t<p style=\"\n\t\t\t\t\t\t\t\t\t\t\t\twidth:170px;height:130px;\t\t\t\t\t\t\t\t\t\t\t\t\">\n\t\t\t\t\t\t\t\t\t\t\t\t\t\t\t\t\t\t\t\t\t\t\t\t\t\t\t\t<a data-fancybox=\"gallery_fancybox_70\" href=\"https:\/\/www.ifop.cl\/cepfa\/wp-content\/uploads\/sites\/6\/2016\/07\/cepfa_3.jpg\" title=\"Sala de tratamiento de afluentes, m\u00f3dulos del centro\" >\n\t\t\t\t\t\t\t\t\t\t\t\t\t\t\t\t<img loading=\"lazy\" decoding=\"async\" width=\"160\" height=\"120\" style=\"width:160px; height:120px; border-width: 5px; border-color:#F1F1F1;border: 5px solid #F1F1F1\" alt=\"\" title=\"Sala de tratamiento de afluentes, m\u00f3dulos del centro\" src=\"https:\/\/www.ifop.cl\/cepfa\/wp-content\/uploads\/sites\/6\/2016\/07\/cepfa_3-160x120.jpg\" rel=\"https:\/\/www.ifop.cl\/cepfa\/wp-content\/uploads\/sites\/6\/2016\/07\/cepfa_3.jpg\" \/>\t\t\t\t\t\t\t\t\t\t\t\t\t\t\t<\/a>\n\t\t\t\t\t\t\t\t\t\t\t\t\t\t\t\t\t\t\t\t\t\t\t\t\t\t<\/p>\n\t\t\t\t\t\t\t\t\t\t\t\t\t\t\t\t\t\t\t\t\t\t\t<\/div><!-- .gllr_image_block -->\n\t\t\t\t\t\t\t\t\t\t\t\t\t\t\t\t\t\t\t\t\t<div class=\"gllr_image_block\">\n\t\t\t\t\t\t\t\t\t\t\t\t<p style=\"\n\t\t\t\t\t\t\t\t\t\t\t\twidth:170px;height:130px;\t\t\t\t\t\t\t\t\t\t\t\t\">\n\t\t\t\t\t\t\t\t\t\t\t\t\t\t\t\t\t\t\t\t\t\t\t\t\t\t\t\t<a data-fancybox=\"gallery_fancybox_70\" href=\"https:\/\/www.ifop.cl\/cepfa\/wp-content\/uploads\/sites\/6\/2016\/07\/cepfa_4-1024x576.jpeg\" title=\"Sala de Necropsia\" >\n\t\t\t\t\t\t\t\t\t\t\t\t\t\t\t\t<img loading=\"lazy\" decoding=\"async\" width=\"160\" height=\"120\" style=\"width:160px; height:120px; border-width: 5px; border-color:#F1F1F1;border: 5px solid #F1F1F1\" alt=\"\" title=\"Sala de Necropsia\" src=\"https:\/\/www.ifop.cl\/cepfa\/wp-content\/uploads\/sites\/6\/2016\/07\/cepfa_4-160x120.jpeg\" rel=\"https:\/\/www.ifop.cl\/cepfa\/wp-content\/uploads\/sites\/6\/2016\/07\/cepfa_4.jpeg\" \/>\t\t\t\t\t\t\t\t\t\t\t\t\t\t\t<\/a>\n\t\t\t\t\t\t\t\t\t\t\t\t\t\t\t\t\t\t\t\t\t\t\t\t\t\t<\/p>\n\t\t\t\t\t\t\t\t\t\t\t\t\t\t\t\t\t\t\t\t\t\t\t<\/div><!-- .gllr_image_block -->\n\t\t\t\t\t\t\t\t\t\t\t\t\t\t\t\t\t\t\t\t\t<div class=\"gllr_image_block\">\n\t\t\t\t\t\t\t\t\t\t\t\t<p style=\"\n\t\t\t\t\t\t\t\t\t\t\t\twidth:170px;height:130px;\t\t\t\t\t\t\t\t\t\t\t\t\">\n\t\t\t\t\t\t\t\t\t\t\t\t\t\t\t\t\t\t\t\t\t\t\t\t\t\t\t\t<a data-fancybox=\"gallery_fancybox_70\" href=\"https:\/\/www.ifop.cl\/cepfa\/wp-content\/uploads\/sites\/6\/2016\/07\/cepfa_5-1024x576.jpeg\" title=\"Laboratorio de Microbiolog\u00eda\" >\n\t\t\t\t\t\t\t\t\t\t\t\t\t\t\t\t<img loading=\"lazy\" decoding=\"async\" width=\"160\" height=\"120\" style=\"width:160px; height:120px; border-width: 5px; border-color:#F1F1F1;border: 5px solid #F1F1F1\" alt=\"\" title=\"Laboratorio de Microbiolog\u00eda\" src=\"https:\/\/www.ifop.cl\/cepfa\/wp-content\/uploads\/sites\/6\/2016\/07\/cepfa_5-160x120.jpeg\" rel=\"https:\/\/www.ifop.cl\/cepfa\/wp-content\/uploads\/sites\/6\/2016\/07\/cepfa_5.jpeg\" \/>\t\t\t\t\t\t\t\t\t\t\t\t\t\t\t<\/a>\n\t\t\t\t\t\t\t\t\t\t\t\t\t\t\t\t\t\t\t\t\t\t\t\t\t\t<\/p>\n\t\t\t\t\t\t\t\t\t\t\t\t\t\t\t\t\t\t\t\t\t\t\t<\/div><!-- .gllr_image_block -->\n\t\t\t\t\t\t\t\t\t\t\t\t\t\t\t\t\t\t\t\t\t<div class=\"gllr_image_block\">\n\t\t\t\t\t\t\t\t\t\t\t\t<p style=\"\n\t\t\t\t\t\t\t\t\t\t\t\twidth:170px;height:130px;\t\t\t\t\t\t\t\t\t\t\t\t\">\n\t\t\t\t\t\t\t\t\t\t\t\t\t\t\t\t\t\t\t\t\t\t\t\t\t\t\t\t<a data-fancybox=\"gallery_fancybox_70\" href=\"https:\/\/www.ifop.cl\/cepfa\/wp-content\/uploads\/sites\/6\/2016\/07\/cepfa_6-1024x576.jpeg\" title=\"Laboratorio de Microbiolog\u00eda\" >\n\t\t\t\t\t\t\t\t\t\t\t\t\t\t\t\t<img loading=\"lazy\" decoding=\"async\" width=\"160\" height=\"120\" style=\"width:160px; height:120px; border-width: 5px; border-color:#F1F1F1;border: 5px solid #F1F1F1\" alt=\"\" title=\"Laboratorio de Microbiolog\u00eda\" src=\"https:\/\/www.ifop.cl\/cepfa\/wp-content\/uploads\/sites\/6\/2016\/07\/cepfa_6-160x120.jpeg\" rel=\"https:\/\/www.ifop.cl\/cepfa\/wp-content\/uploads\/sites\/6\/2016\/07\/cepfa_6.jpeg\" \/>\t\t\t\t\t\t\t\t\t\t\t\t\t\t\t<\/a>\n\t\t\t\t\t\t\t\t\t\t\t\t\t\t\t\t\t\t\t\t\t\t\t\t\t\t<\/p>\n\t\t\t\t\t\t\t\t\t\t\t\t\t\t\t\t\t\t\t\t\t\t\t<\/div><!-- .gllr_image_block -->\n\t\t\t\t\t\t\t\t\t\t\t\t\t\t\t\t\t\t\t\t\t<\/div><!-- .gllr_image_row -->\n\t\t\t\t\t\t\t\t\t\t\t\t\t\t\t\t\t\t\t\t\t\t<div class=\"gllr_image_row\">\n\t\t\t\t\t\t\t\t\t\t\t\t\t\t\t\t\t\t\t\t\t<div class=\"gllr_image_block\">\n\t\t\t\t\t\t\t\t\t\t\t\t<p style=\"\n\t\t\t\t\t\t\t\t\t\t\t\twidth:170px;height:130px;\t\t\t\t\t\t\t\t\t\t\t\t\">\n\t\t\t\t\t\t\t\t\t\t\t\t\t\t\t\t\t\t\t\t\t\t\t\t\t\t\t\t<a data-fancybox=\"gallery_fancybox_70\" href=\"https:\/\/www.ifop.cl\/cepfa\/wp-content\/uploads\/sites\/6\/2016\/07\/cepfa_7-1024x576.jpeg\" title=\"Laboratorio de Cultivo Celular\" >\n\t\t\t\t\t\t\t\t\t\t\t\t\t\t\t\t<img loading=\"lazy\" decoding=\"async\" width=\"160\" height=\"120\" style=\"width:160px; height:120px; border-width: 5px; border-color:#F1F1F1;border: 5px solid #F1F1F1\" alt=\"\" title=\"Laboratorio de Cultivo Celular\" src=\"https:\/\/www.ifop.cl\/cepfa\/wp-content\/uploads\/sites\/6\/2016\/07\/cepfa_7-160x120.jpeg\" rel=\"https:\/\/www.ifop.cl\/cepfa\/wp-content\/uploads\/sites\/6\/2016\/07\/cepfa_7.jpeg\" \/>\t\t\t\t\t\t\t\t\t\t\t\t\t\t\t<\/a>\n\t\t\t\t\t\t\t\t\t\t\t\t\t\t\t\t\t\t\t\t\t\t\t\t\t\t<\/p>\n\t\t\t\t\t\t\t\t\t\t\t\t\t\t\t\t\t\t\t\t\t\t\t<\/div><!-- .gllr_image_block -->\n\t\t\t\t\t\t\t\t\t\t\t\t\t\t\t\t\t\t\t\t\t<div class=\"gllr_image_block\">\n\t\t\t\t\t\t\t\t\t\t\t\t<p style=\"\n\t\t\t\t\t\t\t\t\t\t\t\twidth:170px;height:130px;\t\t\t\t\t\t\t\t\t\t\t\t\">\n\t\t\t\t\t\t\t\t\t\t\t\t\t\t\t\t\t\t\t\t\t\t\t\t\t\t\t\t<a data-fancybox=\"gallery_fancybox_70\" href=\"https:\/\/www.ifop.cl\/cepfa\/wp-content\/uploads\/sites\/6\/2016\/07\/cepfa_8-1024x576.jpeg\" title=\"Laboratorio de Cultivo Celular\" >\n\t\t\t\t\t\t\t\t\t\t\t\t\t\t\t\t<img loading=\"lazy\" decoding=\"async\" width=\"160\" height=\"120\" style=\"width:160px; height:120px; border-width: 5px; border-color:#F1F1F1;border: 5px solid #F1F1F1\" alt=\"\" title=\"Laboratorio de Cultivo Celular\" src=\"https:\/\/www.ifop.cl\/cepfa\/wp-content\/uploads\/sites\/6\/2016\/07\/cepfa_8-160x120.jpeg\" rel=\"https:\/\/www.ifop.cl\/cepfa\/wp-content\/uploads\/sites\/6\/2016\/07\/cepfa_8.jpeg\" \/>\t\t\t\t\t\t\t\t\t\t\t\t\t\t\t<\/a>\n\t\t\t\t\t\t\t\t\t\t\t\t\t\t\t\t\t\t\t\t\t\t\t\t\t\t<\/p>\n\t\t\t\t\t\t\t\t\t\t\t\t\t\t\t\t\t\t\t\t\t\t\t<\/div><!-- .gllr_image_block -->\n\t\t\t\t\t\t\t\t\t\t\t\t\t\t\t\t\t\t\t\t\t<div class=\"gllr_image_block\">\n\t\t\t\t\t\t\t\t\t\t\t\t<p style=\"\n\t\t\t\t\t\t\t\t\t\t\t\twidth:170px;height:130px;\t\t\t\t\t\t\t\t\t\t\t\t\">\n\t\t\t\t\t\t\t\t\t\t\t\t\t\t\t\t\t\t\t\t\t\t\t\t\t\t\t\t<a data-fancybox=\"gallery_fancybox_70\" href=\"https:\/\/www.ifop.cl\/cepfa\/wp-content\/uploads\/sites\/6\/2016\/07\/cepfa_9-1024x576.jpeg\" title=\"Sala de Reuniones\" >\n\t\t\t\t\t\t\t\t\t\t\t\t\t\t\t\t<img loading=\"lazy\" decoding=\"async\" width=\"160\" height=\"120\" style=\"width:160px; height:120px; border-width: 5px; border-color:#F1F1F1;border: 5px solid #F1F1F1\" alt=\"\" title=\"Sala de Reuniones\" src=\"https:\/\/www.ifop.cl\/cepfa\/wp-content\/uploads\/sites\/6\/2016\/07\/cepfa_9-160x120.jpeg\" rel=\"https:\/\/www.ifop.cl\/cepfa\/wp-content\/uploads\/sites\/6\/2016\/07\/cepfa_9.jpeg\" \/>\t\t\t\t\t\t\t\t\t\t\t\t\t\t\t<\/a>\n\t\t\t\t\t\t\t\t\t\t\t\t\t\t\t\t\t\t\t\t\t\t\t\t\t\t<\/p>\n\t\t\t\t\t\t\t\t\t\t\t\t\t\t\t\t\t\t\t\t\t\t\t<\/div><!-- .gllr_image_block -->\n\t\t\t\t\t\t\t\t\t\t\t\t\t\t\t\t\t\t\t\t\t<div class=\"gllr_image_block\">\n\t\t\t\t\t\t\t\t\t\t\t\t<p style=\"\n\t\t\t\t\t\t\t\t\t\t\t\twidth:170px;height:130px;\t\t\t\t\t\t\t\t\t\t\t\t\">\n\t\t\t\t\t\t\t\t\t\t\t\t\t\t\t\t\t\t\t\t\t\t\t\t\t\t\t\t<a data-fancybox=\"gallery_fancybox_70\" href=\"https:\/\/www.ifop.cl\/cepfa\/wp-content\/uploads\/sites\/6\/2016\/07\/cepfa_10-576x1024.jpeg\" title=\"Oficinas\" >\n\t\t\t\t\t\t\t\t\t\t\t\t\t\t\t\t<img loading=\"lazy\" decoding=\"async\" width=\"160\" height=\"120\" style=\"width:160px; height:120px; border-width: 5px; border-color:#F1F1F1;border: 5px solid #F1F1F1\" alt=\"\" title=\"Oficinas\" src=\"https:\/\/www.ifop.cl\/cepfa\/wp-content\/uploads\/sites\/6\/2016\/07\/cepfa_10-160x120.jpeg\" rel=\"https:\/\/www.ifop.cl\/cepfa\/wp-content\/uploads\/sites\/6\/2016\/07\/cepfa_10.jpeg\" \/>\t\t\t\t\t\t\t\t\t\t\t\t\t\t\t<\/a>\n\t\t\t\t\t\t\t\t\t\t\t\t\t\t\t\t\t\t\t\t\t\t\t\t\t\t<\/p>\n\t\t\t\t\t\t\t\t\t\t\t\t\t\t\t\t\t\t\t\t\t\t\t<\/div><!-- .gllr_image_block -->\n\t\t\t\t\t\t\t\t\t\t\t\t\t\t\t\t\t\t\t\t\t<div class=\"clear\"><\/div>\n\t\t\t\t\t\t\t\t\t\t<\/div><!-- .gllr_image_row -->\n\t\t\t\t\t\t\t\t\t\t\t\t\t\t\t\t\t<\/div><!-- .gallery.clearfix -->\n\t\t\t\t\t\t\t\t\t\t\t\t\t\t<\/div><!-- .gallery_box_single -->\n\t\t\t\t\t\t<div class=\"gllr_clear\"><\/div>\n\t\t\t\t\t\t\n<\/p><\/div>\n<p><\/p>","protected":false},"excerpt":{"rendered":"<p>El Centro se constituye de tres tipos de infraestructura en general: Wetlabs, laboratorios de apoyo y oficinas. Los wetlabs est\u00e1n compuestos por tres m\u00f3dulos, que indistintamente pueden ser utilizados con agua de mar o agua dulce. En total posee 68 unidades de estanques de diversos vol\u00famenes para efectuar estudios con organismos hidrobiol\u00f3gicos. Estos wetlabs est\u00e1n alimentados por sistemas de agua que poseen tratamientos tanto de los afluentes como de efluentes, de forma de alcanzar los m\u00e1s altos est\u00e1ndares de bioseguridad, pudi\u00e9ndose establecer estudios con organismos pat\u00f3genos, si fuese necesario. Los tratamientos de agua se aplican a trav\u00e9s de equipos de [&hellip;]<\/p>\n","protected":false},"author":1,"featured_media":0,"parent":0,"menu_order":0,"comment_status":"closed","ping_status":"closed","template":"plantilla-minisitio_contenido.php","meta":{"footnotes":""},"class_list":["post-12","page","type-page","status-publish","hentry"],"_links":{"self":[{"href":"https:\/\/www.ifop.cl\/cepfa\/wp-json\/wp\/v2\/pages\/12"}],"collection":[{"href":"https:\/\/www.ifop.cl\/cepfa\/wp-json\/wp\/v2\/pages"}],"about":[{"href":"https:\/\/www.ifop.cl\/cepfa\/wp-json\/wp\/v2\/types\/page"}],"author":[{"embeddable":true,"href":"https:\/\/www.ifop.cl\/cepfa\/wp-json\/wp\/v2\/users\/1"}],"replies":[{"embeddable":true,"href":"https:\/\/www.ifop.cl\/cepfa\/wp-json\/wp\/v2\/comments?post=12"}],"version-history":[{"count":13,"href":"https:\/\/www.ifop.cl\/cepfa\/wp-json\/wp\/v2\/pages\/12\/revisions"}],"predecessor-version":[{"id":125,"href":"https:\/\/www.ifop.cl\/cepfa\/wp-json\/wp\/v2\/pages\/12\/revisions\/125"}],"wp:attachment":[{"href":"https:\/\/www.ifop.cl\/cepfa\/wp-json\/wp\/v2\/media?parent=12"}],"curies":[{"name":"wp","href":"https:\/\/api.w.org\/{rel}","templated":true}]}}