{"id":13,"date":"2018-10-03T03:27:49","date_gmt":"2018-10-03T03:27:49","guid":{"rendered":"https:\/\/www.ifop.cl\/bioproductosmarinos\/?page_id=13"},"modified":"2018-10-29T12:32:38","modified_gmt":"2018-10-29T12:32:38","slug":"que-hacemos","status":"publish","type":"page","link":"https:\/\/www.ifop.cl\/bioproductosmarinos\/que-hacemos\/","title":{"rendered":"\u00bfQu\u00e9 hacemos?"},"content":{"rendered":"<p><a href=\"http:\/\/www.ifop.cl\/bioproductosmarinos\/wp-content\/uploads\/sites\/18\/2018\/10\/fundacion-chile-1.jpg\"><img loading=\"lazy\" decoding=\"async\" class=\"size-thumbnail wp-image-22 alignleft\" src=\"http:\/\/www.ifop.cl\/bioproductosmarinos\/wp-content\/uploads\/sites\/18\/2018\/10\/fundacion-chile-1-150x150.jpg\" alt=\"\" width=\"150\" height=\"150\" srcset=\"https:\/\/www.ifop.cl\/bioproductosmarinos\/wp-content\/uploads\/sites\/18\/2018\/10\/fundacion-chile-1-150x150.jpg 150w, https:\/\/www.ifop.cl\/bioproductosmarinos\/wp-content\/uploads\/sites\/18\/2018\/10\/fundacion-chile-1-70x70.jpg 70w\" sizes=\"(max-width: 150px) 100vw, 150px\" \/><\/a>Mediante una vigilancia tecnol\u00f3gica y de mercado, identificamos las mol\u00e9culas o compuestos- y su funcionalidad- presentes en los recursos marinos con mayor disponibilidad en la Regi\u00f3n de Coquimbo y evaluamos su potencial de negocio, identificando las oportunidades para el desarrollo de bioproductos.<\/p>\n<p>Por otra parte, se identifican las organizaciones nacionales e internacionales que est\u00e1n trabajando en ello, generando redes y alianzas de colaboraci\u00f3n con aquellas en que se visualiza una posibilidad de transferencia tecnol\u00f3gica que permita instalar a futuro una industria de bioproductos en la regi\u00f3n.<\/p>\n<p>Estas alianzas de cooperaci\u00f3n se van gestionando seg\u00fan las necesidades que se van identificando a medida que avanza el proyecto, determinando en primera instancia las capacidades de I+D nacionales, para luego definir los conocimientos que deben ser complementados con centros tecnol\u00f3gicos internacionales. De esta manera, se espera agilizar y reducir riesgos tecnol\u00f3gicos en el proceso de desarrollo de la oportunidad identificada.<\/p>\n","protected":false},"excerpt":{"rendered":"<p>Mediante una vigilancia tecnol\u00f3gica y de mercado, identificamos las mol\u00e9culas o compuestos- y su funcionalidad- presentes en los recursos marinos con mayor disponibilidad en la Regi\u00f3n de Coquimbo y evaluamos su potencial de negocio, identificando las oportunidades para el desarrollo de bioproductos. Por otra parte, se identifican las organizaciones nacionales e internacionales que est\u00e1n trabajando [&hellip;]<\/p>\n","protected":false},"author":1,"featured_media":0,"parent":0,"menu_order":0,"comment_status":"closed","ping_status":"closed","template":"plantilla_contenido_bioproductos.php","meta":{"footnotes":""},"class_list":["post-13","page","type-page","status-publish","hentry"],"_links":{"self":[{"href":"https:\/\/www.ifop.cl\/bioproductosmarinos\/wp-json\/wp\/v2\/pages\/13"}],"collection":[{"href":"https:\/\/www.ifop.cl\/bioproductosmarinos\/wp-json\/wp\/v2\/pages"}],"about":[{"href":"https:\/\/www.ifop.cl\/bioproductosmarinos\/wp-json\/wp\/v2\/types\/page"}],"author":[{"embeddable":true,"href":"https:\/\/www.ifop.cl\/bioproductosmarinos\/wp-json\/wp\/v2\/users\/1"}],"replies":[{"embeddable":true,"href":"https:\/\/www.ifop.cl\/bioproductosmarinos\/wp-json\/wp\/v2\/comments?post=13"}],"version-history":[{"count":3,"href":"https:\/\/www.ifop.cl\/bioproductosmarinos\/wp-json\/wp\/v2\/pages\/13\/revisions"}],"predecessor-version":[{"id":55,"href":"https:\/\/www.ifop.cl\/bioproductosmarinos\/wp-json\/wp\/v2\/pages\/13\/revisions\/55"}],"wp:attachment":[{"href":"https:\/\/www.ifop.cl\/bioproductosmarinos\/wp-json\/wp\/v2\/media?parent=13"}],"curies":[{"name":"wp","href":"https:\/\/api.w.org\/{rel}","templated":true}]}}