{"id":10,"date":"2018-10-03T03:26:59","date_gmt":"2018-10-03T03:26:59","guid":{"rendered":"https:\/\/www.ifop.cl\/bioproductosmarinos\/?page_id=10"},"modified":"2018-10-29T12:32:23","modified_gmt":"2018-10-29T12:32:23","slug":"de-que-se-trata","status":"publish","type":"page","link":"https:\/\/www.ifop.cl\/bioproductosmarinos\/de-que-se-trata\/","title":{"rendered":"\u00bfDe qu\u00e9 se trata?"},"content":{"rendered":"<p><a href=\"http:\/\/www.ifop.cl\/bioproductosmarinos\/wp-content\/uploads\/sites\/18\/2018\/10\/fundacion-chile-2.jpg\"><img loading=\"lazy\" decoding=\"async\" class=\"alignleft wp-image-23 size-medium\" src=\"http:\/\/www.ifop.cl\/bioproductosmarinos\/wp-content\/uploads\/sites\/18\/2018\/10\/fundacion-chile-2-300x200.jpg\" alt=\"\" width=\"300\" height=\"200\" srcset=\"https:\/\/www.ifop.cl\/bioproductosmarinos\/wp-content\/uploads\/sites\/18\/2018\/10\/fundacion-chile-2-300x200.jpg 300w, https:\/\/www.ifop.cl\/bioproductosmarinos\/wp-content\/uploads\/sites\/18\/2018\/10\/fundacion-chile-2-768x513.jpg 768w, https:\/\/www.ifop.cl\/bioproductosmarinos\/wp-content\/uploads\/sites\/18\/2018\/10\/fundacion-chile-2-1024x684.jpg 1024w, https:\/\/www.ifop.cl\/bioproductosmarinos\/wp-content\/uploads\/sites\/18\/2018\/10\/fundacion-chile-2.jpg 1766w\" sizes=\"(max-width: 300px) 100vw, 300px\" \/><\/a>En Chile existe una brecha importante relacionada al insuficiente aprovechamiento de las materias primas, donde los recursos se explotan mayoritariamente a nivel de commodities, sin mayor grado de sofisticaci\u00f3n. Esto se hace especialmente cr\u00edtico cuando se habla de recursos marinos, ya que a menudo \u00e9stos poseen caracter\u00edsticas \u00fanicas a distintos niveles de organizaci\u00f3n estructural y funcional, respondiendo al t\u00edtulo \u201cfarmacia del mar\u201d. <\/p>\n<p>A partir de investigaciones y desarrollos a nivel nacional e internacional, se ha vislumbrado que estos recursos son una potencial fuente de bioproductos, orientados a la industria del bienestar, belleza y salud, mercado en constante crecimiento. Es por ello, que Fundaci\u00f3n Chile y las instituciones asociadas, decidieron abordar el desaf\u00edo de identificar las oportunidades t\u00e9cnicas y econ\u00f3micas para el desarrollo de bioproductos en la Regi\u00f3n de Coquimbo, la cual se alinea y cuenta con el apoyo del Programa Estrat\u00e9gico Regional M\u00e1sMar, que busca transformar a la regi\u00f3n en una fuente de bioproductos y productos con valor agregado de origen marino, cuyo principal desaf\u00edo es la diversificaci\u00f3n y sofisticaci\u00f3n.<\/p>\n","protected":false},"excerpt":{"rendered":"<p>En Chile existe una brecha importante relacionada al insuficiente aprovechamiento de las materias primas, donde los recursos se explotan mayoritariamente a nivel de commodities, sin mayor grado de sofisticaci\u00f3n. Esto se hace especialmente cr\u00edtico cuando se habla de recursos marinos, ya que a menudo \u00e9stos poseen caracter\u00edsticas \u00fanicas a distintos niveles de organizaci\u00f3n estructural y [&hellip;]<\/p>\n","protected":false},"author":1,"featured_media":0,"parent":0,"menu_order":0,"comment_status":"closed","ping_status":"closed","template":"plantilla_contenido_bioproductos.php","meta":{"footnotes":""},"class_list":["post-10","page","type-page","status-publish","hentry"],"_links":{"self":[{"href":"https:\/\/www.ifop.cl\/bioproductosmarinos\/wp-json\/wp\/v2\/pages\/10"}],"collection":[{"href":"https:\/\/www.ifop.cl\/bioproductosmarinos\/wp-json\/wp\/v2\/pages"}],"about":[{"href":"https:\/\/www.ifop.cl\/bioproductosmarinos\/wp-json\/wp\/v2\/types\/page"}],"author":[{"embeddable":true,"href":"https:\/\/www.ifop.cl\/bioproductosmarinos\/wp-json\/wp\/v2\/users\/1"}],"replies":[{"embeddable":true,"href":"https:\/\/www.ifop.cl\/bioproductosmarinos\/wp-json\/wp\/v2\/comments?post=10"}],"version-history":[{"count":4,"href":"https:\/\/www.ifop.cl\/bioproductosmarinos\/wp-json\/wp\/v2\/pages\/10\/revisions"}],"predecessor-version":[{"id":54,"href":"https:\/\/www.ifop.cl\/bioproductosmarinos\/wp-json\/wp\/v2\/pages\/10\/revisions\/54"}],"wp:attachment":[{"href":"https:\/\/www.ifop.cl\/bioproductosmarinos\/wp-json\/wp\/v2\/media?parent=10"}],"curies":[{"name":"wp","href":"https:\/\/api.w.org\/{rel}","templated":true}]}}