{"id":23,"date":"2016-07-04T16:33:56","date_gmt":"2016-07-04T16:33:56","guid":{"rendered":"http:\/\/oceano.ifop.cl\/abatemolina\/?page_id=23"},"modified":"2025-06-11T16:24:46","modified_gmt":"2025-06-11T16:24:46","slug":"infraestructura-cientifica","status":"publish","type":"page","link":"https:\/\/www.ifop.cl\/abatemolina\/infraestructura-cientifica\/","title":{"rendered":"Infraestructura cientifica"},"content":{"rendered":"<p><strong>Laboratorio biol\u00f3gico<\/strong><\/p>\n<figure id=\"attachment_50\" aria-describedby=\"caption-attachment-50\" style=\"width: 300px\" class=\"wp-caption alignright\"><a href=\"https:\/\/www.ifop.cl\/abatemolina\/wp-content\/uploads\/sites\/4\/2016\/07\/laboratorios.jpg\" rel=\"ab\" rel=\"23\"><img loading=\"lazy\" decoding=\"async\" class=\"wp-image-50 size-medium\" src=\"https:\/\/www.ifop.cl\/abatemolina\/wp-content\/uploads\/sites\/4\/2016\/07\/laboratorios-300x170.jpg\" alt=\"Laboratorios a bordo\" width=\"300\" height=\"170\" srcset=\"https:\/\/www.ifop.cl\/abatemolina\/wp-content\/uploads\/sites\/4\/2016\/07\/laboratorios-300x170.jpg 300w, https:\/\/www.ifop.cl\/abatemolina\/wp-content\/uploads\/sites\/4\/2016\/07\/laboratorios-768x436.jpg 768w, https:\/\/www.ifop.cl\/abatemolina\/wp-content\/uploads\/sites\/4\/2016\/07\/laboratorios-1024x581.jpg 1024w, https:\/\/www.ifop.cl\/abatemolina\/wp-content\/uploads\/sites\/4\/2016\/07\/laboratorios.jpg 1920w\" sizes=\"(max-width: 300px) 100vw, 300px\" \/><\/a><figcaption id=\"caption-attachment-50\" class=\"wp-caption-text\">Laboratorios a bordo<\/figcaption><\/figure>\n<p>Estaci\u00f3n de trabajo donde se realizan Muestreos Biol\u00f3gicos de las especies en estudio capturadas, para lo cual se dispone de Balanzas Marinas Compensadas, Icti\u00f3metros digitales y la infraestructura para desarrollar dicha actividad.<\/p>\n<p><strong>Laboratorio seco<\/strong><\/p>\n<p>Estaci\u00f3n de captura y procesamiento datos del crucero en ejecuci\u00f3n, contando con 5 m\u00f3dulos computacionales de \u00faltima generaci\u00f3n. (Roseta, Seanose y Proceso de datos Biol\u00f3gicos)<\/p>\n<p><strong>Laboratorio h\u00famedo<\/strong><\/p>\n<p><a href=\"https:\/\/www.ifop.cl\/abatemolina\/wp-content\/uploads\/sites\/4\/2016\/07\/oceanografia.jpg\" rel=\"ab\" rel=\"23\"><img loading=\"lazy\" decoding=\"async\" class=\"alignleft wp-image-52 size-medium\" src=\"https:\/\/www.ifop.cl\/abatemolina\/wp-content\/uploads\/sites\/4\/2016\/07\/oceanografia-300x170.jpg\" alt=\"oceanografia\" width=\"300\" height=\"170\" srcset=\"https:\/\/www.ifop.cl\/abatemolina\/wp-content\/uploads\/sites\/4\/2016\/07\/oceanografia-300x170.jpg 300w, https:\/\/www.ifop.cl\/abatemolina\/wp-content\/uploads\/sites\/4\/2016\/07\/oceanografia-768x436.jpg 768w, https:\/\/www.ifop.cl\/abatemolina\/wp-content\/uploads\/sites\/4\/2016\/07\/oceanografia-1024x581.jpg 1024w, https:\/\/www.ifop.cl\/abatemolina\/wp-content\/uploads\/sites\/4\/2016\/07\/oceanografia.jpg 1920w\" sizes=\"(max-width: 300px) 100vw, 300px\" \/><\/a>Estaci\u00f3n de trabajo de Oceanograf\u00eda (Oxigeno y Clorofila) y Plancton (Fijaci\u00f3n de muestras). Adem\u00e1s dispone de un perfilador horizontal\u00a0\u00a0 SEANOSE, compuesto por: Fluor\u00f3metro Lector de Carbono Disuelto, Sensor de Transparencia, Termosalin\u00f3metro (temperatura y Conductividad) y Sensor de Oxigeno. Este equipo proporciona la informaci\u00f3n en tiempo real, cuyos datos se reciben en monitor del Laboratorio seco.<\/p>\n<p>&nbsp;<\/p>\n<p>&nbsp;<\/p>\n<p><strong>Laboratorio ac\u00fastico<\/strong><\/p>\n<p>Estaci\u00f3n de trabajo, equipado con\u00a0 Ecosonda Cient\u00edfico Simrad EK 60, modelo de \u00faltima generaci\u00f3n, igual al que utilizan los buques cient\u00edficos de pa\u00edses desarrollados y que permite efectuar los estudios de evaluaci\u00f3n de los principales recursos marinos chilenos. Adem\u00e1s, cuenta con 1 Servidor y 3 m\u00f3dulos computacionales de \u00faltima generaci\u00f3n.<\/p>\n<p><strong>Roseta<\/strong><\/p>\n<figure id=\"attachment_42\" aria-describedby=\"caption-attachment-42\" style=\"width: 300px\" class=\"wp-caption alignright\"><a href=\"https:\/\/www.ifop.cl\/abatemolina\/wp-content\/uploads\/sites\/4\/2016\/07\/roseta.jpg\" rel=\"ab\" rel=\"23\"><img loading=\"lazy\" decoding=\"async\" class=\"wp-image-42 size-medium\" src=\"https:\/\/www.ifop.cl\/abatemolina\/wp-content\/uploads\/sites\/4\/2016\/07\/roseta-300x170.jpg\" alt=\"roseta\" width=\"300\" height=\"170\" srcset=\"https:\/\/www.ifop.cl\/abatemolina\/wp-content\/uploads\/sites\/4\/2016\/07\/roseta-300x170.jpg 300w, https:\/\/www.ifop.cl\/abatemolina\/wp-content\/uploads\/sites\/4\/2016\/07\/roseta-768x436.jpg 768w, https:\/\/www.ifop.cl\/abatemolina\/wp-content\/uploads\/sites\/4\/2016\/07\/roseta-1024x581.jpg 1024w, https:\/\/www.ifop.cl\/abatemolina\/wp-content\/uploads\/sites\/4\/2016\/07\/roseta.jpg 1920w\" sizes=\"(max-width: 300px) 100vw, 300px\" \/><\/a><figcaption id=\"caption-attachment-42\" class=\"wp-caption-text\">Ingreso de Roseta al mar<\/figcaption><\/figure>\n<p>Unidad Subacu\u00e1tica para la obtenci\u00f3n de las variables oceanogr\u00e1ficas (Presi\u00f3n, conductividad, temperatura, salinidad, oxigeno disuelto, fluorescencia) en tiempo real, transmitida por una sonda conductora que permite la toma de muestras de agua hasta 5.000 metros de profundidad, siendo operada desde el laboratorio seco.<\/p>\n<p>El sistema incluye<\/p>\n<ul>\n<li>CTD SBE 9 plus de la Sea-Bird siendo el principal instrumento de investigaci\u00f3n oceanogr\u00e1fica elegido por las instituciones m\u00e1s importantes del mundo.<\/li>\n<li>Sensores auxiliares<\/li>\n<li>Unidad de cubierta SBE 11plus V2. (Tiempo real)<\/li>\n<li>Un electro-mec\u00e1nico <em>Seacable<\/em> (simple o multi-conductor),<\/li>\n<li>SBE 32 carrusel de muestras de agua, 12 botellas de 5 litros.<\/li>\n<li>Un SBE 17plus. (m\u00f3dulo opcional para grabaci\u00f3n \u201c<em>in situ<\/em>\u201d y aut\u00f3nomo de la operaci\u00f3n del CTD y puede ser programada por el usuario para activar el cierre de la botella, eliminando la necesidad de la unidad de la cubierta conductora<em>seacable<\/em>)<\/li>\n<\/ul>\n<p><strong>Cubierta de pesca<\/strong><\/p>\n<figure id=\"attachment_47\" aria-describedby=\"caption-attachment-47\" style=\"width: 300px\" class=\"wp-caption alignright\"><a href=\"https:\/\/www.ifop.cl\/abatemolina\/wp-content\/uploads\/sites\/4\/2016\/07\/cubierta_pesca.jpg\" rel=\"ab\" rel=\"23\"><img loading=\"lazy\" decoding=\"async\" class=\"wp-image-47 size-medium\" src=\"https:\/\/www.ifop.cl\/abatemolina\/wp-content\/uploads\/sites\/4\/2016\/07\/cubierta_pesca-300x170.jpg\" alt=\"Cubierta de pesca\" width=\"300\" height=\"170\" srcset=\"https:\/\/www.ifop.cl\/abatemolina\/wp-content\/uploads\/sites\/4\/2016\/07\/cubierta_pesca-300x170.jpg 300w, https:\/\/www.ifop.cl\/abatemolina\/wp-content\/uploads\/sites\/4\/2016\/07\/cubierta_pesca-768x436.jpg 768w, https:\/\/www.ifop.cl\/abatemolina\/wp-content\/uploads\/sites\/4\/2016\/07\/cubierta_pesca-1024x581.jpg 1024w, https:\/\/www.ifop.cl\/abatemolina\/wp-content\/uploads\/sites\/4\/2016\/07\/cubierta_pesca.jpg 1920w\" sizes=\"(max-width: 300px) 100vw, 300px\" \/><\/a><figcaption id=\"caption-attachment-47\" class=\"wp-caption-text\">Cubierta de pesca<\/figcaption><\/figure>\n<p>Permite realizar pesca de Arrastre por popa, con redes de arrastre de fondo y mediagua utilizando portalones de fondo, pel\u00e1gicos y polivalentes. Sistema es operado por winche virador de red, con\u00a0 tambores viradores de cable de cala, con comando independiente desde consola digital, y viradores el\u00e9ctricos para maniobras.<\/p>\n<p><strong>Cubiertas oceanogr\u00e1ficas<\/strong><\/p>\n<p>Se efect\u00faa operaci\u00f3n de Roseta, redes Bongo, WP2 estratificada, calvet, dragas y trampas de sedimentos. Se puede realizar botelleo manual, para obtenci\u00f3n de muestras de agua.<\/p>\n<p>Equipos son operados por dos winches\u00a0 Oceanogr\u00e1fico Hidr\u00e1ulico, con capacidad para 5.000 metros de cable, uno de ellos con cable conductor el\u00e9ctrico (Roseta).<\/p>\n<p>Se dispone de una pasteca digital que entrega informaci\u00f3n de Velocidad, entrada y salida del cable, tensi\u00f3n e inclin\u00f3metro.<\/p>","protected":false},"excerpt":{"rendered":"<p>Laboratorio biol\u00f3gico Estaci\u00f3n de trabajo donde se realizan Muestreos Biol\u00f3gicos de las especies en estudio capturadas, para lo cual se dispone de Balanzas Marinas Compensadas, Icti\u00f3metros digitales y la infraestructura para desarrollar dicha actividad. Laboratorio seco Estaci\u00f3n de captura y procesamiento datos del crucero en ejecuci\u00f3n, contando con 5 m\u00f3dulos computacionales de \u00faltima generaci\u00f3n. (Roseta, Seanose y Proceso de datos Biol\u00f3gicos) Laboratorio h\u00famedo Estaci\u00f3n de trabajo de Oceanograf\u00eda (Oxigeno y Clorofila) y Plancton (Fijaci\u00f3n de muestras). Adem\u00e1s dispone de un perfilador horizontal\u00a0\u00a0 SEANOSE, compuesto por: Fluor\u00f3metro Lector de Carbono Disuelto, Sensor de Transparencia, Termosalin\u00f3metro (temperatura y Conductividad) y Sensor de [&hellip;]<\/p>\n","protected":false},"author":1,"featured_media":0,"parent":0,"menu_order":0,"comment_status":"closed","ping_status":"closed","template":"plantilla-minisitio_contenido.php","meta":{"footnotes":""},"class_list":["post-23","page","type-page","status-publish","hentry"],"_links":{"self":[{"href":"https:\/\/www.ifop.cl\/abatemolina\/wp-json\/wp\/v2\/pages\/23"}],"collection":[{"href":"https:\/\/www.ifop.cl\/abatemolina\/wp-json\/wp\/v2\/pages"}],"about":[{"href":"https:\/\/www.ifop.cl\/abatemolina\/wp-json\/wp\/v2\/types\/page"}],"author":[{"embeddable":true,"href":"https:\/\/www.ifop.cl\/abatemolina\/wp-json\/wp\/v2\/users\/1"}],"replies":[{"embeddable":true,"href":"https:\/\/www.ifop.cl\/abatemolina\/wp-json\/wp\/v2\/comments?post=23"}],"version-history":[{"count":14,"href":"https:\/\/www.ifop.cl\/abatemolina\/wp-json\/wp\/v2\/pages\/23\/revisions"}],"predecessor-version":[{"id":89,"href":"https:\/\/www.ifop.cl\/abatemolina\/wp-json\/wp\/v2\/pages\/23\/revisions\/89"}],"wp:attachment":[{"href":"https:\/\/www.ifop.cl\/abatemolina\/wp-json\/wp\/v2\/media?parent=23"}],"curies":[{"name":"wp","href":"https:\/\/api.w.org\/{rel}","templated":true}]}}